{"id":1221,"date":"2012-04-10T12:36:50","date_gmt":"2012-04-10T10:36:50","guid":{"rendered":"https:\/\/www.ignaciovalduerteles.es\/blog\/?page_id=1221"},"modified":"2012-04-10T12:36:50","modified_gmt":"2012-04-10T10:36:50","slug":"on-the-road","status":"publish","type":"page","link":"https:\/\/www.ignaciovalduerteles.es\/blog\/articulos\/expansion\/on-the-road\/","title":{"rendered":"&#8221; On the road &#8220;"},"content":{"rendered":"<p style=\"text-align: justify;\">\u00a0\u00a0\u00a0\u00a0\u00a0\u00a0\u00a0\u00a0\u00a0\u00a0 \u201cEn el camino\u201d, en espa\u00f1ol, es el t\u00edtulo de la novela de Jack Kerouack, publicada en 1957.<em> <\/em>En esta narraci\u00f3n, de corte autobiogr\u00e1fico, cuenta sus viajes por los Estados Unidos, en compa\u00f1\u00eda de un ecl\u00e9ctico grupo de amigos, m\u00fasica y drogas. Pocos a\u00f1os m\u00e1s tarde la obra se convirti\u00f3 en el germen de la generaci\u00f3n<em> beat<\/em>; el movimiento <em>hippie<\/em>; las revueltas de Berkeley y el Mayo franc\u00e9s.<\/p>\n<p style=\"text-align: justify;\">\u00a0\u00a0\u00a0\u00a0\u00a0\u00a0\u00a0\u00a0\u00a0\u00a0\u00a0 Hoy, casi cincuenta a\u00f1os despu\u00e9s, Daniel Cohn-Bendit, uno de los principales l\u00edderes de las revueltas de Mayo, es eurodiputado ecologista; Bob Dylan sigue buscando la respuesta en el viento; otros de sus colegas franceses est\u00e1n c\u00f3modamente instalados en la Administraci\u00f3n, incluso ocupando ministerios. Y la novela se sigue vendiendo\u00a0 -incluso se puede descargar gratis por Internet-. Ser\u00eda el momento de venderla por fasc\u00edculos en los quioscos, incluyendo con el primer fasc\u00edculo el equipo del manifestante: bocadillo, pancarta plegable,\u00a0 tubo de silicona y un poema de Allen Ginsberg.<\/p>\n<p style=\"text-align: justify;\">\u00a0\u00a0\u00a0\u00a0\u00a0\u00a0\u00a0\u00a0\u00a0\u00a0\u00a0 No voy a entrar a analizar los resultados de las elecciones andaluzas. Son los que son y ah\u00ed est\u00e1n. Ahora es el momento de los soci\u00f3logos y tertulianos,\u00a0 que tienen que explicar por qu\u00e9 las cosas no salieron como ellos pronosticaron. El dato objetivo es que, tras un largo viaje, seguimos \u201cen el camino\u201d. El mismo que empezaron hace treinta y tantos a\u00f1os un grupo de gente joven e ilusionada y que, con el paso de los a\u00f1os, ha cristalizado en un r\u00e9gimen asfixiante, inmovilista y empobrecedor.<\/p>\n<p style=\"text-align: justify;\">\u00a0\u00a0\u00a0\u00a0\u00a0\u00a0\u00a0\u00a0\u00a0\u00a0\u00a0 Las diferencias entre un sistema democr\u00e1tico y un r\u00e9gimen son rotundas. En el r\u00e9gimen la Administraci\u00f3n como tal, independiente y eficaz, no existe, es una prolongaci\u00f3n del partido. Se impone la ocupaci\u00f3n de toda la sociedad civil, desde organizaciones profesionales hasta asociaciones de vecinos. La ideolog\u00eda se pierde ahogada en el mantenimiento del poder por el poder. La necesaria discrepancia en las ideas\u00a0 se interpreta como un ataque a la naci\u00f3n, al r\u00e9gimen. Es necesario el adoctrinamiento de los m\u00e1s d\u00e9biles \u2013ni\u00f1os\u00a0 y personas con menos nivel cultural-, hay que eliminar la capacidad cr\u00edtica en los ciudadanos. Los objetivos pol\u00edticos se plantean a muy corto plazo, teniendo siempre como finalidad el beneficio de los jerarcas y el mantenimiento del poder. Hay que crear un enemigo externo al que hay que combatir para que no desmonte el r\u00e9gimen \u2013antes el comunismo y los masones, ahora la derecha y el Vaticano-.<\/p>\n<p style=\"text-align: justify;\">\u00a0\u00a0\u00a0\u00a0\u00a0\u00a0\u00a0\u00a0\u00a0\u00a0\u00a0 En definitiva: despu\u00e9s de tanto andar estamos en el punto de partida. Hemos vuelto al Movimiento Nacional, s\u00f3lo que en una situaci\u00f3n econ\u00f3mica mucho m\u00e1s delicada. Nuestro camino ha sido un amplio c\u00edrculo en el, por ahora, parece que estamos condenados a seguir caminando dando vueltas y sin avanzar.<\/p>\n<p style=\"text-align: justify;\">\u00a0\u00a0\u00a0\u00a0\u00a0\u00a0\u00a0\u00a0\u00a0\u00a0\u00a0 La salida no es f\u00e1cil ni inmediata.\u00a0 Para desmontar el anterior r\u00e9gimen se necesit\u00f3\u00a0 liderazgo y generosidad. Ninguna de esas dos circunstancias se dan hoy en nuestra regi\u00f3n. Ni la alternativa al\u00a0 gobierno reci\u00e9n\u00a0 alumbrado presenta un liderazgo claro e ilusionante, \u00a0ni existe la m\u00ednima dosis de generosidad y altura de miras necesaria en la clase pol\u00edtica.<\/p>\n<p style=\"text-align: justify;\">\u00a0\u00a0\u00a0\u00a0\u00a0\u00a0\u00a0\u00a0\u00a0\u00a0\u00a0 Hay que empezar pr\u00e1cticamente desde cero. Tenemos una generaci\u00f3n que ya es dif\u00edcilmente recuperable: la generaci\u00f3n del PER y de la subvenci\u00f3n. La que ampara la corrupci\u00f3n porque \u201cahora por lo menos se lo llevan los nuestros\u201d. La generaci\u00f3n en la que han fraguado unas organizaciones sindicales y patronales endog\u00e1micas, financiadas con dinero p\u00fablico, que han perdido su finalidad de\u00a0 servicio a sus afiliados -los que los tengan-, y han derivado hacia empresas generadoras de recursos\u00a0 con las que mantener un \u201caparato\u201d cada vez m\u00e1s complejo, a\u00fan entrando en competencia con sus propios asociados.<\/p>\n<p style=\"text-align: justify;\">\u00a0\u00a0\u00a0\u00a0\u00a0\u00a0\u00a0\u00a0\u00a0\u00a0\u00a0 La alternativa al gobierno regional, en este caso el Partido Popular, necesita no s\u00f3lo un cambio de l\u00edderes, sino de planteamiento. Pasar de los movimientos t\u00e1cticos para conseguir resultados a corto, a la estrategia a largo.\u00a0 Definir realmente su programa, apoy\u00e1ndolo no s\u00f3lo en recetas sino en un modelo de pensamiento s\u00f3lido y coherente. Y lo m\u00e1s importante: que la sociedad civil, la \u00fanica realmente independiente, se vuelque en la identificaci\u00f3n y preparaci\u00f3n de potenciales\u00a0 empresarios. Preparaci\u00f3n no s\u00f3lo en los aspectos t\u00e9cnicos y funcionales, sino en los fundamentos antropol\u00f3gicos.<\/p>\n<p style=\"text-align: justify;\">\u00a0\u00a0\u00a0\u00a0\u00a0\u00a0\u00a0\u00a0\u00a0\u00a0\u00a0 Conf\u00edo poco en las instituciones. La clave est\u00e1 en las personas, en la sociedad civil, la que tiene que alimentar realmente los cambios a medio plazo, crear su propio camino, en l\u00ednea recta, no en c\u00edrculo.<\/p>\n<p>&nbsp;<\/p>\n<p>&nbsp;<\/p>\n","protected":false},"excerpt":{"rendered":"<p>\u00a0\u00a0\u00a0\u00a0\u00a0\u00a0\u00a0\u00a0\u00a0\u00a0 \u201cEn el camino\u201d, en espa\u00f1ol, es el t\u00edtulo de la novela de Jack Kerouack, publicada en 1957. En esta narraci\u00f3n, de corte autobiogr\u00e1fico, cuenta sus viajes por los Estados Unidos, en compa\u00f1\u00eda de un ecl\u00e9ctico grupo de amigos, m\u00fasica &hellip; <a href=\"https:\/\/www.ignaciovalduerteles.es\/blog\/articulos\/expansion\/on-the-road\/\">Continuar<\/a><\/p>\n","protected":false},"author":1,"featured_media":0,"parent":21,"menu_order":0,"comment_status":"open","ping_status":"closed","template":"","meta":{"kt_blocks_editor_width":""},"yoast_head":"<!-- This site is optimized with the Yoast SEO plugin v19.0 - https:\/\/yoast.com\/wordpress\/plugins\/seo\/ -->\n<title>&quot; On the road &quot; - Ignacio Valduerteles Bartos<\/title>\n<meta name=\"description\" content=\"Blog personal de Ignacio Valdu\u00e9rteles, Dr. en Administraci\u00f3n y Direcci\u00f3n de Empresas y miembro destacado en la hermandad la Soledad de San Lorenzo, en Sevilla\" \/>\n<meta name=\"robots\" content=\"index, follow, max-snippet:-1, max-image-preview:large, max-video-preview:-1\" \/>\n<link rel=\"canonical\" href=\"https:\/\/www.ignaciovalduerteles.es\/blog\/articulos\/expansion\/on-the-road\/\" \/>\n<meta property=\"og:locale\" content=\"es_ES\" \/>\n<meta property=\"og:type\" content=\"article\" \/>\n<meta property=\"og:title\" content=\"&quot; On the road &quot; - Ignacio Valduerteles Bartos\" \/>\n<meta property=\"og:description\" content=\"Blog personal de Ignacio Valdu\u00e9rteles, Dr. en Administraci\u00f3n y Direcci\u00f3n de Empresas y miembro destacado en la hermandad la Soledad de San Lorenzo, en Sevilla\" \/>\n<meta property=\"og:url\" content=\"https:\/\/www.ignaciovalduerteles.es\/blog\/articulos\/expansion\/on-the-road\/\" \/>\n<meta property=\"og:site_name\" content=\"Ignacio Valduerteles Bartos\" \/>\n<meta property=\"og:image\" content=\"https:\/\/www.ignaciovalduerteles.es\/blog\/wp-content\/uploads\/2022\/02\/banner1-1024x292.png\" \/>\n\t<meta property=\"og:image:width\" content=\"1024\" \/>\n\t<meta property=\"og:image:height\" content=\"292\" \/>\n\t<meta property=\"og:image:type\" content=\"image\/png\" \/>\n<meta name=\"twitter:card\" content=\"summary_large_image\" \/>\n<meta name=\"twitter:label1\" content=\"Tiempo de lectura\" \/>\n\t<meta name=\"twitter:data1\" content=\"4 minutos\" \/>\n<script type=\"application\/ld+json\" class=\"yoast-schema-graph\">{\"@context\":\"https:\/\/schema.org\",\"@graph\":[{\"@type\":[\"Person\",\"Organization\"],\"@id\":\"https:\/\/www.ignaciovalduerteles.es\/blog\/#\/schema\/person\/c4ab4ed77f14e0141ba3dcd9c6f501d5\",\"name\":\"Ignacio Valduerteles Bartos\",\"image\":{\"@type\":\"ImageObject\",\"inLanguage\":\"es\",\"@id\":\"https:\/\/www.ignaciovalduerteles.es\/blog\/#\/schema\/person\/image\/\",\"url\":\"https:\/\/www.ignaciovalduerteles.es\/blog\/wp-content\/uploads\/2022\/02\/cabecera-1024x390.png\",\"contentUrl\":\"https:\/\/www.ignaciovalduerteles.es\/blog\/wp-content\/uploads\/2022\/02\/cabecera-1024x390.png\",\"width\":1024,\"height\":390,\"caption\":\"Ignacio Valduerteles Bartos\"},\"logo\":{\"@id\":\"https:\/\/www.ignaciovalduerteles.es\/blog\/#\/schema\/person\/image\/\"},\"sameAs\":[\"http:\/\/www.ivb.es\"]},{\"@type\":\"WebSite\",\"@id\":\"https:\/\/www.ignaciovalduerteles.es\/blog\/#website\",\"url\":\"https:\/\/www.ignaciovalduerteles.es\/blog\/\",\"name\":\"Ignacio Valduerteles Bartos\",\"description\":\"Reflexiones y art\u00edculos del Ignacio Valdu\u00e9rteles\",\"publisher\":{\"@id\":\"https:\/\/www.ignaciovalduerteles.es\/blog\/#\/schema\/person\/c4ab4ed77f14e0141ba3dcd9c6f501d5\"},\"potentialAction\":[{\"@type\":\"SearchAction\",\"target\":{\"@type\":\"EntryPoint\",\"urlTemplate\":\"https:\/\/www.ignaciovalduerteles.es\/blog\/?s={search_term_string}\"},\"query-input\":\"required name=search_term_string\"}],\"inLanguage\":\"es\"},{\"@type\":\"WebPage\",\"@id\":\"https:\/\/www.ignaciovalduerteles.es\/blog\/articulos\/expansion\/on-the-road\/#webpage\",\"url\":\"https:\/\/www.ignaciovalduerteles.es\/blog\/articulos\/expansion\/on-the-road\/\",\"name\":\"\\\" On the road \\\" - Ignacio Valduerteles Bartos\",\"isPartOf\":{\"@id\":\"https:\/\/www.ignaciovalduerteles.es\/blog\/#website\"},\"datePublished\":\"2012-04-10T10:36:50+00:00\",\"dateModified\":\"2012-04-10T10:36:50+00:00\",\"description\":\"Blog personal de Ignacio Valdu\u00e9rteles, Dr. en Administraci\u00f3n y Direcci\u00f3n de Empresas y miembro destacado en la hermandad la Soledad de San Lorenzo, en Sevilla\",\"breadcrumb\":{\"@id\":\"https:\/\/www.ignaciovalduerteles.es\/blog\/articulos\/expansion\/on-the-road\/#breadcrumb\"},\"inLanguage\":\"es\",\"potentialAction\":[{\"@type\":\"ReadAction\",\"target\":[\"https:\/\/www.ignaciovalduerteles.es\/blog\/articulos\/expansion\/on-the-road\/\"]}]},{\"@type\":\"BreadcrumbList\",\"@id\":\"https:\/\/www.ignaciovalduerteles.es\/blog\/articulos\/expansion\/on-the-road\/#breadcrumb\",\"itemListElement\":[{\"@type\":\"ListItem\",\"position\":1,\"name\":\"Portada\",\"item\":\"https:\/\/www.ignaciovalduerteles.es\/blog\/\"},{\"@type\":\"ListItem\",\"position\":2,\"name\":\"Art\u00edculos\",\"item\":\"https:\/\/www.ignaciovalduerteles.es\/blog\/articulos\/\"},{\"@type\":\"ListItem\",\"position\":3,\"name\":\"Expansi\u00f3n\",\"item\":\"https:\/\/www.ignaciovalduerteles.es\/blog\/articulos\/expansion\/\"},{\"@type\":\"ListItem\",\"position\":4,\"name\":\"\u00bb On the road \u00ab\"}]}]}<\/script>\n<!-- \/ Yoast SEO plugin. -->","yoast_head_json":{"title":"\" On the road \" - Ignacio Valduerteles Bartos","description":"Blog personal de Ignacio Valdu\u00e9rteles, Dr. en Administraci\u00f3n y Direcci\u00f3n de Empresas y miembro destacado en la hermandad la Soledad de San Lorenzo, en Sevilla","robots":{"index":"index","follow":"follow","max-snippet":"max-snippet:-1","max-image-preview":"max-image-preview:large","max-video-preview":"max-video-preview:-1"},"canonical":"https:\/\/www.ignaciovalduerteles.es\/blog\/articulos\/expansion\/on-the-road\/","og_locale":"es_ES","og_type":"article","og_title":"\" On the road \" - Ignacio Valduerteles Bartos","og_description":"Blog personal de Ignacio Valdu\u00e9rteles, Dr. en Administraci\u00f3n y Direcci\u00f3n de Empresas y miembro destacado en la hermandad la Soledad de San Lorenzo, en Sevilla","og_url":"https:\/\/www.ignaciovalduerteles.es\/blog\/articulos\/expansion\/on-the-road\/","og_site_name":"Ignacio Valduerteles Bartos","og_image":[{"width":1024,"height":292,"url":"https:\/\/www.ignaciovalduerteles.es\/blog\/wp-content\/uploads\/2022\/02\/banner1-1024x292.png","type":"image\/png"}],"twitter_card":"summary_large_image","twitter_misc":{"Tiempo de lectura":"4 minutos"},"schema":{"@context":"https:\/\/schema.org","@graph":[{"@type":["Person","Organization"],"@id":"https:\/\/www.ignaciovalduerteles.es\/blog\/#\/schema\/person\/c4ab4ed77f14e0141ba3dcd9c6f501d5","name":"Ignacio Valduerteles Bartos","image":{"@type":"ImageObject","inLanguage":"es","@id":"https:\/\/www.ignaciovalduerteles.es\/blog\/#\/schema\/person\/image\/","url":"https:\/\/www.ignaciovalduerteles.es\/blog\/wp-content\/uploads\/2022\/02\/cabecera-1024x390.png","contentUrl":"https:\/\/www.ignaciovalduerteles.es\/blog\/wp-content\/uploads\/2022\/02\/cabecera-1024x390.png","width":1024,"height":390,"caption":"Ignacio Valduerteles Bartos"},"logo":{"@id":"https:\/\/www.ignaciovalduerteles.es\/blog\/#\/schema\/person\/image\/"},"sameAs":["http:\/\/www.ivb.es"]},{"@type":"WebSite","@id":"https:\/\/www.ignaciovalduerteles.es\/blog\/#website","url":"https:\/\/www.ignaciovalduerteles.es\/blog\/","name":"Ignacio Valduerteles Bartos","description":"Reflexiones y art\u00edculos del Ignacio Valdu\u00e9rteles","publisher":{"@id":"https:\/\/www.ignaciovalduerteles.es\/blog\/#\/schema\/person\/c4ab4ed77f14e0141ba3dcd9c6f501d5"},"potentialAction":[{"@type":"SearchAction","target":{"@type":"EntryPoint","urlTemplate":"https:\/\/www.ignaciovalduerteles.es\/blog\/?s={search_term_string}"},"query-input":"required name=search_term_string"}],"inLanguage":"es"},{"@type":"WebPage","@id":"https:\/\/www.ignaciovalduerteles.es\/blog\/articulos\/expansion\/on-the-road\/#webpage","url":"https:\/\/www.ignaciovalduerteles.es\/blog\/articulos\/expansion\/on-the-road\/","name":"\" On the road \" - Ignacio Valduerteles Bartos","isPartOf":{"@id":"https:\/\/www.ignaciovalduerteles.es\/blog\/#website"},"datePublished":"2012-04-10T10:36:50+00:00","dateModified":"2012-04-10T10:36:50+00:00","description":"Blog personal de Ignacio Valdu\u00e9rteles, Dr. en Administraci\u00f3n y Direcci\u00f3n de Empresas y miembro destacado en la hermandad la Soledad de San Lorenzo, en Sevilla","breadcrumb":{"@id":"https:\/\/www.ignaciovalduerteles.es\/blog\/articulos\/expansion\/on-the-road\/#breadcrumb"},"inLanguage":"es","potentialAction":[{"@type":"ReadAction","target":["https:\/\/www.ignaciovalduerteles.es\/blog\/articulos\/expansion\/on-the-road\/"]}]},{"@type":"BreadcrumbList","@id":"https:\/\/www.ignaciovalduerteles.es\/blog\/articulos\/expansion\/on-the-road\/#breadcrumb","itemListElement":[{"@type":"ListItem","position":1,"name":"Portada","item":"https:\/\/www.ignaciovalduerteles.es\/blog\/"},{"@type":"ListItem","position":2,"name":"Art\u00edculos","item":"https:\/\/www.ignaciovalduerteles.es\/blog\/articulos\/"},{"@type":"ListItem","position":3,"name":"Expansi\u00f3n","item":"https:\/\/www.ignaciovalduerteles.es\/blog\/articulos\/expansion\/"},{"@type":"ListItem","position":4,"name":"\u00bb On the road \u00ab"}]}]}},"_links":{"self":[{"href":"https:\/\/www.ignaciovalduerteles.es\/blog\/wp-json\/wp\/v2\/pages\/1221"}],"collection":[{"href":"https:\/\/www.ignaciovalduerteles.es\/blog\/wp-json\/wp\/v2\/pages"}],"about":[{"href":"https:\/\/www.ignaciovalduerteles.es\/blog\/wp-json\/wp\/v2\/types\/page"}],"author":[{"embeddable":true,"href":"https:\/\/www.ignaciovalduerteles.es\/blog\/wp-json\/wp\/v2\/users\/1"}],"replies":[{"embeddable":true,"href":"https:\/\/www.ignaciovalduerteles.es\/blog\/wp-json\/wp\/v2\/comments?post=1221"}],"version-history":[{"count":2,"href":"https:\/\/www.ignaciovalduerteles.es\/blog\/wp-json\/wp\/v2\/pages\/1221\/revisions"}],"predecessor-version":[{"id":1225,"href":"https:\/\/www.ignaciovalduerteles.es\/blog\/wp-json\/wp\/v2\/pages\/1221\/revisions\/1225"}],"up":[{"embeddable":true,"href":"https:\/\/www.ignaciovalduerteles.es\/blog\/wp-json\/wp\/v2\/pages\/21"}],"wp:attachment":[{"href":"https:\/\/www.ignaciovalduerteles.es\/blog\/wp-json\/wp\/v2\/media?parent=1221"}],"curies":[{"name":"wp","href":"https:\/\/api.w.org\/{rel}","templated":true}]}}