{"id":218,"date":"2011-01-19T16:39:03","date_gmt":"2011-01-19T16:39:03","guid":{"rendered":"http:\/\/www.guadaoliva.comlu.com\/blog\/?page_id=218"},"modified":"2011-07-31T22:27:50","modified_gmt":"2011-07-31T20:27:50","slug":"economia-y-familia","status":"publish","type":"page","link":"https:\/\/www.ignaciovalduerteles.es\/blog\/articulos\/expansion\/economia-y-familia\/","title":{"rendered":"Econom\u00eda y Familia"},"content":{"rendered":"<p style=\"text-align: justify;\"><span class=\"Apple-style-span\" style=\"color: #000080;\">Gary Becker consigui\u00f3 el Premio Nobel de Econom\u00eda en 1992. Liberal, con matices, la novedad que aport\u00f3 fue la utilizaci\u00f3n de la econom\u00eda como\u00a0\u00a0marco te\u00f3rico para el estudio del comportamiento humano en su totalidad. Una de sus obras m\u00e1s citadas, \u201cTratado sobre la familia\u201d, publicada en 1.981,\u00a0\u00a0es un an\u00e1lisis de la instituci\u00f3n familiar desde el punto de vista econ\u00f3mico: matrimonio, divorcio, hijos, trabajo en casa o fuera de casa y otras cuestiones que antes se hab\u00edan considerado de \u201c\u00e1mbito dom\u00e9stico\u201d, o estrictamente privado, saltan as\u00ed al campo del an\u00e1lisis econ\u00f3mico.<\/span><\/p>\n<div style=\"text-align: justify;\"><span style=\"color: #000080;\">Sus planteamientos no son asumibles sin matizaciones. As\u00ed por ejemplo la consideraci\u00f3n del matrimonio como un contrato de larga duraci\u00f3n entre un hombre y una mujer en el que se regulan las especializaciones y\u00a0asignaciones de tiempos del capital humano resultante de esa uni\u00f3n, es bastante reductiva. Tambi\u00e9n el cap\u00edtulo dedicado a la \u201cdemanda de hijos\u201d en el que analiza, mediante ecuaciones de regresi\u00f3n,\u00a0\u00a0la interacci\u00f3n entre la cantidad y calidad de hijos.\u00a0\u00a0Tiene, sin embargo, ese punto rompedor y provocativo que no deja indiferente a casi nadie. De hecho su enfoque ha servido de pauta a distintas investigaciones y estudios sobre la familia desde los m\u00e1s diversos campos: sociol\u00f3gicos, antropol\u00f3gicos o estrictamente econ\u00f3micos.<\/span><\/div>\n<div style=\"text-align: justify;\"><span style=\"color: #000080;\">Sin necesidad de entrar en an\u00e1lisis acad\u00e9micos,\u00a0\u00a0lo que podemos afirmar de forma rotunda es la importancia de la familia en la econom\u00eda. Me refiero a la familia como instituci\u00f3n, no a la suma de individuos que viven bajo un mismo techo. La familia considerada como uni\u00f3n entre un hombre y una mujer, con voluntad de permanencia, para apoyarse y perfeccionarse mutuamente y tambi\u00e9n a los hijos de ese matrimonio. Eso comporta obtenci\u00f3n y asignaci\u00f3n de recursos econ\u00f3micos para subsistir. Es obvio que la misi\u00f3n primordial de la familia no es la econ\u00f3mica; pero igual de claro resulta que cada familia ha de producir y gestionar los recursos econ\u00f3micos necesarios para mantenerse y poder desarrollar sus funciones de forma pac\u00edfica.<\/span><\/div>\n<div style=\"text-align: justify;\"><span style=\"color: #000080;\">No hay que ponerse en plan erudito para explicar que una de las principales motivaciones que tienen las personas para trabajar \u2013si no la principal- es el af\u00e1n por sacar adelante a su familia. Tanto si es un trabajo remunerado fuera de casa, como si se trata del trabajo en la casa, para hacer de \u00e9sta un \u00e1mbito de convivencia. La importancia de la familia en\u00a0\u00a0la econom\u00eda se pone de manifiesto especialmente en \u00e9pocas dif\u00edciles, como la actual. Abuelos que cuidan nietos para que sus padres puedan salir a trabajar; matrimonios en paro que viven de la ayuda de sus padres o de sus hermanos; separados que vuelven al hogar paterno y una serie de situaciones que ponen de manifiesto que ninguna pol\u00edtica econ\u00f3mica, ninguna pol\u00edtica social, ning\u00fan plan de previsi\u00f3n sustituye a la solidaridad familiar.<\/span><\/div>\n<div style=\"text-align: justify;\"><span style=\"color: #000080;\">Los ataques a la familia no son gratuitos, tienen un coste social y econ\u00f3mico elevado. Social porque a la familia corresponde, entre otras cosas, la inserci\u00f3n cultural de sus miembros m\u00e1s j\u00f3venes en la Naci\u00f3n a la que pertenecen. Si \u00e9sta falla y se pierden las ra\u00edces culturales, no tendremos ciudadanos, sino individuos desarraigados. Tambi\u00e9n un coste econ\u00f3mico, porque destruyendo la familia se destruye trabajo, ahorro, previsi\u00f3n, solidaridad, emprendimiento. La satisfacci\u00f3n de las necesidades vitales se traslada al Estado, que atender\u00e1 a cada ciudadano, no a cada persona en su singularidad, en sus necesidades b\u00e1sicas \u201cdesde la cuna hasta la tumba\u201d.<\/span><\/div>\n<div style=\"text-align: justify;\"><span style=\"color: #000080;\">Atacar a la familia es atacar a la econom\u00eda. Durante a\u00f1os,\u00a0\u00a0en aras de un falso progresismo, se han ido minando conceptos b\u00e1sicos bien definidos para intentar sustituirlos por construcciones m\u00e1s o menos alambicadas, como la ideolog\u00eda de g\u00e9nero, que reduce el matrimonio y la familia a una permanente lucha dial\u00e9ctica, convirti\u00e9ndola en espacio de violencia, no de convivencia.<\/span><\/div>\n<div style=\"text-align: justify;\"><span style=\"color: #000080;\">Ahora que todos los pol\u00edticos andan afanados en encontrar v\u00edas de salida a la crisis, es el momento de hacerles una advertencia: no hay soluciones\u00a0\u00a0exclusivamente \u201ceconomicistas\u201d, la clave est\u00e1 en la familia. Tambi\u00e9n se puede decir con una terminolog\u00eda pol\u00edticamente correcta: la ecolog\u00eda familiar es la base del desarrollo sostenible.<\/span><\/div>\n<div style=\"text-align: right;\"><span style=\"color: #000080;\">19.01.11<\/span><\/div>\n","protected":false},"excerpt":{"rendered":"<p>Gary Becker consigui\u00f3 el Premio Nobel de Econom\u00eda en 1992. Liberal, con matices, la novedad que aport\u00f3 fue la utilizaci\u00f3n de la econom\u00eda como\u00a0\u00a0marco te\u00f3rico para el estudio del comportamiento humano en su totalidad. Una de sus obras m\u00e1s citadas, &hellip; <a href=\"https:\/\/www.ignaciovalduerteles.es\/blog\/articulos\/expansion\/economia-y-familia\/\">Continuar<\/a><\/p>\n","protected":false},"author":1,"featured_media":0,"parent":21,"menu_order":2,"comment_status":"open","ping_status":"open","template":"sidebar-page.php","meta":{"kt_blocks_editor_width":""},"yoast_head":"<!-- This site is optimized with the Yoast SEO plugin v19.0 - https:\/\/yoast.com\/wordpress\/plugins\/seo\/ -->\n<title>Econom\u00eda y Familia - Ignacio Valduerteles Bartos<\/title>\n<meta name=\"description\" content=\"Blog personal de Ignacio Valdu\u00e9rteles, Dr. en Administraci\u00f3n y Direcci\u00f3n de Empresas y miembro destacado en la hermandad la Soledad de San Lorenzo, en Sevilla\" \/>\n<meta name=\"robots\" content=\"index, follow, max-snippet:-1, max-image-preview:large, max-video-preview:-1\" \/>\n<link rel=\"canonical\" href=\"https:\/\/www.ignaciovalduerteles.es\/blog\/articulos\/expansion\/economia-y-familia\/\" \/>\n<meta property=\"og:locale\" content=\"es_ES\" \/>\n<meta property=\"og:type\" content=\"article\" \/>\n<meta property=\"og:title\" content=\"Econom\u00eda y Familia - Ignacio Valduerteles Bartos\" \/>\n<meta property=\"og:description\" content=\"Blog personal de Ignacio Valdu\u00e9rteles, Dr. en Administraci\u00f3n y Direcci\u00f3n de Empresas y miembro destacado en la hermandad la Soledad de San Lorenzo, en Sevilla\" \/>\n<meta property=\"og:url\" content=\"https:\/\/www.ignaciovalduerteles.es\/blog\/articulos\/expansion\/economia-y-familia\/\" \/>\n<meta property=\"og:site_name\" content=\"Ignacio Valduerteles Bartos\" \/>\n<meta property=\"article:modified_time\" content=\"2011-07-31T20:27:50+00:00\" \/>\n<meta property=\"og:image\" content=\"https:\/\/www.ignaciovalduerteles.es\/blog\/wp-content\/uploads\/2022\/02\/banner1-1024x292.png\" \/>\n\t<meta property=\"og:image:width\" content=\"1024\" \/>\n\t<meta property=\"og:image:height\" content=\"292\" \/>\n\t<meta property=\"og:image:type\" content=\"image\/png\" \/>\n<meta name=\"twitter:card\" content=\"summary_large_image\" \/>\n<meta name=\"twitter:label1\" content=\"Tiempo de lectura\" \/>\n\t<meta name=\"twitter:data1\" content=\"4 minutos\" \/>\n<script type=\"application\/ld+json\" class=\"yoast-schema-graph\">{\"@context\":\"https:\/\/schema.org\",\"@graph\":[{\"@type\":[\"Person\",\"Organization\"],\"@id\":\"https:\/\/www.ignaciovalduerteles.es\/blog\/#\/schema\/person\/c4ab4ed77f14e0141ba3dcd9c6f501d5\",\"name\":\"Ignacio Valduerteles Bartos\",\"image\":{\"@type\":\"ImageObject\",\"inLanguage\":\"es\",\"@id\":\"https:\/\/www.ignaciovalduerteles.es\/blog\/#\/schema\/person\/image\/\",\"url\":\"https:\/\/www.ignaciovalduerteles.es\/blog\/wp-content\/uploads\/2022\/02\/cabecera-1024x390.png\",\"contentUrl\":\"https:\/\/www.ignaciovalduerteles.es\/blog\/wp-content\/uploads\/2022\/02\/cabecera-1024x390.png\",\"width\":1024,\"height\":390,\"caption\":\"Ignacio Valduerteles Bartos\"},\"logo\":{\"@id\":\"https:\/\/www.ignaciovalduerteles.es\/blog\/#\/schema\/person\/image\/\"},\"sameAs\":[\"http:\/\/www.ivb.es\"]},{\"@type\":\"WebSite\",\"@id\":\"https:\/\/www.ignaciovalduerteles.es\/blog\/#website\",\"url\":\"https:\/\/www.ignaciovalduerteles.es\/blog\/\",\"name\":\"Ignacio Valduerteles Bartos\",\"description\":\"Reflexiones y art\u00edculos del Ignacio Valdu\u00e9rteles\",\"publisher\":{\"@id\":\"https:\/\/www.ignaciovalduerteles.es\/blog\/#\/schema\/person\/c4ab4ed77f14e0141ba3dcd9c6f501d5\"},\"potentialAction\":[{\"@type\":\"SearchAction\",\"target\":{\"@type\":\"EntryPoint\",\"urlTemplate\":\"https:\/\/www.ignaciovalduerteles.es\/blog\/?s={search_term_string}\"},\"query-input\":\"required name=search_term_string\"}],\"inLanguage\":\"es\"},{\"@type\":\"WebPage\",\"@id\":\"https:\/\/www.ignaciovalduerteles.es\/blog\/articulos\/expansion\/economia-y-familia\/#webpage\",\"url\":\"https:\/\/www.ignaciovalduerteles.es\/blog\/articulos\/expansion\/economia-y-familia\/\",\"name\":\"Econom\u00eda y Familia - Ignacio Valduerteles Bartos\",\"isPartOf\":{\"@id\":\"https:\/\/www.ignaciovalduerteles.es\/blog\/#website\"},\"datePublished\":\"2011-01-19T16:39:03+00:00\",\"dateModified\":\"2011-07-31T20:27:50+00:00\",\"description\":\"Blog personal de Ignacio Valdu\u00e9rteles, Dr. en Administraci\u00f3n y Direcci\u00f3n de Empresas y miembro destacado en la hermandad la Soledad de San Lorenzo, en Sevilla\",\"breadcrumb\":{\"@id\":\"https:\/\/www.ignaciovalduerteles.es\/blog\/articulos\/expansion\/economia-y-familia\/#breadcrumb\"},\"inLanguage\":\"es\",\"potentialAction\":[{\"@type\":\"ReadAction\",\"target\":[\"https:\/\/www.ignaciovalduerteles.es\/blog\/articulos\/expansion\/economia-y-familia\/\"]}]},{\"@type\":\"BreadcrumbList\",\"@id\":\"https:\/\/www.ignaciovalduerteles.es\/blog\/articulos\/expansion\/economia-y-familia\/#breadcrumb\",\"itemListElement\":[{\"@type\":\"ListItem\",\"position\":1,\"name\":\"Portada\",\"item\":\"https:\/\/www.ignaciovalduerteles.es\/blog\/\"},{\"@type\":\"ListItem\",\"position\":2,\"name\":\"Art\u00edculos\",\"item\":\"https:\/\/www.ignaciovalduerteles.es\/blog\/articulos\/\"},{\"@type\":\"ListItem\",\"position\":3,\"name\":\"Expansi\u00f3n\",\"item\":\"https:\/\/www.ignaciovalduerteles.es\/blog\/articulos\/expansion\/\"},{\"@type\":\"ListItem\",\"position\":4,\"name\":\"Econom\u00eda y Familia\"}]}]}<\/script>\n<!-- \/ Yoast SEO plugin. -->","yoast_head_json":{"title":"Econom\u00eda y Familia - Ignacio Valduerteles Bartos","description":"Blog personal de Ignacio Valdu\u00e9rteles, Dr. en Administraci\u00f3n y Direcci\u00f3n de Empresas y miembro destacado en la hermandad la Soledad de San Lorenzo, en Sevilla","robots":{"index":"index","follow":"follow","max-snippet":"max-snippet:-1","max-image-preview":"max-image-preview:large","max-video-preview":"max-video-preview:-1"},"canonical":"https:\/\/www.ignaciovalduerteles.es\/blog\/articulos\/expansion\/economia-y-familia\/","og_locale":"es_ES","og_type":"article","og_title":"Econom\u00eda y Familia - Ignacio Valduerteles Bartos","og_description":"Blog personal de Ignacio Valdu\u00e9rteles, Dr. en Administraci\u00f3n y Direcci\u00f3n de Empresas y miembro destacado en la hermandad la Soledad de San Lorenzo, en Sevilla","og_url":"https:\/\/www.ignaciovalduerteles.es\/blog\/articulos\/expansion\/economia-y-familia\/","og_site_name":"Ignacio Valduerteles Bartos","article_modified_time":"2011-07-31T20:27:50+00:00","og_image":[{"width":1024,"height":292,"url":"https:\/\/www.ignaciovalduerteles.es\/blog\/wp-content\/uploads\/2022\/02\/banner1-1024x292.png","type":"image\/png"}],"twitter_card":"summary_large_image","twitter_misc":{"Tiempo de lectura":"4 minutos"},"schema":{"@context":"https:\/\/schema.org","@graph":[{"@type":["Person","Organization"],"@id":"https:\/\/www.ignaciovalduerteles.es\/blog\/#\/schema\/person\/c4ab4ed77f14e0141ba3dcd9c6f501d5","name":"Ignacio Valduerteles Bartos","image":{"@type":"ImageObject","inLanguage":"es","@id":"https:\/\/www.ignaciovalduerteles.es\/blog\/#\/schema\/person\/image\/","url":"https:\/\/www.ignaciovalduerteles.es\/blog\/wp-content\/uploads\/2022\/02\/cabecera-1024x390.png","contentUrl":"https:\/\/www.ignaciovalduerteles.es\/blog\/wp-content\/uploads\/2022\/02\/cabecera-1024x390.png","width":1024,"height":390,"caption":"Ignacio Valduerteles Bartos"},"logo":{"@id":"https:\/\/www.ignaciovalduerteles.es\/blog\/#\/schema\/person\/image\/"},"sameAs":["http:\/\/www.ivb.es"]},{"@type":"WebSite","@id":"https:\/\/www.ignaciovalduerteles.es\/blog\/#website","url":"https:\/\/www.ignaciovalduerteles.es\/blog\/","name":"Ignacio Valduerteles Bartos","description":"Reflexiones y art\u00edculos del Ignacio Valdu\u00e9rteles","publisher":{"@id":"https:\/\/www.ignaciovalduerteles.es\/blog\/#\/schema\/person\/c4ab4ed77f14e0141ba3dcd9c6f501d5"},"potentialAction":[{"@type":"SearchAction","target":{"@type":"EntryPoint","urlTemplate":"https:\/\/www.ignaciovalduerteles.es\/blog\/?s={search_term_string}"},"query-input":"required name=search_term_string"}],"inLanguage":"es"},{"@type":"WebPage","@id":"https:\/\/www.ignaciovalduerteles.es\/blog\/articulos\/expansion\/economia-y-familia\/#webpage","url":"https:\/\/www.ignaciovalduerteles.es\/blog\/articulos\/expansion\/economia-y-familia\/","name":"Econom\u00eda y Familia - Ignacio Valduerteles Bartos","isPartOf":{"@id":"https:\/\/www.ignaciovalduerteles.es\/blog\/#website"},"datePublished":"2011-01-19T16:39:03+00:00","dateModified":"2011-07-31T20:27:50+00:00","description":"Blog personal de Ignacio Valdu\u00e9rteles, Dr. en Administraci\u00f3n y Direcci\u00f3n de Empresas y miembro destacado en la hermandad la Soledad de San Lorenzo, en Sevilla","breadcrumb":{"@id":"https:\/\/www.ignaciovalduerteles.es\/blog\/articulos\/expansion\/economia-y-familia\/#breadcrumb"},"inLanguage":"es","potentialAction":[{"@type":"ReadAction","target":["https:\/\/www.ignaciovalduerteles.es\/blog\/articulos\/expansion\/economia-y-familia\/"]}]},{"@type":"BreadcrumbList","@id":"https:\/\/www.ignaciovalduerteles.es\/blog\/articulos\/expansion\/economia-y-familia\/#breadcrumb","itemListElement":[{"@type":"ListItem","position":1,"name":"Portada","item":"https:\/\/www.ignaciovalduerteles.es\/blog\/"},{"@type":"ListItem","position":2,"name":"Art\u00edculos","item":"https:\/\/www.ignaciovalduerteles.es\/blog\/articulos\/"},{"@type":"ListItem","position":3,"name":"Expansi\u00f3n","item":"https:\/\/www.ignaciovalduerteles.es\/blog\/articulos\/expansion\/"},{"@type":"ListItem","position":4,"name":"Econom\u00eda y Familia"}]}]}},"_links":{"self":[{"href":"https:\/\/www.ignaciovalduerteles.es\/blog\/wp-json\/wp\/v2\/pages\/218"}],"collection":[{"href":"https:\/\/www.ignaciovalduerteles.es\/blog\/wp-json\/wp\/v2\/pages"}],"about":[{"href":"https:\/\/www.ignaciovalduerteles.es\/blog\/wp-json\/wp\/v2\/types\/page"}],"author":[{"embeddable":true,"href":"https:\/\/www.ignaciovalduerteles.es\/blog\/wp-json\/wp\/v2\/users\/1"}],"replies":[{"embeddable":true,"href":"https:\/\/www.ignaciovalduerteles.es\/blog\/wp-json\/wp\/v2\/comments?post=218"}],"version-history":[{"count":4,"href":"https:\/\/www.ignaciovalduerteles.es\/blog\/wp-json\/wp\/v2\/pages\/218\/revisions"}],"predecessor-version":[{"id":698,"href":"https:\/\/www.ignaciovalduerteles.es\/blog\/wp-json\/wp\/v2\/pages\/218\/revisions\/698"}],"up":[{"embeddable":true,"href":"https:\/\/www.ignaciovalduerteles.es\/blog\/wp-json\/wp\/v2\/pages\/21"}],"wp:attachment":[{"href":"https:\/\/www.ignaciovalduerteles.es\/blog\/wp-json\/wp\/v2\/media?parent=218"}],"curies":[{"name":"wp","href":"https:\/\/api.w.org\/{rel}","templated":true}]}}