{"id":221,"date":"2010-12-24T16:40:14","date_gmt":"2010-12-24T16:40:14","guid":{"rendered":"http:\/\/www.guadaoliva.comlu.com\/blog\/?page_id=221"},"modified":"2011-07-31T22:28:43","modified_gmt":"2011-07-31T20:28:43","slug":"ano-nuevo-presupuesto-nuevo","status":"publish","type":"page","link":"https:\/\/www.ignaciovalduerteles.es\/blog\/articulos\/expansion\/ano-nuevo-presupuesto-nuevo\/","title":{"rendered":"A\u00f1o Nuevo, Presupuesto Nuevo"},"content":{"rendered":"<div style=\"text-align: justify;\">\u00a0<span style=\"color: #000080;\">Cuando el amigo Paccioli invent\u00f3 la contabilidad de partida doble no se imaginaba que, adem\u00e1s de una forma m\u00e1s pr\u00e1ctica y racional de gestionar los negocios, estaba dotando a la sociedad del Renacimiento de una extraordinaria herramienta de cohesi\u00f3n social. A partir de entonces, todos los comerciantes llevaban su contabilidad con los mismos criterios, con lo que las operaciones comerciales se simplificaban y homogeneizaban. As\u00ed hasta hoy, en que la Normas Internacionales de Contabilidad intentan volver a restablecer unos criterios de homogeneidad que se hab\u00edan perdido, en parte, a lo largo de estos siglos. Claro que esta contabilidad se basa en algunos convencionalismos totalmente asumidos, como el que hay que cerrarla el 31 de diciembre de cada a\u00f1o y empezarla de nuevo el uno de enero del a\u00f1o siguiente. \u00bfY por qu\u00e9 no otro d\u00eda?, \u00bfy si no se cerrara nunca, puesto que la vida de la empresa es continua?\u00a0\u00a0\u00a0\u00a0\u00a0\u00a0\u00a0\u00a0\u00a0\u00a0\u00a0<\/span><\/div>\n<div style=\"text-align: justify;\"><span style=\"color: #000080;\">\u00a0\u00a0\u00a0\u00a0\u00a0\u00a0\u00a0\u00a0\u00a0\u00a0\u00a0\u00a0El caso es que las fechas pr\u00f3ximas al fin de a\u00f1o son d\u00edas de fiestas, Navidad, regalos, reuniones familiares, luces, m\u00fasica y buenos deseos y tambi\u00e9n de cierre de balances, verificaci\u00f3n de objetivos, estudio de resultados del ejercicio\u00a0\u00a0y presupuestos para el a\u00f1o pr\u00f3ximo. Los an\u00e1lisis y prop\u00f3sitos se entremezclan: este a\u00f1o que va a empezar voy a dejar de fumar o a aprender ingl\u00e9s y tambi\u00e9n vamos a aumentar las ventas en un quince por ciento y salir al extranjero.<\/span><\/div>\n<div style=\"text-align: justify;\"><span style=\"color: #000080;\">\u00a0\u00a0\u00a0\u00a0\u00a0\u00a0\u00a0\u00a0\u00a0\u00a0\u00a0\u00a0Est\u00e1 bien, muy bien, eso de tener buenos deseos; pero los Reyes Magos est\u00e1n muy ocupados atendiendo a los ni\u00f1os, de manera que a los mayores les exigen que, adem\u00e1s de buenos deseos y objetivos maravillosos, pongan los medios para alcanzarlos.<\/span><\/div>\n<div style=\"text-align: justify;\"><span style=\"color: #000080;\">\u00a0\u00a0\u00a0\u00a0\u00a0\u00a0\u00a0\u00a0\u00a0\u00a0\u00a0\u00a0Para cerrar el a\u00f1o y formular prop\u00f3sitos para el siguiente se necesitan dos actitudes b\u00e1sicas \u2013adem\u00e1s de una buena informaci\u00f3n-: sinceridad y prudencia. Quiz\u00e1 no se hable de estos en ning\u00fan manual de micro ni macroeconom\u00eda; pero es que esos manuales resultan bastante incompletos.<\/span><\/div>\n<div style=\"text-align: justify;\"><span style=\"color: #000080;\">\u00a0\u00a0\u00a0\u00a0\u00a0\u00a0\u00a0\u00a0\u00a0\u00a0\u00a0\u00a0Sinceridad que consiste en\u00a0manifestar fielmente,\u00a0\u00a0a la persona adecuada\u00a0\u00a0-tambi\u00e9n a uno mismo- y en el momento adecuado, lo que ha hecho, visto, piensa y siente, con claridad respecto de su situaci\u00f3n personal o la de la empresa. No vale enga\u00f1arse engordando el activo con existencias ya obsoletas, ni la cuenta de clientes con algunos que han\u00a0\u00a0desaparecido del mapa. Ni contabilizar ya ese importante pedido, prometido; pero a\u00fan no firmado. Hay que ver la realidad tal cual es, para poder manifestarla y analizarla.<\/span><\/div>\n<div style=\"text-align: justify;\"><span style=\"color: #000080;\">La prudencia se refiere a la toma de decisiones ponderada, de acuerdo con la informaci\u00f3n obtenida, si enga\u00f1arse, y la valoraci\u00f3n de las consecuencias, favorables y desfavorables de esas decisiones.\u00a0\u00a0No es una actitud timorata, de falta de compromiso. Supone una\u00a0\u00a0dosis considerable de firmeza, valor, aplomo y moderaci\u00f3n en la toma de decisiones y, m\u00e1s a\u00fan, en su ejecuci\u00f3n.<\/span><\/div>\n<div style=\"text-align: justify;\"><span style=\"color: #000080;\">Una vez conocida y ponderada la situaci\u00f3n real al d\u00eda de cierre y tomadas las decisiones oportunas con realismo,\u00a0\u00a0firmeza y prudencia, podremos reconciliarnos con la contabilidad, sabiendo que el cierre anual no es un punto final, sino un punto y seguido, sin soluci\u00f3n de continuidad.<\/span><\/div>\n<div style=\"text-align: justify;\"><span style=\"color: #000080;\">Fin de a\u00f1o: una buena ocasi\u00f3n para hacer un an\u00e1lisis general de la empresa \u2013ya puestos, tambi\u00e9n de la vida personal-, los aciertos, errores, cosas que se dejaron sin hacer, y trazar el plan para los meses siguientes. No es f\u00e1cil, alguna de esas decisiones seguro que comporta esfuerzos suplementarios o malos ratos a\u00f1adidos.<\/span><\/div>\n<div style=\"text-align: justify;\"><span style=\"color: #000080;\">No vale auto-enga\u00f1arse con la disculpa de que la econom\u00eda anda mal, la dichosa crisis. Esa es la misma para todos, por lo que ha dejado de ser un problema, para convertirse en un dato. Los problemas se solucionan, con los datos hay que contar. Las actuaciones hay que plantearlas, por tanto, a partir de los datos que tenemos y los que prev\u00e9n los distintos servicios de estudio de organismos p\u00fablicos y privados; pero sin dejarse influir por los cenizos, esos que cuando no pueden hacer algo, tratan de convencerte de que t\u00fa tampoco puedes.<\/span><\/div>\n<div style=\"text-align: justify;\"><span style=\"color: #000080;\">Y por supuesto: \u00a1feliz Navidad y un a\u00f1o 2.011 en el que, cada uno, sea capaz de enderezar y mantener firme el rumbo de su empresa!<\/span><\/div>\n","protected":false},"excerpt":{"rendered":"<p>\u00a0Cuando el amigo Paccioli invent\u00f3 la contabilidad de partida doble no se imaginaba que, adem\u00e1s de una forma m\u00e1s pr\u00e1ctica y racional de gestionar los negocios, estaba dotando a la sociedad del Renacimiento de una extraordinaria herramienta de cohesi\u00f3n social. &hellip; <a href=\"https:\/\/www.ignaciovalduerteles.es\/blog\/articulos\/expansion\/ano-nuevo-presupuesto-nuevo\/\">Continuar<\/a><\/p>\n","protected":false},"author":1,"featured_media":0,"parent":21,"menu_order":2,"comment_status":"open","ping_status":"open","template":"sidebar-page.php","meta":{"kt_blocks_editor_width":""},"yoast_head":"<!-- This site is optimized with the Yoast SEO plugin v19.0 - https:\/\/yoast.com\/wordpress\/plugins\/seo\/ -->\n<title>A\u00f1o Nuevo, Presupuesto Nuevo - Ignacio Valduerteles Bartos<\/title>\n<meta name=\"description\" content=\"Blog personal de Ignacio Valdu\u00e9rteles, Dr. en Administraci\u00f3n y Direcci\u00f3n de Empresas y miembro destacado en la hermandad la Soledad de San Lorenzo, en Sevilla\" \/>\n<meta name=\"robots\" content=\"index, follow, max-snippet:-1, max-image-preview:large, max-video-preview:-1\" \/>\n<link rel=\"canonical\" href=\"https:\/\/www.ignaciovalduerteles.es\/blog\/articulos\/expansion\/ano-nuevo-presupuesto-nuevo\/\" \/>\n<meta property=\"og:locale\" content=\"es_ES\" \/>\n<meta property=\"og:type\" content=\"article\" \/>\n<meta property=\"og:title\" content=\"A\u00f1o Nuevo, Presupuesto Nuevo - Ignacio Valduerteles Bartos\" \/>\n<meta property=\"og:description\" content=\"Blog personal de Ignacio Valdu\u00e9rteles, Dr. en Administraci\u00f3n y Direcci\u00f3n de Empresas y miembro destacado en la hermandad la Soledad de San Lorenzo, en Sevilla\" \/>\n<meta property=\"og:url\" content=\"https:\/\/www.ignaciovalduerteles.es\/blog\/articulos\/expansion\/ano-nuevo-presupuesto-nuevo\/\" \/>\n<meta property=\"og:site_name\" content=\"Ignacio Valduerteles Bartos\" \/>\n<meta property=\"article:modified_time\" content=\"2011-07-31T20:28:43+00:00\" \/>\n<meta property=\"og:image\" content=\"https:\/\/www.ignaciovalduerteles.es\/blog\/wp-content\/uploads\/2022\/02\/banner1-1024x292.png\" \/>\n\t<meta property=\"og:image:width\" content=\"1024\" \/>\n\t<meta property=\"og:image:height\" content=\"292\" \/>\n\t<meta property=\"og:image:type\" content=\"image\/png\" \/>\n<meta name=\"twitter:card\" content=\"summary_large_image\" \/>\n<meta name=\"twitter:label1\" content=\"Tiempo de lectura\" \/>\n\t<meta name=\"twitter:data1\" content=\"4 minutos\" \/>\n<script type=\"application\/ld+json\" class=\"yoast-schema-graph\">{\"@context\":\"https:\/\/schema.org\",\"@graph\":[{\"@type\":[\"Person\",\"Organization\"],\"@id\":\"https:\/\/www.ignaciovalduerteles.es\/blog\/#\/schema\/person\/c4ab4ed77f14e0141ba3dcd9c6f501d5\",\"name\":\"Ignacio Valduerteles Bartos\",\"image\":{\"@type\":\"ImageObject\",\"inLanguage\":\"es\",\"@id\":\"https:\/\/www.ignaciovalduerteles.es\/blog\/#\/schema\/person\/image\/\",\"url\":\"https:\/\/www.ignaciovalduerteles.es\/blog\/wp-content\/uploads\/2022\/02\/cabecera-1024x390.png\",\"contentUrl\":\"https:\/\/www.ignaciovalduerteles.es\/blog\/wp-content\/uploads\/2022\/02\/cabecera-1024x390.png\",\"width\":1024,\"height\":390,\"caption\":\"Ignacio Valduerteles Bartos\"},\"logo\":{\"@id\":\"https:\/\/www.ignaciovalduerteles.es\/blog\/#\/schema\/person\/image\/\"},\"sameAs\":[\"http:\/\/www.ivb.es\"]},{\"@type\":\"WebSite\",\"@id\":\"https:\/\/www.ignaciovalduerteles.es\/blog\/#website\",\"url\":\"https:\/\/www.ignaciovalduerteles.es\/blog\/\",\"name\":\"Ignacio Valduerteles Bartos\",\"description\":\"Reflexiones y art\u00edculos del Ignacio Valdu\u00e9rteles\",\"publisher\":{\"@id\":\"https:\/\/www.ignaciovalduerteles.es\/blog\/#\/schema\/person\/c4ab4ed77f14e0141ba3dcd9c6f501d5\"},\"potentialAction\":[{\"@type\":\"SearchAction\",\"target\":{\"@type\":\"EntryPoint\",\"urlTemplate\":\"https:\/\/www.ignaciovalduerteles.es\/blog\/?s={search_term_string}\"},\"query-input\":\"required name=search_term_string\"}],\"inLanguage\":\"es\"},{\"@type\":\"WebPage\",\"@id\":\"https:\/\/www.ignaciovalduerteles.es\/blog\/articulos\/expansion\/ano-nuevo-presupuesto-nuevo\/#webpage\",\"url\":\"https:\/\/www.ignaciovalduerteles.es\/blog\/articulos\/expansion\/ano-nuevo-presupuesto-nuevo\/\",\"name\":\"A\u00f1o Nuevo, Presupuesto Nuevo - Ignacio Valduerteles Bartos\",\"isPartOf\":{\"@id\":\"https:\/\/www.ignaciovalduerteles.es\/blog\/#website\"},\"datePublished\":\"2010-12-24T16:40:14+00:00\",\"dateModified\":\"2011-07-31T20:28:43+00:00\",\"description\":\"Blog personal de Ignacio Valdu\u00e9rteles, Dr. en Administraci\u00f3n y Direcci\u00f3n de Empresas y miembro destacado en la hermandad la Soledad de San Lorenzo, en Sevilla\",\"breadcrumb\":{\"@id\":\"https:\/\/www.ignaciovalduerteles.es\/blog\/articulos\/expansion\/ano-nuevo-presupuesto-nuevo\/#breadcrumb\"},\"inLanguage\":\"es\",\"potentialAction\":[{\"@type\":\"ReadAction\",\"target\":[\"https:\/\/www.ignaciovalduerteles.es\/blog\/articulos\/expansion\/ano-nuevo-presupuesto-nuevo\/\"]}]},{\"@type\":\"BreadcrumbList\",\"@id\":\"https:\/\/www.ignaciovalduerteles.es\/blog\/articulos\/expansion\/ano-nuevo-presupuesto-nuevo\/#breadcrumb\",\"itemListElement\":[{\"@type\":\"ListItem\",\"position\":1,\"name\":\"Portada\",\"item\":\"https:\/\/www.ignaciovalduerteles.es\/blog\/\"},{\"@type\":\"ListItem\",\"position\":2,\"name\":\"Art\u00edculos\",\"item\":\"https:\/\/www.ignaciovalduerteles.es\/blog\/articulos\/\"},{\"@type\":\"ListItem\",\"position\":3,\"name\":\"Expansi\u00f3n\",\"item\":\"https:\/\/www.ignaciovalduerteles.es\/blog\/articulos\/expansion\/\"},{\"@type\":\"ListItem\",\"position\":4,\"name\":\"A\u00f1o Nuevo, Presupuesto Nuevo\"}]}]}<\/script>\n<!-- \/ Yoast SEO plugin. -->","yoast_head_json":{"title":"A\u00f1o Nuevo, Presupuesto Nuevo - Ignacio Valduerteles Bartos","description":"Blog personal de Ignacio Valdu\u00e9rteles, Dr. en Administraci\u00f3n y Direcci\u00f3n de Empresas y miembro destacado en la hermandad la Soledad de San Lorenzo, en Sevilla","robots":{"index":"index","follow":"follow","max-snippet":"max-snippet:-1","max-image-preview":"max-image-preview:large","max-video-preview":"max-video-preview:-1"},"canonical":"https:\/\/www.ignaciovalduerteles.es\/blog\/articulos\/expansion\/ano-nuevo-presupuesto-nuevo\/","og_locale":"es_ES","og_type":"article","og_title":"A\u00f1o Nuevo, Presupuesto Nuevo - Ignacio Valduerteles Bartos","og_description":"Blog personal de Ignacio Valdu\u00e9rteles, Dr. en Administraci\u00f3n y Direcci\u00f3n de Empresas y miembro destacado en la hermandad la Soledad de San Lorenzo, en Sevilla","og_url":"https:\/\/www.ignaciovalduerteles.es\/blog\/articulos\/expansion\/ano-nuevo-presupuesto-nuevo\/","og_site_name":"Ignacio Valduerteles Bartos","article_modified_time":"2011-07-31T20:28:43+00:00","og_image":[{"width":1024,"height":292,"url":"https:\/\/www.ignaciovalduerteles.es\/blog\/wp-content\/uploads\/2022\/02\/banner1-1024x292.png","type":"image\/png"}],"twitter_card":"summary_large_image","twitter_misc":{"Tiempo de lectura":"4 minutos"},"schema":{"@context":"https:\/\/schema.org","@graph":[{"@type":["Person","Organization"],"@id":"https:\/\/www.ignaciovalduerteles.es\/blog\/#\/schema\/person\/c4ab4ed77f14e0141ba3dcd9c6f501d5","name":"Ignacio Valduerteles Bartos","image":{"@type":"ImageObject","inLanguage":"es","@id":"https:\/\/www.ignaciovalduerteles.es\/blog\/#\/schema\/person\/image\/","url":"https:\/\/www.ignaciovalduerteles.es\/blog\/wp-content\/uploads\/2022\/02\/cabecera-1024x390.png","contentUrl":"https:\/\/www.ignaciovalduerteles.es\/blog\/wp-content\/uploads\/2022\/02\/cabecera-1024x390.png","width":1024,"height":390,"caption":"Ignacio Valduerteles Bartos"},"logo":{"@id":"https:\/\/www.ignaciovalduerteles.es\/blog\/#\/schema\/person\/image\/"},"sameAs":["http:\/\/www.ivb.es"]},{"@type":"WebSite","@id":"https:\/\/www.ignaciovalduerteles.es\/blog\/#website","url":"https:\/\/www.ignaciovalduerteles.es\/blog\/","name":"Ignacio Valduerteles Bartos","description":"Reflexiones y art\u00edculos del Ignacio Valdu\u00e9rteles","publisher":{"@id":"https:\/\/www.ignaciovalduerteles.es\/blog\/#\/schema\/person\/c4ab4ed77f14e0141ba3dcd9c6f501d5"},"potentialAction":[{"@type":"SearchAction","target":{"@type":"EntryPoint","urlTemplate":"https:\/\/www.ignaciovalduerteles.es\/blog\/?s={search_term_string}"},"query-input":"required name=search_term_string"}],"inLanguage":"es"},{"@type":"WebPage","@id":"https:\/\/www.ignaciovalduerteles.es\/blog\/articulos\/expansion\/ano-nuevo-presupuesto-nuevo\/#webpage","url":"https:\/\/www.ignaciovalduerteles.es\/blog\/articulos\/expansion\/ano-nuevo-presupuesto-nuevo\/","name":"A\u00f1o Nuevo, Presupuesto Nuevo - Ignacio Valduerteles Bartos","isPartOf":{"@id":"https:\/\/www.ignaciovalduerteles.es\/blog\/#website"},"datePublished":"2010-12-24T16:40:14+00:00","dateModified":"2011-07-31T20:28:43+00:00","description":"Blog personal de Ignacio Valdu\u00e9rteles, Dr. en Administraci\u00f3n y Direcci\u00f3n de Empresas y miembro destacado en la hermandad la Soledad de San Lorenzo, en Sevilla","breadcrumb":{"@id":"https:\/\/www.ignaciovalduerteles.es\/blog\/articulos\/expansion\/ano-nuevo-presupuesto-nuevo\/#breadcrumb"},"inLanguage":"es","potentialAction":[{"@type":"ReadAction","target":["https:\/\/www.ignaciovalduerteles.es\/blog\/articulos\/expansion\/ano-nuevo-presupuesto-nuevo\/"]}]},{"@type":"BreadcrumbList","@id":"https:\/\/www.ignaciovalduerteles.es\/blog\/articulos\/expansion\/ano-nuevo-presupuesto-nuevo\/#breadcrumb","itemListElement":[{"@type":"ListItem","position":1,"name":"Portada","item":"https:\/\/www.ignaciovalduerteles.es\/blog\/"},{"@type":"ListItem","position":2,"name":"Art\u00edculos","item":"https:\/\/www.ignaciovalduerteles.es\/blog\/articulos\/"},{"@type":"ListItem","position":3,"name":"Expansi\u00f3n","item":"https:\/\/www.ignaciovalduerteles.es\/blog\/articulos\/expansion\/"},{"@type":"ListItem","position":4,"name":"A\u00f1o Nuevo, Presupuesto Nuevo"}]}]}},"_links":{"self":[{"href":"https:\/\/www.ignaciovalduerteles.es\/blog\/wp-json\/wp\/v2\/pages\/221"}],"collection":[{"href":"https:\/\/www.ignaciovalduerteles.es\/blog\/wp-json\/wp\/v2\/pages"}],"about":[{"href":"https:\/\/www.ignaciovalduerteles.es\/blog\/wp-json\/wp\/v2\/types\/page"}],"author":[{"embeddable":true,"href":"https:\/\/www.ignaciovalduerteles.es\/blog\/wp-json\/wp\/v2\/users\/1"}],"replies":[{"embeddable":true,"href":"https:\/\/www.ignaciovalduerteles.es\/blog\/wp-json\/wp\/v2\/comments?post=221"}],"version-history":[{"count":3,"href":"https:\/\/www.ignaciovalduerteles.es\/blog\/wp-json\/wp\/v2\/pages\/221\/revisions"}],"predecessor-version":[{"id":699,"href":"https:\/\/www.ignaciovalduerteles.es\/blog\/wp-json\/wp\/v2\/pages\/221\/revisions\/699"}],"up":[{"embeddable":true,"href":"https:\/\/www.ignaciovalduerteles.es\/blog\/wp-json\/wp\/v2\/pages\/21"}],"wp:attachment":[{"href":"https:\/\/www.ignaciovalduerteles.es\/blog\/wp-json\/wp\/v2\/media?parent=221"}],"curies":[{"name":"wp","href":"https:\/\/api.w.org\/{rel}","templated":true}]}}