{"id":224,"date":"2010-11-10T16:41:47","date_gmt":"2010-11-10T16:41:47","guid":{"rendered":"http:\/\/www.guadaoliva.comlu.com\/blog\/?page_id=224"},"modified":"2011-07-31T22:29:59","modified_gmt":"2011-07-31T20:29:59","slug":"vivir-para-siempre","status":"publish","type":"page","link":"https:\/\/www.ignaciovalduerteles.es\/blog\/articulos\/expansion\/vivir-para-siempre\/","title":{"rendered":"&#8220;Vivir para siempre&#8221;"},"content":{"rendered":"<div style=\"text-align: justify;\"><span style=\"color: #000080;\">No soy entendido en vinos. Cuando pruebo alguno mi \u00fanica apreciaci\u00f3n es: me gusta, o no me gusta. Me asombra, y respeto, a quienes son capaces de apreciar en un vino que \u00absu boca es potente, con notas de frutas confitadas con evocaciones tostadas que realzan su volumen\u00bb.\u00a0\u00a0Lo mismo me pasa con el cine. Hay pel\u00edculas que me emocionan, otras me divierten, otras me interesan o me inquietan, y las hay que me aburren; pero nunca he le\u00eddo\u00a0<em>Cahiers du Cin\u00e9ma\u00a0<\/em>(la revista de culto de los cin\u00e9filos), ni cronometro la duraci\u00f3n de las secuencias. Mi lista de pel\u00edculas favoritas es posible que no coincida con la de los grandes cr\u00edticos; pero tampoco me preocupa, entre otras cosas porque tampoco ellos coinciden entre s\u00ed.<\/span><\/div>\n<div style=\"text-align: justify;\"><span style=\"color: #000080;\">\u00a0\u00a0\u00a0\u00a0\u00a0\u00a0\u00a0\u00a0\u00a0\u00a0\u00a0\u00a0Con esos antecedentes personales, acabo de ver una pel\u00edcula que me ha emocionado, inquietado e interesado, al mismo tiempo: \u201cVivir para siempre\u201d, adem\u00e1s tiene grandes aplicaciones en la actividad empresarial.<\/span><\/div>\n<div style=\"text-align: justify;\"><span style=\"color: #000080;\">\u00a0\u00a0\u00a0\u00a0\u00a0\u00a0\u00a0\u00a0\u00a0\u00a0\u00a0\u00a0No es una pel\u00edcula c\u00f3moda de ver, te implica. No es para pasar una tarde entretenida en el cine.\u00a0\u00a0El argumento \u2013que cuento a muy grandes rasgos en atenci\u00f3n a los que vayan a verla- es simple: un ni\u00f1o de doce a\u00f1os, afectado por una grave enfermedad, decide hacer un v\u00eddeo-libro, en el que refleja sus impresiones sobre la vida y la muerte, y\u00a0\u00a0nos cuenta cu\u00e1les son sus deseos, sus metas. Tan sencillo como eso, y tan profundo.<\/span><\/div>\n<div style=\"text-align: justify;\"><span style=\"color: #000080;\">\u00a0\u00a0\u00a0\u00a0\u00a0\u00a0\u00a0\u00a0\u00a0\u00a0\u00a0\u00a0Ya el mensaje publicitario que acompa\u00f1a a la pel\u00edcula es sugerente: \u201cpersigue tus sue\u00f1os, cada minuto cuenta\u201d: Dicho de otra forma,\u00a0\u00a0\u00a0cuando se trabaja de forma inteligente, intensa y continua por unos objetivos, las cosas suelen salir adelante; quiz\u00e1 no de la misma manera que hab\u00edamos imaginado, a veces incluso mejor.<\/span><\/div>\n<div style=\"text-align: justify;\"><span style=\"color: #000080;\">\u00a0\u00a0\u00a0\u00a0\u00a0\u00a0\u00a0\u00a0\u00a0\u00a0\u00a0\u00a0Nuestro protagonista, Sam, no tiene miedo a la muerte,\u00a0\u00a0la afronta con una serenidad desarmante, porque no la ve como un fracaso, sino como una apertura a nuevas oportunidades. Ese es, tambi\u00e9n, uno de los ingredientes con que tiene que contar el empresario: la posibilidad del fracaso, con la convicci\u00f3n de que el fracaso no es el fin, sino la oportunidad de emprender nuevos caminos. \u201cDios hace que las personas enfermen para que sean mejores; aunque no lo entienda\u201d, nos explica. Eso cuesta. Cuesta aceptar el fracaso,\u00a0\u00a0en primer lugar, y cuesta superarlo. Hay que esforzarse por subir las escaleras mec\u00e1nicas que bajan, como hace el protagonista. Subir por las que suben no tiene m\u00e9rito, es lo que hacen todos. Las empresas que salen adelante son las que no siguen el camino f\u00e1cil, las que emprenden nuevas v\u00edas, se caen, bajan, y lo vuelven a intentar.<\/span><\/div>\n<div style=\"text-align: justify;\"><span style=\"color: #000080;\">\u00a0\u00a0\u00a0\u00a0\u00a0\u00a0\u00a0\u00a0\u00a0\u00a0\u00a0\u00a0No todo es maravilloso, claro que hay momentos de hundimiento. En uno de esos momentos Sam se abraza a la madre y, juntos, lloran hasta desahogarse por completo. Y despu\u00e9s a reemprender la tarea. Yo desconf\u00edo de los s\u00faper directivos agresivos que dicen que nunca se vienen abajo. Es mentira. Lo preocupante no es un des\u00e1nimo circunstancial, eso nos pasa a todos, sino no tener con quien compartirlo: eso es lo que agota la capacidad emprendedora.<\/span><\/div>\n<div style=\"text-align: justify;\"><span style=\"color: #000080;\">\u00a0\u00a0\u00a0\u00a0\u00a0\u00a0\u00a0\u00a0\u00a0\u00a0\u00a0\u00a0Nuestro amigo Sam est\u00e1 enfermo, pero no quiere ser el centro de atenci\u00f3n: \u201cOdio que la gente finja que se preocupa por m\u00ed\u201d: Todo lo contrario: \u201cS\u00f3lo quiero observar a pap\u00e1 y a mam\u00e1\u201d. Cuando el empresario se cree el centro del mercado, en lugar de poner en el centro a\u00a0\u00a0sus clientes, empleados y proveedores, la empresa empieza perder el rumbo. Porque el emprendedor se jubilar\u00e1, la empresa pasar\u00e1 a otras manos \u2013o cerrar\u00e1- pero la vida seguir\u00e1, aunque yo ya no est\u00e9 en el mercado, y lo m\u00e1s importante: no pasar\u00e1 nada, no se provocar\u00e1 ninguna cat\u00e1strofe econ\u00f3mica.<\/span><\/div>\n<div style=\"text-align: justify;\"><span style=\"color: #000080;\">\u00a0\u00a0\u00a0\u00a0\u00a0\u00a0\u00a0\u00a0\u00a0\u00a0\u00a0\u00a0Lo m\u00e1s importante: para cumplir sus deseos (de la misma manera que el empresario para\u00a0\u00a0conseguir sus objetivos) nuestro amigo\u00a0\u00a0hace tres cosas: fijarlos claramente, poner los medios y confiar en las personas adecuadas. Quiz\u00e1 no en las que m\u00e1s me halagan, sino en las que m\u00e1s me quieren, aunque me exijan. Por eso la plenitud del\u00a0\u00a0triunfo -para Sam el Cielo- es poderlo compartir con mi equipo \u2013\u00e9l con sus padres- que son los que me han llevado hasta ah\u00ed.<\/span><\/div>\n<div style=\"text-align: justify;\"><span style=\"color: #000080;\">\u00a0\u00a0\u00a0\u00a0\u00a0\u00a0\u00a0\u00a0\u00a0\u00a0\u00a0\u00a0Una sugerencia, no lea las cr\u00edticas \u2013yo no lo he hecho-,\u00a0\u00a0\u00a0a lo mejor incluso hablan bien de la pel\u00edcula, ser\u00eda lo l\u00f3gico; pero aqu\u00ed\u00a0\u00a0lo importante no son las t\u00e9cnicas de comunicaci\u00f3n visual y la direcci\u00f3n de actores. Hay otra forma de acercarse a ella: dejarse llevar por la magia de un ni\u00f1o, apenas un adolescente, que va abriendo caminos para recorrerlos en el desempe\u00f1o de la tarea empresarial. Aprov\u00e9chelos.<\/span><\/div>\n<div style=\"text-align: right;\"><span style=\"color: #000080;\">10.11.10<\/span><\/div>\n","protected":false},"excerpt":{"rendered":"<p>No soy entendido en vinos. Cuando pruebo alguno mi \u00fanica apreciaci\u00f3n es: me gusta, o no me gusta. Me asombra, y respeto, a quienes son capaces de apreciar en un vino que \u00absu boca es potente, con notas de frutas &hellip; <a href=\"https:\/\/www.ignaciovalduerteles.es\/blog\/articulos\/expansion\/vivir-para-siempre\/\">Continuar<\/a><\/p>\n","protected":false},"author":1,"featured_media":0,"parent":21,"menu_order":2,"comment_status":"open","ping_status":"open","template":"sidebar-page.php","meta":{"kt_blocks_editor_width":""},"yoast_head":"<!-- This site is optimized with the Yoast SEO plugin v19.0 - https:\/\/yoast.com\/wordpress\/plugins\/seo\/ -->\n<title>&quot;Vivir para siempre&quot; - Ignacio Valduerteles Bartos<\/title>\n<meta name=\"description\" content=\"Blog personal de Ignacio Valdu\u00e9rteles, Dr. en Administraci\u00f3n y Direcci\u00f3n de Empresas y miembro destacado en la hermandad la Soledad de San Lorenzo, en Sevilla\" \/>\n<meta name=\"robots\" content=\"index, follow, max-snippet:-1, max-image-preview:large, max-video-preview:-1\" \/>\n<link rel=\"canonical\" href=\"https:\/\/www.ignaciovalduerteles.es\/blog\/articulos\/expansion\/vivir-para-siempre\/\" \/>\n<meta property=\"og:locale\" content=\"es_ES\" \/>\n<meta property=\"og:type\" content=\"article\" \/>\n<meta property=\"og:title\" content=\"&quot;Vivir para siempre&quot; - Ignacio Valduerteles Bartos\" \/>\n<meta property=\"og:description\" content=\"Blog personal de Ignacio Valdu\u00e9rteles, Dr. en Administraci\u00f3n y Direcci\u00f3n de Empresas y miembro destacado en la hermandad la Soledad de San Lorenzo, en Sevilla\" \/>\n<meta property=\"og:url\" content=\"https:\/\/www.ignaciovalduerteles.es\/blog\/articulos\/expansion\/vivir-para-siempre\/\" \/>\n<meta property=\"og:site_name\" content=\"Ignacio Valduerteles Bartos\" \/>\n<meta property=\"article:modified_time\" content=\"2011-07-31T20:29:59+00:00\" \/>\n<meta property=\"og:image\" content=\"https:\/\/www.ignaciovalduerteles.es\/blog\/wp-content\/uploads\/2022\/02\/banner1-1024x292.png\" \/>\n\t<meta property=\"og:image:width\" content=\"1024\" \/>\n\t<meta property=\"og:image:height\" content=\"292\" \/>\n\t<meta property=\"og:image:type\" content=\"image\/png\" \/>\n<meta name=\"twitter:card\" content=\"summary_large_image\" \/>\n<meta name=\"twitter:label1\" content=\"Tiempo de lectura\" \/>\n\t<meta name=\"twitter:data1\" content=\"4 minutos\" \/>\n<script type=\"application\/ld+json\" class=\"yoast-schema-graph\">{\"@context\":\"https:\/\/schema.org\",\"@graph\":[{\"@type\":[\"Person\",\"Organization\"],\"@id\":\"https:\/\/www.ignaciovalduerteles.es\/blog\/#\/schema\/person\/c4ab4ed77f14e0141ba3dcd9c6f501d5\",\"name\":\"Ignacio Valduerteles Bartos\",\"image\":{\"@type\":\"ImageObject\",\"inLanguage\":\"es\",\"@id\":\"https:\/\/www.ignaciovalduerteles.es\/blog\/#\/schema\/person\/image\/\",\"url\":\"https:\/\/www.ignaciovalduerteles.es\/blog\/wp-content\/uploads\/2022\/02\/cabecera-1024x390.png\",\"contentUrl\":\"https:\/\/www.ignaciovalduerteles.es\/blog\/wp-content\/uploads\/2022\/02\/cabecera-1024x390.png\",\"width\":1024,\"height\":390,\"caption\":\"Ignacio Valduerteles Bartos\"},\"logo\":{\"@id\":\"https:\/\/www.ignaciovalduerteles.es\/blog\/#\/schema\/person\/image\/\"},\"sameAs\":[\"http:\/\/www.ivb.es\"]},{\"@type\":\"WebSite\",\"@id\":\"https:\/\/www.ignaciovalduerteles.es\/blog\/#website\",\"url\":\"https:\/\/www.ignaciovalduerteles.es\/blog\/\",\"name\":\"Ignacio Valduerteles Bartos\",\"description\":\"Reflexiones y art\u00edculos del Ignacio Valdu\u00e9rteles\",\"publisher\":{\"@id\":\"https:\/\/www.ignaciovalduerteles.es\/blog\/#\/schema\/person\/c4ab4ed77f14e0141ba3dcd9c6f501d5\"},\"potentialAction\":[{\"@type\":\"SearchAction\",\"target\":{\"@type\":\"EntryPoint\",\"urlTemplate\":\"https:\/\/www.ignaciovalduerteles.es\/blog\/?s={search_term_string}\"},\"query-input\":\"required name=search_term_string\"}],\"inLanguage\":\"es\"},{\"@type\":\"WebPage\",\"@id\":\"https:\/\/www.ignaciovalduerteles.es\/blog\/articulos\/expansion\/vivir-para-siempre\/#webpage\",\"url\":\"https:\/\/www.ignaciovalduerteles.es\/blog\/articulos\/expansion\/vivir-para-siempre\/\",\"name\":\"\\\"Vivir para siempre\\\" - Ignacio Valduerteles Bartos\",\"isPartOf\":{\"@id\":\"https:\/\/www.ignaciovalduerteles.es\/blog\/#website\"},\"datePublished\":\"2010-11-10T16:41:47+00:00\",\"dateModified\":\"2011-07-31T20:29:59+00:00\",\"description\":\"Blog personal de Ignacio Valdu\u00e9rteles, Dr. en Administraci\u00f3n y Direcci\u00f3n de Empresas y miembro destacado en la hermandad la Soledad de San Lorenzo, en Sevilla\",\"breadcrumb\":{\"@id\":\"https:\/\/www.ignaciovalduerteles.es\/blog\/articulos\/expansion\/vivir-para-siempre\/#breadcrumb\"},\"inLanguage\":\"es\",\"potentialAction\":[{\"@type\":\"ReadAction\",\"target\":[\"https:\/\/www.ignaciovalduerteles.es\/blog\/articulos\/expansion\/vivir-para-siempre\/\"]}]},{\"@type\":\"BreadcrumbList\",\"@id\":\"https:\/\/www.ignaciovalduerteles.es\/blog\/articulos\/expansion\/vivir-para-siempre\/#breadcrumb\",\"itemListElement\":[{\"@type\":\"ListItem\",\"position\":1,\"name\":\"Portada\",\"item\":\"https:\/\/www.ignaciovalduerteles.es\/blog\/\"},{\"@type\":\"ListItem\",\"position\":2,\"name\":\"Art\u00edculos\",\"item\":\"https:\/\/www.ignaciovalduerteles.es\/blog\/articulos\/\"},{\"@type\":\"ListItem\",\"position\":3,\"name\":\"Expansi\u00f3n\",\"item\":\"https:\/\/www.ignaciovalduerteles.es\/blog\/articulos\/expansion\/\"},{\"@type\":\"ListItem\",\"position\":4,\"name\":\"\u00abVivir para siempre\u00bb\"}]}]}<\/script>\n<!-- \/ Yoast SEO plugin. -->","yoast_head_json":{"title":"\"Vivir para siempre\" - Ignacio Valduerteles Bartos","description":"Blog personal de Ignacio Valdu\u00e9rteles, Dr. en Administraci\u00f3n y Direcci\u00f3n de Empresas y miembro destacado en la hermandad la Soledad de San Lorenzo, en Sevilla","robots":{"index":"index","follow":"follow","max-snippet":"max-snippet:-1","max-image-preview":"max-image-preview:large","max-video-preview":"max-video-preview:-1"},"canonical":"https:\/\/www.ignaciovalduerteles.es\/blog\/articulos\/expansion\/vivir-para-siempre\/","og_locale":"es_ES","og_type":"article","og_title":"\"Vivir para siempre\" - Ignacio Valduerteles Bartos","og_description":"Blog personal de Ignacio Valdu\u00e9rteles, Dr. en Administraci\u00f3n y Direcci\u00f3n de Empresas y miembro destacado en la hermandad la Soledad de San Lorenzo, en Sevilla","og_url":"https:\/\/www.ignaciovalduerteles.es\/blog\/articulos\/expansion\/vivir-para-siempre\/","og_site_name":"Ignacio Valduerteles Bartos","article_modified_time":"2011-07-31T20:29:59+00:00","og_image":[{"width":1024,"height":292,"url":"https:\/\/www.ignaciovalduerteles.es\/blog\/wp-content\/uploads\/2022\/02\/banner1-1024x292.png","type":"image\/png"}],"twitter_card":"summary_large_image","twitter_misc":{"Tiempo de lectura":"4 minutos"},"schema":{"@context":"https:\/\/schema.org","@graph":[{"@type":["Person","Organization"],"@id":"https:\/\/www.ignaciovalduerteles.es\/blog\/#\/schema\/person\/c4ab4ed77f14e0141ba3dcd9c6f501d5","name":"Ignacio Valduerteles Bartos","image":{"@type":"ImageObject","inLanguage":"es","@id":"https:\/\/www.ignaciovalduerteles.es\/blog\/#\/schema\/person\/image\/","url":"https:\/\/www.ignaciovalduerteles.es\/blog\/wp-content\/uploads\/2022\/02\/cabecera-1024x390.png","contentUrl":"https:\/\/www.ignaciovalduerteles.es\/blog\/wp-content\/uploads\/2022\/02\/cabecera-1024x390.png","width":1024,"height":390,"caption":"Ignacio Valduerteles Bartos"},"logo":{"@id":"https:\/\/www.ignaciovalduerteles.es\/blog\/#\/schema\/person\/image\/"},"sameAs":["http:\/\/www.ivb.es"]},{"@type":"WebSite","@id":"https:\/\/www.ignaciovalduerteles.es\/blog\/#website","url":"https:\/\/www.ignaciovalduerteles.es\/blog\/","name":"Ignacio Valduerteles Bartos","description":"Reflexiones y art\u00edculos del Ignacio Valdu\u00e9rteles","publisher":{"@id":"https:\/\/www.ignaciovalduerteles.es\/blog\/#\/schema\/person\/c4ab4ed77f14e0141ba3dcd9c6f501d5"},"potentialAction":[{"@type":"SearchAction","target":{"@type":"EntryPoint","urlTemplate":"https:\/\/www.ignaciovalduerteles.es\/blog\/?s={search_term_string}"},"query-input":"required name=search_term_string"}],"inLanguage":"es"},{"@type":"WebPage","@id":"https:\/\/www.ignaciovalduerteles.es\/blog\/articulos\/expansion\/vivir-para-siempre\/#webpage","url":"https:\/\/www.ignaciovalduerteles.es\/blog\/articulos\/expansion\/vivir-para-siempre\/","name":"\"Vivir para siempre\" - Ignacio Valduerteles Bartos","isPartOf":{"@id":"https:\/\/www.ignaciovalduerteles.es\/blog\/#website"},"datePublished":"2010-11-10T16:41:47+00:00","dateModified":"2011-07-31T20:29:59+00:00","description":"Blog personal de Ignacio Valdu\u00e9rteles, Dr. en Administraci\u00f3n y Direcci\u00f3n de Empresas y miembro destacado en la hermandad la Soledad de San Lorenzo, en Sevilla","breadcrumb":{"@id":"https:\/\/www.ignaciovalduerteles.es\/blog\/articulos\/expansion\/vivir-para-siempre\/#breadcrumb"},"inLanguage":"es","potentialAction":[{"@type":"ReadAction","target":["https:\/\/www.ignaciovalduerteles.es\/blog\/articulos\/expansion\/vivir-para-siempre\/"]}]},{"@type":"BreadcrumbList","@id":"https:\/\/www.ignaciovalduerteles.es\/blog\/articulos\/expansion\/vivir-para-siempre\/#breadcrumb","itemListElement":[{"@type":"ListItem","position":1,"name":"Portada","item":"https:\/\/www.ignaciovalduerteles.es\/blog\/"},{"@type":"ListItem","position":2,"name":"Art\u00edculos","item":"https:\/\/www.ignaciovalduerteles.es\/blog\/articulos\/"},{"@type":"ListItem","position":3,"name":"Expansi\u00f3n","item":"https:\/\/www.ignaciovalduerteles.es\/blog\/articulos\/expansion\/"},{"@type":"ListItem","position":4,"name":"\u00abVivir para siempre\u00bb"}]}]}},"_links":{"self":[{"href":"https:\/\/www.ignaciovalduerteles.es\/blog\/wp-json\/wp\/v2\/pages\/224"}],"collection":[{"href":"https:\/\/www.ignaciovalduerteles.es\/blog\/wp-json\/wp\/v2\/pages"}],"about":[{"href":"https:\/\/www.ignaciovalduerteles.es\/blog\/wp-json\/wp\/v2\/types\/page"}],"author":[{"embeddable":true,"href":"https:\/\/www.ignaciovalduerteles.es\/blog\/wp-json\/wp\/v2\/users\/1"}],"replies":[{"embeddable":true,"href":"https:\/\/www.ignaciovalduerteles.es\/blog\/wp-json\/wp\/v2\/comments?post=224"}],"version-history":[{"count":4,"href":"https:\/\/www.ignaciovalduerteles.es\/blog\/wp-json\/wp\/v2\/pages\/224\/revisions"}],"predecessor-version":[{"id":700,"href":"https:\/\/www.ignaciovalduerteles.es\/blog\/wp-json\/wp\/v2\/pages\/224\/revisions\/700"}],"up":[{"embeddable":true,"href":"https:\/\/www.ignaciovalduerteles.es\/blog\/wp-json\/wp\/v2\/pages\/21"}],"wp:attachment":[{"href":"https:\/\/www.ignaciovalduerteles.es\/blog\/wp-json\/wp\/v2\/media?parent=224"}],"curies":[{"name":"wp","href":"https:\/\/api.w.org\/{rel}","templated":true}]}}