{"id":229,"date":"2010-07-14T16:45:51","date_gmt":"2010-07-14T16:45:51","guid":{"rendered":"http:\/\/www.guadaoliva.comlu.com\/blog\/?page_id=229"},"modified":"2011-07-31T22:33:37","modified_gmt":"2011-07-31T20:33:37","slug":"la-profecia-que-se-cumple","status":"publish","type":"page","link":"https:\/\/www.ignaciovalduerteles.es\/blog\/articulos\/expansion\/la-profecia-que-se-cumple\/","title":{"rendered":"La profec\u00eda que se cumple"},"content":{"rendered":"<div style=\"text-align: justify;\">\u00a0<span style=\"color: #000080;\">Hay quien dice que los economistas son unos se\u00f1ores que se pasan media vida anunciando qu\u00e9 va a pasar y la otra media explicando por qu\u00e9 no ocurri\u00f3 aquello que anunciaron que iba a pasar.<\/span><\/div>\n<div style=\"text-align: justify;\"><span style=\"color: #000080;\">\u00a0\u00a0\u00a0\u00a0\u00a0\u00a0\u00a0\u00a0\u00a0\u00a0\u00a0\u00a0Perm\u00edtanme la vanidad de llevar la contraria a esa malvada opini\u00f3n.\u00a0La hemeroteca, ese archivo de la memoria maldito para los pol\u00edticos, en esta ocasi\u00f3n juega a mi favor.<\/span><\/div>\n<div style=\"text-align: justify;\"><span style=\"color: #000080;\">Hace ya tres a\u00f1os \u2013noviembre de 2007-, dec\u00eda en esta misma columna que\u00a0\u00a0\u201clas pol\u00edticas sociales indiscriminadas en las que el esfuerzo, el m\u00e9rito, el ejercicio de la libertad en la toma de decisiones y la asunci\u00f3n de las responsabilidades derivadas de esas decisiones, no cuentan, son muy rentables a corto plazo; sirven como cebo para capturar votos; pero,\u00a0\u00a0una vez mordido el anzuelo, el agraciado ya es prisionero de las ayudas y votante fiel, con la fidelidad del siervo\u201d.<\/span><\/div>\n<div style=\"text-align: justify;\"><span style=\"color: #000080;\">Argumentaba en esa misma columna que\u00a0\u00a0\u201ccuando los responsables sociales \u2013pol\u00edticos o no- se empe\u00f1an en una carrera sin sentido para tratar de ganarse la confianza de las nuevas generaciones sin plantearles ninguna exigencia las est\u00e1n condenando al fracaso\u201d.<\/span><\/div>\n<div style=\"text-align: justify;\"><span style=\"color: #000080;\">Meses m\u00e1s tarde comentaba \u2013siempre\u00a0<em>Pensando por Libre<\/em>, claro-\u00a0que \u201cla creaci\u00f3n de valor exige innovaci\u00f3n; pero\u00a0\u00a0para\u00a0\u00a0llevar a\u00a0\u00a0cabo esta innovaci\u00f3n no son suficiente las t\u00e9cnicas, se necesita un modelo previo construido por valores, que desarrollen a las personas. S\u00f3lo a partir de ah\u00ed se pueden conseguir empresas rentables. Si no,\u00a0\u00a0m\u00e1s de lo mismo\u201d.<\/span><\/div>\n<div style=\"text-align: justify;\"><span style=\"color: #000080;\">\u00a0\u00a0\u00a0\u00a0\u00a0\u00a0\u00a0\u00a0\u00a0\u00a0\u00a0\u00a0Ahora la prensa, con tres d\u00edas de separaci\u00f3n,\u00a0\u00a0nos trae dos noticias aparentemente inconexas: la primera es que el porcentaje de j\u00f3venes espa\u00f1oles que no estudia, ni trabaja, es del 20%. La informaci\u00f3n se completa con una serie de estad\u00edsticas sobre los\u00a0\u00a0niveles de educaci\u00f3n y formaci\u00f3n en Espa\u00f1a,\u00a0\u00a0todas demoledoras. La segunda noticia, del pasado viernes, la titulaba Expansi\u00f3n as\u00ed: \u201cEspa\u00f1a pierde, en la era de Zapatero, veinte puestos en competitividad\u201d.<\/span><\/div>\n<div style=\"text-align: justify;\"><span style=\"color: #000080;\">\u00a0\u00a0\u00a0\u00a0\u00a0\u00a0\u00a0\u00a0\u00a0\u00a0\u00a0\u00a0\u00bfExiste alguna relaci\u00f3n entre las dos? Bastante. La competitividad se deriva de la capacidad de las empresas para ofertar los mejores productos \u2013o servicios- a los mejores precios. Eso s\u00f3lo es posible de dos formas: bajando el precio de venta, lo que tiene un l\u00edmite: el de los costes de producci\u00f3n, o bajando esos costes de producci\u00f3n. Esto \u00faltimo se puede conseguir: rebajando salarios; llev\u00e1ndose la producci\u00f3n a otro pa\u00eds con costes laborales m\u00e1s bajos o tratando de\u00a0\u00a0hacer las cosas de modo m\u00e1s eficiente. Precisamente esto \u00faltimo es innovaci\u00f3n.<\/span><\/div>\n<div style=\"text-align: justify;\"><span style=\"color: #000080;\">\u00a0\u00a0\u00a0\u00a0\u00a0\u00a0\u00a0\u00a0\u00a0\u00a0\u00a0\u00a0Pero la innovaci\u00f3n no surge de la nada, es el resultado del esfuerzo de\u00a0\u00a0todos. Si los empresarios piensan que, cuando las cosas van mal, la Administraci\u00f3n tiene que ayudarles y los trabajadores opinan que ellos cobran por hacer lo que les dicen, que para pensar ya est\u00e1n otros, porque ellos \u201cno van a heredar la empresa\u201d, \u00bfqui\u00e9n piensa en crear riqueza?<\/span><\/div>\n<div style=\"text-align: justify;\"><span style=\"color: #000080;\">\u00a0\u00a0\u00a0\u00a0\u00a0\u00a0\u00a0\u00a0\u00a0\u00a0\u00a0\u00a0Ahora vendr\u00eda lo de \u201cyo ya lo dije\u201d; pero eso no tiene m\u00e9rito. Cuando alguien ve a un loco haciendo carreras por el carril contrario de la autopista es f\u00e1cil\u00a0\u00a0pronosticar que se va a matar y se va a llevar, adem\u00e1s, alguna otra vida por delante. Aqu\u00ed ocurre lo mismo. Es obvio que nuestra econom\u00eda s\u00f3lo se levanta con el esfuerzo cualificado de todos; pero se ha generado, de forma intencionada y pensando en el corto plazo,\u00a0\u00a0una generaci\u00f3n que, en un alto porcentaje, est\u00e1 incapacitada para asumir sacrificios, si \u00e9stos no tienen su recompensa a muy corto plazo. Que se siente sujeto de derechos \u2013todos-; pero no de deberes. Una generaci\u00f3n a la que han convencido de que siempre habr\u00e1 alguien que resuelva sus necesidades y si\u00a0\u00a0esto no ocurre\u00a0\u00a0quedar\u00e1 el recurso de buscar a qui\u00e9n echar las culpas. Una generaci\u00f3n, por \u00faltimo, con un nivel de educaci\u00f3n muy bajo, porque la exigencia ha sido m\u00ednima, para no frustrarlos. Una generaci\u00f3n, en definitiva, incapacitada para innovar, producir y competir.\u00a0\u00a0\u00a0\u00a0\u00a0\u00a0<\/span><\/div>\n<div style=\"text-align: justify;\"><span style=\"color: #000080;\">\u00a0\u00a0\u00a0\u00a0\u00a0\u00a0\u00a0\u00a0\u00a0\u00a0\u00a0\u00a0Cuando se discut\u00eda la reducci\u00f3n de la jornada laboral a 35 horas semanales, en una encuesta a pie de calle, la televisi\u00f3n de un pueblo pregunt\u00f3 a un vecino: \u00bfQu\u00e9 piensa usted de la posibilidad de trabajar 35 horas a la semana? La respuesta fue contundente: \u201cUna barbaridad. Ni treinta y cinco, ni veinte, ni diez.\u00a0\u00a0A m\u00ed,\u00a0\u00a0todo\u00a0\u00a0lo que sea trabajar me parece un disparate\u201d.\u00a0\u00a0Esta es una an\u00e9cdota, incluso divertida, que no se puede elevar a la categor\u00eda de norma; pero respuestas\u00a0\u00a0as\u00ed nos facilitan mucho el trabajo a los profetas.<\/span><\/div>\n<div style=\"text-align: right;\"><span style=\"color: #000080;\">\u00a014.07.10<\/span><\/div>\n","protected":false},"excerpt":{"rendered":"<p>\u00a0Hay quien dice que los economistas son unos se\u00f1ores que se pasan media vida anunciando qu\u00e9 va a pasar y la otra media explicando por qu\u00e9 no ocurri\u00f3 aquello que anunciaron que iba a pasar. \u00a0\u00a0\u00a0\u00a0\u00a0\u00a0\u00a0\u00a0\u00a0\u00a0\u00a0\u00a0Perm\u00edtanme la vanidad de llevar &hellip; <a href=\"https:\/\/www.ignaciovalduerteles.es\/blog\/articulos\/expansion\/la-profecia-que-se-cumple\/\">Continuar<\/a><\/p>\n","protected":false},"author":1,"featured_media":0,"parent":21,"menu_order":2,"comment_status":"open","ping_status":"open","template":"sidebar-page.php","meta":{"kt_blocks_editor_width":""},"yoast_head":"<!-- This site is optimized with the Yoast SEO plugin v19.0 - https:\/\/yoast.com\/wordpress\/plugins\/seo\/ -->\n<title>La profec\u00eda que se cumple - Ignacio Valduerteles Bartos<\/title>\n<meta name=\"description\" content=\"Blog personal de Ignacio Valdu\u00e9rteles, Dr. en Administraci\u00f3n y Direcci\u00f3n de Empresas y miembro destacado en la hermandad la Soledad de San Lorenzo, en Sevilla\" \/>\n<meta name=\"robots\" content=\"index, follow, max-snippet:-1, max-image-preview:large, max-video-preview:-1\" \/>\n<link rel=\"canonical\" href=\"https:\/\/www.ignaciovalduerteles.es\/blog\/articulos\/expansion\/la-profecia-que-se-cumple\/\" \/>\n<meta property=\"og:locale\" content=\"es_ES\" \/>\n<meta property=\"og:type\" content=\"article\" \/>\n<meta property=\"og:title\" content=\"La profec\u00eda que se cumple - Ignacio Valduerteles Bartos\" \/>\n<meta property=\"og:description\" content=\"Blog personal de Ignacio Valdu\u00e9rteles, Dr. en Administraci\u00f3n y Direcci\u00f3n de Empresas y miembro destacado en la hermandad la Soledad de San Lorenzo, en Sevilla\" \/>\n<meta property=\"og:url\" content=\"https:\/\/www.ignaciovalduerteles.es\/blog\/articulos\/expansion\/la-profecia-que-se-cumple\/\" \/>\n<meta property=\"og:site_name\" content=\"Ignacio Valduerteles Bartos\" \/>\n<meta property=\"article:modified_time\" content=\"2011-07-31T20:33:37+00:00\" \/>\n<meta property=\"og:image\" content=\"https:\/\/www.ignaciovalduerteles.es\/blog\/wp-content\/uploads\/2022\/02\/banner1-1024x292.png\" \/>\n\t<meta property=\"og:image:width\" content=\"1024\" \/>\n\t<meta property=\"og:image:height\" content=\"292\" \/>\n\t<meta property=\"og:image:type\" content=\"image\/png\" \/>\n<meta name=\"twitter:card\" content=\"summary_large_image\" \/>\n<meta name=\"twitter:label1\" content=\"Tiempo de lectura\" \/>\n\t<meta name=\"twitter:data1\" content=\"4 minutos\" \/>\n<script type=\"application\/ld+json\" class=\"yoast-schema-graph\">{\"@context\":\"https:\/\/schema.org\",\"@graph\":[{\"@type\":[\"Person\",\"Organization\"],\"@id\":\"https:\/\/www.ignaciovalduerteles.es\/blog\/#\/schema\/person\/c4ab4ed77f14e0141ba3dcd9c6f501d5\",\"name\":\"Ignacio Valduerteles Bartos\",\"image\":{\"@type\":\"ImageObject\",\"inLanguage\":\"es\",\"@id\":\"https:\/\/www.ignaciovalduerteles.es\/blog\/#\/schema\/person\/image\/\",\"url\":\"https:\/\/www.ignaciovalduerteles.es\/blog\/wp-content\/uploads\/2022\/02\/cabecera-1024x390.png\",\"contentUrl\":\"https:\/\/www.ignaciovalduerteles.es\/blog\/wp-content\/uploads\/2022\/02\/cabecera-1024x390.png\",\"width\":1024,\"height\":390,\"caption\":\"Ignacio Valduerteles Bartos\"},\"logo\":{\"@id\":\"https:\/\/www.ignaciovalduerteles.es\/blog\/#\/schema\/person\/image\/\"},\"sameAs\":[\"http:\/\/www.ivb.es\"]},{\"@type\":\"WebSite\",\"@id\":\"https:\/\/www.ignaciovalduerteles.es\/blog\/#website\",\"url\":\"https:\/\/www.ignaciovalduerteles.es\/blog\/\",\"name\":\"Ignacio Valduerteles Bartos\",\"description\":\"Reflexiones y art\u00edculos del Ignacio Valdu\u00e9rteles\",\"publisher\":{\"@id\":\"https:\/\/www.ignaciovalduerteles.es\/blog\/#\/schema\/person\/c4ab4ed77f14e0141ba3dcd9c6f501d5\"},\"potentialAction\":[{\"@type\":\"SearchAction\",\"target\":{\"@type\":\"EntryPoint\",\"urlTemplate\":\"https:\/\/www.ignaciovalduerteles.es\/blog\/?s={search_term_string}\"},\"query-input\":\"required name=search_term_string\"}],\"inLanguage\":\"es\"},{\"@type\":\"WebPage\",\"@id\":\"https:\/\/www.ignaciovalduerteles.es\/blog\/articulos\/expansion\/la-profecia-que-se-cumple\/#webpage\",\"url\":\"https:\/\/www.ignaciovalduerteles.es\/blog\/articulos\/expansion\/la-profecia-que-se-cumple\/\",\"name\":\"La profec\u00eda que se cumple - Ignacio Valduerteles Bartos\",\"isPartOf\":{\"@id\":\"https:\/\/www.ignaciovalduerteles.es\/blog\/#website\"},\"datePublished\":\"2010-07-14T16:45:51+00:00\",\"dateModified\":\"2011-07-31T20:33:37+00:00\",\"description\":\"Blog personal de Ignacio Valdu\u00e9rteles, Dr. en Administraci\u00f3n y Direcci\u00f3n de Empresas y miembro destacado en la hermandad la Soledad de San Lorenzo, en Sevilla\",\"breadcrumb\":{\"@id\":\"https:\/\/www.ignaciovalduerteles.es\/blog\/articulos\/expansion\/la-profecia-que-se-cumple\/#breadcrumb\"},\"inLanguage\":\"es\",\"potentialAction\":[{\"@type\":\"ReadAction\",\"target\":[\"https:\/\/www.ignaciovalduerteles.es\/blog\/articulos\/expansion\/la-profecia-que-se-cumple\/\"]}]},{\"@type\":\"BreadcrumbList\",\"@id\":\"https:\/\/www.ignaciovalduerteles.es\/blog\/articulos\/expansion\/la-profecia-que-se-cumple\/#breadcrumb\",\"itemListElement\":[{\"@type\":\"ListItem\",\"position\":1,\"name\":\"Portada\",\"item\":\"https:\/\/www.ignaciovalduerteles.es\/blog\/\"},{\"@type\":\"ListItem\",\"position\":2,\"name\":\"Art\u00edculos\",\"item\":\"https:\/\/www.ignaciovalduerteles.es\/blog\/articulos\/\"},{\"@type\":\"ListItem\",\"position\":3,\"name\":\"Expansi\u00f3n\",\"item\":\"https:\/\/www.ignaciovalduerteles.es\/blog\/articulos\/expansion\/\"},{\"@type\":\"ListItem\",\"position\":4,\"name\":\"La profec\u00eda que se cumple\"}]}]}<\/script>\n<!-- \/ Yoast SEO plugin. -->","yoast_head_json":{"title":"La profec\u00eda que se cumple - Ignacio Valduerteles Bartos","description":"Blog personal de Ignacio Valdu\u00e9rteles, Dr. en Administraci\u00f3n y Direcci\u00f3n de Empresas y miembro destacado en la hermandad la Soledad de San Lorenzo, en Sevilla","robots":{"index":"index","follow":"follow","max-snippet":"max-snippet:-1","max-image-preview":"max-image-preview:large","max-video-preview":"max-video-preview:-1"},"canonical":"https:\/\/www.ignaciovalduerteles.es\/blog\/articulos\/expansion\/la-profecia-que-se-cumple\/","og_locale":"es_ES","og_type":"article","og_title":"La profec\u00eda que se cumple - Ignacio Valduerteles Bartos","og_description":"Blog personal de Ignacio Valdu\u00e9rteles, Dr. en Administraci\u00f3n y Direcci\u00f3n de Empresas y miembro destacado en la hermandad la Soledad de San Lorenzo, en Sevilla","og_url":"https:\/\/www.ignaciovalduerteles.es\/blog\/articulos\/expansion\/la-profecia-que-se-cumple\/","og_site_name":"Ignacio Valduerteles Bartos","article_modified_time":"2011-07-31T20:33:37+00:00","og_image":[{"width":1024,"height":292,"url":"https:\/\/www.ignaciovalduerteles.es\/blog\/wp-content\/uploads\/2022\/02\/banner1-1024x292.png","type":"image\/png"}],"twitter_card":"summary_large_image","twitter_misc":{"Tiempo de lectura":"4 minutos"},"schema":{"@context":"https:\/\/schema.org","@graph":[{"@type":["Person","Organization"],"@id":"https:\/\/www.ignaciovalduerteles.es\/blog\/#\/schema\/person\/c4ab4ed77f14e0141ba3dcd9c6f501d5","name":"Ignacio Valduerteles Bartos","image":{"@type":"ImageObject","inLanguage":"es","@id":"https:\/\/www.ignaciovalduerteles.es\/blog\/#\/schema\/person\/image\/","url":"https:\/\/www.ignaciovalduerteles.es\/blog\/wp-content\/uploads\/2022\/02\/cabecera-1024x390.png","contentUrl":"https:\/\/www.ignaciovalduerteles.es\/blog\/wp-content\/uploads\/2022\/02\/cabecera-1024x390.png","width":1024,"height":390,"caption":"Ignacio Valduerteles Bartos"},"logo":{"@id":"https:\/\/www.ignaciovalduerteles.es\/blog\/#\/schema\/person\/image\/"},"sameAs":["http:\/\/www.ivb.es"]},{"@type":"WebSite","@id":"https:\/\/www.ignaciovalduerteles.es\/blog\/#website","url":"https:\/\/www.ignaciovalduerteles.es\/blog\/","name":"Ignacio Valduerteles Bartos","description":"Reflexiones y art\u00edculos del Ignacio Valdu\u00e9rteles","publisher":{"@id":"https:\/\/www.ignaciovalduerteles.es\/blog\/#\/schema\/person\/c4ab4ed77f14e0141ba3dcd9c6f501d5"},"potentialAction":[{"@type":"SearchAction","target":{"@type":"EntryPoint","urlTemplate":"https:\/\/www.ignaciovalduerteles.es\/blog\/?s={search_term_string}"},"query-input":"required name=search_term_string"}],"inLanguage":"es"},{"@type":"WebPage","@id":"https:\/\/www.ignaciovalduerteles.es\/blog\/articulos\/expansion\/la-profecia-que-se-cumple\/#webpage","url":"https:\/\/www.ignaciovalduerteles.es\/blog\/articulos\/expansion\/la-profecia-que-se-cumple\/","name":"La profec\u00eda que se cumple - Ignacio Valduerteles Bartos","isPartOf":{"@id":"https:\/\/www.ignaciovalduerteles.es\/blog\/#website"},"datePublished":"2010-07-14T16:45:51+00:00","dateModified":"2011-07-31T20:33:37+00:00","description":"Blog personal de Ignacio Valdu\u00e9rteles, Dr. en Administraci\u00f3n y Direcci\u00f3n de Empresas y miembro destacado en la hermandad la Soledad de San Lorenzo, en Sevilla","breadcrumb":{"@id":"https:\/\/www.ignaciovalduerteles.es\/blog\/articulos\/expansion\/la-profecia-que-se-cumple\/#breadcrumb"},"inLanguage":"es","potentialAction":[{"@type":"ReadAction","target":["https:\/\/www.ignaciovalduerteles.es\/blog\/articulos\/expansion\/la-profecia-que-se-cumple\/"]}]},{"@type":"BreadcrumbList","@id":"https:\/\/www.ignaciovalduerteles.es\/blog\/articulos\/expansion\/la-profecia-que-se-cumple\/#breadcrumb","itemListElement":[{"@type":"ListItem","position":1,"name":"Portada","item":"https:\/\/www.ignaciovalduerteles.es\/blog\/"},{"@type":"ListItem","position":2,"name":"Art\u00edculos","item":"https:\/\/www.ignaciovalduerteles.es\/blog\/articulos\/"},{"@type":"ListItem","position":3,"name":"Expansi\u00f3n","item":"https:\/\/www.ignaciovalduerteles.es\/blog\/articulos\/expansion\/"},{"@type":"ListItem","position":4,"name":"La profec\u00eda que se cumple"}]}]}},"_links":{"self":[{"href":"https:\/\/www.ignaciovalduerteles.es\/blog\/wp-json\/wp\/v2\/pages\/229"}],"collection":[{"href":"https:\/\/www.ignaciovalduerteles.es\/blog\/wp-json\/wp\/v2\/pages"}],"about":[{"href":"https:\/\/www.ignaciovalduerteles.es\/blog\/wp-json\/wp\/v2\/types\/page"}],"author":[{"embeddable":true,"href":"https:\/\/www.ignaciovalduerteles.es\/blog\/wp-json\/wp\/v2\/users\/1"}],"replies":[{"embeddable":true,"href":"https:\/\/www.ignaciovalduerteles.es\/blog\/wp-json\/wp\/v2\/comments?post=229"}],"version-history":[{"count":3,"href":"https:\/\/www.ignaciovalduerteles.es\/blog\/wp-json\/wp\/v2\/pages\/229\/revisions"}],"predecessor-version":[{"id":703,"href":"https:\/\/www.ignaciovalduerteles.es\/blog\/wp-json\/wp\/v2\/pages\/229\/revisions\/703"}],"up":[{"embeddable":true,"href":"https:\/\/www.ignaciovalduerteles.es\/blog\/wp-json\/wp\/v2\/pages\/21"}],"wp:attachment":[{"href":"https:\/\/www.ignaciovalduerteles.es\/blog\/wp-json\/wp\/v2\/media?parent=229"}],"curies":[{"name":"wp","href":"https:\/\/api.w.org\/{rel}","templated":true}]}}