{"id":243,"date":"2009-12-09T16:53:45","date_gmt":"2009-12-09T16:53:45","guid":{"rendered":"http:\/\/www.guadaoliva.comlu.com\/blog\/?page_id=243"},"modified":"2011-07-31T22:42:13","modified_gmt":"2011-07-31T20:42:13","slug":"por-una-vez","status":"publish","type":"page","link":"https:\/\/www.ignaciovalduerteles.es\/blog\/articulos\/expansion\/por-una-vez\/","title":{"rendered":"Por una vez"},"content":{"rendered":"<div style=\"text-align: justify;\"><span style=\"color: #000080;\"><strong>\u00a0 \u00a0 \u00a0 \u00a0 \u00a0 \u00a0\u00a0<\/strong>Las campa\u00f1as publicitarias del Partido Socialista suelen ser bastante buenas. Siempre lo han sido. Desde aquellos dibujos amables y llenos de color con los que el dibujante Jos\u00e9 Ram\u00f3n, en los a\u00f1os setenta,\u00a0animaba a los indecisos a votar a un PSOE que se presentaba como algo nuevo e ilusionante, sus envoltorios publicitarios siempre han sido de gran calidad. Claro que ha habido excepciones, como la del doberman; pero\u00a0\u00a0el nivel medio ha sido de notable para arriba.<\/span><\/div>\n<div style=\"text-align: justify;\"><span style=\"color: #000080;\">\u00a0\u00a0\u00a0\u00a0\u00a0\u00a0\u00a0\u00a0\u00a0\u00a0\u00a0\u00a0Eso es, hasta cierto punto, comprensible en un partido socialista. El socialismo no tiene como referentes a las personas, individualmente, sino a los colectivos, a las masas, y eso condiciona su mensaje. A las personas hay que convencerlas una a una, con argumentos m\u00e1s o menos elaborados. A los grupos se les seduce con mensajes publicitarios dirigidos al coraz\u00f3n, no a la cabeza. As\u00ed es como funciona esto. Por eso es l\u00f3gico que, sin considerar los contenidos, la izquierda presente siempre mejores campa\u00f1as de comunicaci\u00f3n. Les va en ello su ser.<\/span><\/div>\n<div style=\"text-align: justify;\"><span style=\"color: #000080;\">En esa l\u00ednea publicitaria, lo que los periodistas llaman \u201cla factor\u00eda Ferraz\u201d acaba de producir un v\u00eddeo, de unos dos minutos de duraci\u00f3n, para presentar la Nueva Econom\u00eda, la que propone el anteproyecto de\u00a0\u00a0Ley de Econom\u00eda Sostenible, que est\u00e1 en l\u00ednea con toda la producci\u00f3n anterior: un precioso embalaje que envuelve el vac\u00edo y en el que se hacen afirmaciones tan ins\u00f3litas, incluso en un contexto publicitario y acr\u00edtico, como la de que han sido los socialistas los que han propiciado nuestra\u00a0\u00a0entrada en Europa; la sanidad universal; la educaci\u00f3n obligatoria; las pensiones; la jornada laboral de cuarenta horas y el mes de vacaciones anuales. Y, ya lanzados, entre ese elenco de logros tambi\u00e9n incluyen la liberalizaci\u00f3n del aborto y los \u201cmatrimonios\u201d homosexuales.<\/span><\/div>\n<div style=\"text-align: justify;\"><span style=\"color: #000080;\">Pero este v\u00eddeo \u2013no s\u00e9 si se emitir\u00e1 por los canales de televisi\u00f3n o es cisible s\u00f3lo en su web- tiene algo especial: por una vez estoy de acuerdo con el n\u00facleo del mensaje que transmite y que gira en torno a una idea rotunda:\u00a0<em>Conservador es tener miedo al futuro. Progresista es transformador.<\/em>\u00a0No se pod\u00eda haber expresado mejor, ni con menos palabras.<\/span><\/div>\n<div style=\"text-align: justify;\"><span style=\"color: #000080;\">Efectivamente una persona conservadora es la que se aferra al pasado, para recrearse en \u00e9l o para tratar de modificarlo a su gusto; pero le falta valor para dar un salto hacia adelante, para explorar nuevos caminos sin aferrarse a principios doctrinarios obsoletos. Viven tan obsesionados por el pasado que no tienen tiempo para preparar el futuro.<\/span><\/div>\n<div style=\"text-align: justify;\"><span style=\"color: #000080;\">El problema, para los conservadores, viene cuando hay que pasar de la publicidad a los hechos. El caso m\u00e1s reciente lo tenemos ahora mismo en la calle. Despu\u00e9s de muchas decisiones para tratar de parchear los efectos de la crisis, sin atacar las causas, se ha venido anunciando durante semanas\u00a0\u00a0con gran despliegue -intervenciones en foros destacados, entrevistas y el reciente acto\u00a0\u00a0de partido,\u00a0\u00a0al m\u00e1s puro estilo estadounidense, con la\u00a0\u00a0aparici\u00f3n final\u00a0\u00a0de la pareja presidencial, descendiendo por una escalera,\u00a0\u00a0incluida- una nueva Ley que resolver\u00eda todos los problemas econ\u00f3micos: la Ley de Econom\u00eda Sostenible.<\/span><\/div>\n<div style=\"text-align: justify;\"><span style=\"color: #000080;\">De entrada ya no sonaba muy bien eso de que los remedios para la econom\u00eda vengan de una ley omnicomprensiva y reguladora y no del esfuerzo de los empresarios y sus empleados. Esas preocupantes intuiciones se han confirmado al hacerse p\u00fablico el texto del Anteproyecto de Ley de Econom\u00eda Sostenible. Lo conforman un conjunto deslavazado de proclamas ecol\u00f3gicas,\u00a0\u00a0medidas anecd\u00f3ticas y las habituales dosis de ret\u00f3rica sobre el cambio de modelo econ\u00f3mico, la internacionalizaci\u00f3n y la investigaci\u00f3n, desarrollo e innovaci\u00f3n.\u00a0\u00a0<\/span><\/div>\n<div style=\"text-align: justify;\"><span style=\"color: #000080;\">No es un\u00a0\u00a0tema de ideolog\u00edas, ni de planteamientos econ\u00f3micos. Es algo m\u00e1s simple: creer en la libertad, no tener miedo al futuro. En definitiva: que el Gobierno de Espa\u00f1a deje de una vez las rancias pol\u00edticas conservadoras y\u00a0\u00a0se atreva a ser progresista, a tomar decisiones que transformen la realidad actual y preparen un camino m\u00e1s esperanzador. De tanto mirar hacia atr\u00e1s nos estamos perdiendo el futuro.<\/span><\/div>\n<div style=\"text-align: right;\"><span style=\"color: #000080;\">09.12.09<\/span><\/div>\n","protected":false},"excerpt":{"rendered":"<p>\u00a0 \u00a0 \u00a0 \u00a0 \u00a0 \u00a0\u00a0Las campa\u00f1as publicitarias del Partido Socialista suelen ser bastante buenas. Siempre lo han sido. Desde aquellos dibujos amables y llenos de color con los que el dibujante Jos\u00e9 Ram\u00f3n, en los a\u00f1os setenta,\u00a0animaba a los &hellip; <a href=\"https:\/\/www.ignaciovalduerteles.es\/blog\/articulos\/expansion\/por-una-vez\/\">Continuar<\/a><\/p>\n","protected":false},"author":1,"featured_media":0,"parent":21,"menu_order":2,"comment_status":"open","ping_status":"open","template":"sidebar-page.php","meta":{"kt_blocks_editor_width":""},"yoast_head":"<!-- This site is optimized with the Yoast SEO plugin v19.0 - https:\/\/yoast.com\/wordpress\/plugins\/seo\/ -->\n<title>Por una vez - Ignacio Valduerteles Bartos<\/title>\n<meta name=\"description\" content=\"Blog personal de Ignacio Valdu\u00e9rteles, Dr. en Administraci\u00f3n y Direcci\u00f3n de Empresas y miembro destacado en la hermandad la Soledad de San Lorenzo, en Sevilla\" \/>\n<meta name=\"robots\" content=\"index, follow, max-snippet:-1, max-image-preview:large, max-video-preview:-1\" \/>\n<link rel=\"canonical\" href=\"https:\/\/www.ignaciovalduerteles.es\/blog\/articulos\/expansion\/por-una-vez\/\" \/>\n<meta property=\"og:locale\" content=\"es_ES\" \/>\n<meta property=\"og:type\" content=\"article\" \/>\n<meta property=\"og:title\" content=\"Por una vez - Ignacio Valduerteles Bartos\" \/>\n<meta property=\"og:description\" content=\"Blog personal de Ignacio Valdu\u00e9rteles, Dr. en Administraci\u00f3n y Direcci\u00f3n de Empresas y miembro destacado en la hermandad la Soledad de San Lorenzo, en Sevilla\" \/>\n<meta property=\"og:url\" content=\"https:\/\/www.ignaciovalduerteles.es\/blog\/articulos\/expansion\/por-una-vez\/\" \/>\n<meta property=\"og:site_name\" content=\"Ignacio Valduerteles Bartos\" \/>\n<meta property=\"article:modified_time\" content=\"2011-07-31T20:42:13+00:00\" \/>\n<meta property=\"og:image\" content=\"https:\/\/www.ignaciovalduerteles.es\/blog\/wp-content\/uploads\/2022\/02\/banner1-1024x292.png\" \/>\n\t<meta property=\"og:image:width\" content=\"1024\" \/>\n\t<meta property=\"og:image:height\" content=\"292\" \/>\n\t<meta property=\"og:image:type\" content=\"image\/png\" \/>\n<meta name=\"twitter:card\" content=\"summary_large_image\" \/>\n<meta name=\"twitter:label1\" content=\"Tiempo de lectura\" \/>\n\t<meta name=\"twitter:data1\" content=\"4 minutos\" \/>\n<script type=\"application\/ld+json\" class=\"yoast-schema-graph\">{\"@context\":\"https:\/\/schema.org\",\"@graph\":[{\"@type\":[\"Person\",\"Organization\"],\"@id\":\"https:\/\/www.ignaciovalduerteles.es\/blog\/#\/schema\/person\/c4ab4ed77f14e0141ba3dcd9c6f501d5\",\"name\":\"Ignacio Valduerteles Bartos\",\"image\":{\"@type\":\"ImageObject\",\"inLanguage\":\"es\",\"@id\":\"https:\/\/www.ignaciovalduerteles.es\/blog\/#\/schema\/person\/image\/\",\"url\":\"https:\/\/www.ignaciovalduerteles.es\/blog\/wp-content\/uploads\/2022\/02\/cabecera-1024x390.png\",\"contentUrl\":\"https:\/\/www.ignaciovalduerteles.es\/blog\/wp-content\/uploads\/2022\/02\/cabecera-1024x390.png\",\"width\":1024,\"height\":390,\"caption\":\"Ignacio Valduerteles Bartos\"},\"logo\":{\"@id\":\"https:\/\/www.ignaciovalduerteles.es\/blog\/#\/schema\/person\/image\/\"},\"sameAs\":[\"http:\/\/www.ivb.es\"]},{\"@type\":\"WebSite\",\"@id\":\"https:\/\/www.ignaciovalduerteles.es\/blog\/#website\",\"url\":\"https:\/\/www.ignaciovalduerteles.es\/blog\/\",\"name\":\"Ignacio Valduerteles Bartos\",\"description\":\"Reflexiones y art\u00edculos del Ignacio Valdu\u00e9rteles\",\"publisher\":{\"@id\":\"https:\/\/www.ignaciovalduerteles.es\/blog\/#\/schema\/person\/c4ab4ed77f14e0141ba3dcd9c6f501d5\"},\"potentialAction\":[{\"@type\":\"SearchAction\",\"target\":{\"@type\":\"EntryPoint\",\"urlTemplate\":\"https:\/\/www.ignaciovalduerteles.es\/blog\/?s={search_term_string}\"},\"query-input\":\"required name=search_term_string\"}],\"inLanguage\":\"es\"},{\"@type\":\"WebPage\",\"@id\":\"https:\/\/www.ignaciovalduerteles.es\/blog\/articulos\/expansion\/por-una-vez\/#webpage\",\"url\":\"https:\/\/www.ignaciovalduerteles.es\/blog\/articulos\/expansion\/por-una-vez\/\",\"name\":\"Por una vez - Ignacio Valduerteles Bartos\",\"isPartOf\":{\"@id\":\"https:\/\/www.ignaciovalduerteles.es\/blog\/#website\"},\"datePublished\":\"2009-12-09T16:53:45+00:00\",\"dateModified\":\"2011-07-31T20:42:13+00:00\",\"description\":\"Blog personal de Ignacio Valdu\u00e9rteles, Dr. en Administraci\u00f3n y Direcci\u00f3n de Empresas y miembro destacado en la hermandad la Soledad de San Lorenzo, en Sevilla\",\"breadcrumb\":{\"@id\":\"https:\/\/www.ignaciovalduerteles.es\/blog\/articulos\/expansion\/por-una-vez\/#breadcrumb\"},\"inLanguage\":\"es\",\"potentialAction\":[{\"@type\":\"ReadAction\",\"target\":[\"https:\/\/www.ignaciovalduerteles.es\/blog\/articulos\/expansion\/por-una-vez\/\"]}]},{\"@type\":\"BreadcrumbList\",\"@id\":\"https:\/\/www.ignaciovalduerteles.es\/blog\/articulos\/expansion\/por-una-vez\/#breadcrumb\",\"itemListElement\":[{\"@type\":\"ListItem\",\"position\":1,\"name\":\"Portada\",\"item\":\"https:\/\/www.ignaciovalduerteles.es\/blog\/\"},{\"@type\":\"ListItem\",\"position\":2,\"name\":\"Art\u00edculos\",\"item\":\"https:\/\/www.ignaciovalduerteles.es\/blog\/articulos\/\"},{\"@type\":\"ListItem\",\"position\":3,\"name\":\"Expansi\u00f3n\",\"item\":\"https:\/\/www.ignaciovalduerteles.es\/blog\/articulos\/expansion\/\"},{\"@type\":\"ListItem\",\"position\":4,\"name\":\"Por una vez\"}]}]}<\/script>\n<!-- \/ Yoast SEO plugin. -->","yoast_head_json":{"title":"Por una vez - Ignacio Valduerteles Bartos","description":"Blog personal de Ignacio Valdu\u00e9rteles, Dr. en Administraci\u00f3n y Direcci\u00f3n de Empresas y miembro destacado en la hermandad la Soledad de San Lorenzo, en Sevilla","robots":{"index":"index","follow":"follow","max-snippet":"max-snippet:-1","max-image-preview":"max-image-preview:large","max-video-preview":"max-video-preview:-1"},"canonical":"https:\/\/www.ignaciovalduerteles.es\/blog\/articulos\/expansion\/por-una-vez\/","og_locale":"es_ES","og_type":"article","og_title":"Por una vez - Ignacio Valduerteles Bartos","og_description":"Blog personal de Ignacio Valdu\u00e9rteles, Dr. en Administraci\u00f3n y Direcci\u00f3n de Empresas y miembro destacado en la hermandad la Soledad de San Lorenzo, en Sevilla","og_url":"https:\/\/www.ignaciovalduerteles.es\/blog\/articulos\/expansion\/por-una-vez\/","og_site_name":"Ignacio Valduerteles Bartos","article_modified_time":"2011-07-31T20:42:13+00:00","og_image":[{"width":1024,"height":292,"url":"https:\/\/www.ignaciovalduerteles.es\/blog\/wp-content\/uploads\/2022\/02\/banner1-1024x292.png","type":"image\/png"}],"twitter_card":"summary_large_image","twitter_misc":{"Tiempo de lectura":"4 minutos"},"schema":{"@context":"https:\/\/schema.org","@graph":[{"@type":["Person","Organization"],"@id":"https:\/\/www.ignaciovalduerteles.es\/blog\/#\/schema\/person\/c4ab4ed77f14e0141ba3dcd9c6f501d5","name":"Ignacio Valduerteles Bartos","image":{"@type":"ImageObject","inLanguage":"es","@id":"https:\/\/www.ignaciovalduerteles.es\/blog\/#\/schema\/person\/image\/","url":"https:\/\/www.ignaciovalduerteles.es\/blog\/wp-content\/uploads\/2022\/02\/cabecera-1024x390.png","contentUrl":"https:\/\/www.ignaciovalduerteles.es\/blog\/wp-content\/uploads\/2022\/02\/cabecera-1024x390.png","width":1024,"height":390,"caption":"Ignacio Valduerteles Bartos"},"logo":{"@id":"https:\/\/www.ignaciovalduerteles.es\/blog\/#\/schema\/person\/image\/"},"sameAs":["http:\/\/www.ivb.es"]},{"@type":"WebSite","@id":"https:\/\/www.ignaciovalduerteles.es\/blog\/#website","url":"https:\/\/www.ignaciovalduerteles.es\/blog\/","name":"Ignacio Valduerteles Bartos","description":"Reflexiones y art\u00edculos del Ignacio Valdu\u00e9rteles","publisher":{"@id":"https:\/\/www.ignaciovalduerteles.es\/blog\/#\/schema\/person\/c4ab4ed77f14e0141ba3dcd9c6f501d5"},"potentialAction":[{"@type":"SearchAction","target":{"@type":"EntryPoint","urlTemplate":"https:\/\/www.ignaciovalduerteles.es\/blog\/?s={search_term_string}"},"query-input":"required name=search_term_string"}],"inLanguage":"es"},{"@type":"WebPage","@id":"https:\/\/www.ignaciovalduerteles.es\/blog\/articulos\/expansion\/por-una-vez\/#webpage","url":"https:\/\/www.ignaciovalduerteles.es\/blog\/articulos\/expansion\/por-una-vez\/","name":"Por una vez - Ignacio Valduerteles Bartos","isPartOf":{"@id":"https:\/\/www.ignaciovalduerteles.es\/blog\/#website"},"datePublished":"2009-12-09T16:53:45+00:00","dateModified":"2011-07-31T20:42:13+00:00","description":"Blog personal de Ignacio Valdu\u00e9rteles, Dr. en Administraci\u00f3n y Direcci\u00f3n de Empresas y miembro destacado en la hermandad la Soledad de San Lorenzo, en Sevilla","breadcrumb":{"@id":"https:\/\/www.ignaciovalduerteles.es\/blog\/articulos\/expansion\/por-una-vez\/#breadcrumb"},"inLanguage":"es","potentialAction":[{"@type":"ReadAction","target":["https:\/\/www.ignaciovalduerteles.es\/blog\/articulos\/expansion\/por-una-vez\/"]}]},{"@type":"BreadcrumbList","@id":"https:\/\/www.ignaciovalduerteles.es\/blog\/articulos\/expansion\/por-una-vez\/#breadcrumb","itemListElement":[{"@type":"ListItem","position":1,"name":"Portada","item":"https:\/\/www.ignaciovalduerteles.es\/blog\/"},{"@type":"ListItem","position":2,"name":"Art\u00edculos","item":"https:\/\/www.ignaciovalduerteles.es\/blog\/articulos\/"},{"@type":"ListItem","position":3,"name":"Expansi\u00f3n","item":"https:\/\/www.ignaciovalduerteles.es\/blog\/articulos\/expansion\/"},{"@type":"ListItem","position":4,"name":"Por una vez"}]}]}},"_links":{"self":[{"href":"https:\/\/www.ignaciovalduerteles.es\/blog\/wp-json\/wp\/v2\/pages\/243"}],"collection":[{"href":"https:\/\/www.ignaciovalduerteles.es\/blog\/wp-json\/wp\/v2\/pages"}],"about":[{"href":"https:\/\/www.ignaciovalduerteles.es\/blog\/wp-json\/wp\/v2\/types\/page"}],"author":[{"embeddable":true,"href":"https:\/\/www.ignaciovalduerteles.es\/blog\/wp-json\/wp\/v2\/users\/1"}],"replies":[{"embeddable":true,"href":"https:\/\/www.ignaciovalduerteles.es\/blog\/wp-json\/wp\/v2\/comments?post=243"}],"version-history":[{"count":3,"href":"https:\/\/www.ignaciovalduerteles.es\/blog\/wp-json\/wp\/v2\/pages\/243\/revisions"}],"predecessor-version":[{"id":710,"href":"https:\/\/www.ignaciovalduerteles.es\/blog\/wp-json\/wp\/v2\/pages\/243\/revisions\/710"}],"up":[{"embeddable":true,"href":"https:\/\/www.ignaciovalduerteles.es\/blog\/wp-json\/wp\/v2\/pages\/21"}],"wp:attachment":[{"href":"https:\/\/www.ignaciovalduerteles.es\/blog\/wp-json\/wp\/v2\/media?parent=243"}],"curies":[{"name":"wp","href":"https:\/\/api.w.org\/{rel}","templated":true}]}}