{"id":2880,"date":"2022-03-24T22:18:42","date_gmt":"2022-03-24T21:18:42","guid":{"rendered":"https:\/\/www.ignaciovalduerteles.es\/blog\/?page_id=2880"},"modified":"2022-03-24T22:18:42","modified_gmt":"2022-03-24T21:18:42","slug":"hermandades-y-empresas-dos-agentes-sociales-complementarios","status":"publish","type":"page","link":"https:\/\/www.ignaciovalduerteles.es\/blog\/articulos\/abc\/hermandades-y-empresas-dos-agentes-sociales-complementarios\/","title":{"rendered":"HERMANDADES Y EMPRESAS: DOS AGENTES SOCIALES COMPLEMENTARIOS"},"content":{"rendered":"\n<div class=\"wp-block-media-text alignwide has-media-on-the-right is-stacked-on-mobile\" style=\"grid-template-columns:auto 23%\"><figure class=\"wp-block-media-text__media\"><img decoding=\"async\" loading=\"lazy\" width=\"578\" height=\"1024\" src=\"https:\/\/www.ignaciovalduerteles.es\/blog\/wp-content\/uploads\/2022\/03\/IMG_0444-578x1024.jpg\" alt=\"\" class=\"wp-image-2882 size-full\" srcset=\"https:\/\/www.ignaciovalduerteles.es\/blog\/wp-content\/uploads\/2022\/03\/IMG_0444-578x1024.jpg 578w, https:\/\/www.ignaciovalduerteles.es\/blog\/wp-content\/uploads\/2022\/03\/IMG_0444-169x300.jpg 169w, https:\/\/www.ignaciovalduerteles.es\/blog\/wp-content\/uploads\/2022\/03\/IMG_0444-768x1359.jpg 768w, https:\/\/www.ignaciovalduerteles.es\/blog\/wp-content\/uploads\/2022\/03\/IMG_0444-868x1536.jpg 868w, https:\/\/www.ignaciovalduerteles.es\/blog\/wp-content\/uploads\/2022\/03\/IMG_0444.jpg 1031w\" sizes=\"(max-width: 578px) 100vw, 578px\" \/><\/figure><div class=\"wp-block-media-text__content\">\n<p><\/p>\n\n\n\n<p><em><strong>Ignacio Valdu\u00e9rteles<\/strong><\/em> <br><em>Tte. de Hermano Mayor<br>Hermandad de la Soledad de San Lorenzo<\/em><\/p>\n\n\n\n<p><\/p>\n\n\n\n<p><em><br><\/em><\/p>\n\n\n\n<p>Estos d\u00edas en los que las hermandades est\u00e1n &nbsp;de&nbsp; actualidad, si es que alguna vez han dejado de estarlo a lo largo del a\u00f1o, son un buen momento para tratar de dar una vuelta de tuerca al papel que han de desarrollar como creadoras de modelos sociales y&nbsp; econ\u00f3micos, &nbsp;m\u00e1s all\u00e1 de los cultos, recorridos, estrenos y&nbsp; temas de seguridad.<\/p>\n\n\n\n<p>Para centrar el tema hay que empezar afirmando que&nbsp; los &nbsp;modelos culturales son &nbsp;los que generan modelos econ\u00f3micos, no al rev\u00e9s. En este momento el modelo cultural imperante, y el consiguiente modelo econ\u00f3mico originado, andan mal. Una cultura que propone al &nbsp;hombre como sujeto de derechos exclusivamente,&nbsp; genera una econom\u00eda asociada al estado de bienestar, que se est\u00e1 agotando, como modelo econ\u00f3mico y social.<\/p>\n\n\n\n<p>Uno de los fines de las hermandades, recogidos en el C\u00f3digo de Derecho Can\u00f3nico es el de tratar de mejorar&nbsp; la sociedad, con esp\u00edritu cristiano. No es algo que nos deba resultar extra\u00f1o, las hermandades son asociaciones de la Iglesia Cat\u00f3lica y &nbsp;la fe tiene una dimensi\u00f3n social, genera una \u00e9tica social, que se hace cultura: una cultura a la medida del hombre y su dignidad trascendente que supera la concepci\u00f3n del hombre como sujeto de derechos exclusivamente y a un estado del bienestar agotado, asociando a ellos los deberes que complementan esos derechos de las personas, unidas en un contexto social.<\/p>\n\n\n\n<p>Cerramos el c\u00edrculo: puesto que la econom\u00eda es la consecuencia y expresi\u00f3n del modelo cultural y las hermandades generan cultura, las hermandades inciden en la econom\u00eda. Han de influir en la creaci\u00f3n de modelos econ\u00f3micos acordes con la dignidad de la persona humana y su naturaleza. Inciden as\u00ed en la &nbsp;creaci\u00f3n de valor y en la mejora del &nbsp;entorno social.<\/p>\n<\/div><\/div>\n\n\n\n<p>\u00bfY las empresas? No son&nbsp; s\u00f3lo como una estructura de producci\u00f3n, sino una comunidad de personas donde el desarrollo de \u00e9stas &nbsp;no s\u00f3lo es permitido, sino que ha de ser fomentado.&nbsp; &nbsp;Para eso necesitan un entorno favorable, han de crear ecosistemas&nbsp; que mejoren la sociedad, para instalarse y vivir adecuadamente. Eso es la Responsabilidad&nbsp; Social Corporativa, la RSC: &nbsp;&nbsp;las actuaciones de las personas que integran una empresa para crear valor en su entorno.<\/p>\n\n\n\n<p>Se establece as\u00ed un punto de uni\u00f3n entre la acci\u00f3n social de las hermandades y la RSC de las empresas, dos&nbsp; organizaciones de personas&nbsp; orientadas a la creaci\u00f3n de valor en su entorno. La RSC no son actividades a\u00f1adidas a la actividad de la empresa con fines de marketing,&nbsp; o para el cumplimiento de unas obligaciones formales, es la consecuencia de unos valores, expresados en un modelo \u00e9tico, traducido en cultura empresarial.<\/p>\n\n\n\n<p>Una de las tendencias que se observan en este campo es la externalizaci\u00f3n de la RSC, bien encarg\u00e1ndolo a organizaciones responsables socialmente o mediante el establecimiento de relaciones con empresas que poseen &nbsp;una intensa cultura de responsabilidad social.<\/p>\n\n\n\n<p>Pero la externalizaci\u00f3n de la RSC no es una simple transacci\u00f3n comercial, &nbsp;no se&nbsp; limita a contratar unos servicios a una empresa u organizaci\u00f3n. Es necesaria una alineaci\u00f3n&nbsp; entre la cultura de ambas organizaciones, a las que mejora. &nbsp;La RSC se puede \u2018comprar\u2019,&nbsp; pero&nbsp; s\u00f3lo si existe una orientaci\u00f3n similar mejorar\u00e1 su cultura empresarial. Una externalizaci\u00f3n puramente formal se volver\u00eda contra&nbsp; ambas organizaciones.<\/p>\n\n\n\n<p>Aqu\u00ed es donde adquieren un papel protagonista las hermandades como agentes externalizadores del RSC de las empresas. \u00bfPor qu\u00e9 las hermandades y no&nbsp; otras entidades?, porque las hermandades tienen como misi\u00f3n la creaci\u00f3n de valor en la sociedad,&nbsp; a la que tratan de mejorar con la creaci\u00f3n de modelos culturales acordes con la dignidad de la persona. Esa mejora de la sociedad repercutir\u00e1 en los espacios sociales &nbsp;en los que se desenvuelven las empresas,&nbsp; quienes se&nbsp; beneficiar\u00e1n, por tanto, de la cultura generada por las hermandades.<\/p>\n\n\n\n<p>La colaboraci\u00f3n entre empresas y hermandades en este campo, sobre bases conceptuales s\u00f3lidas,&nbsp; mejora la cultura organizacional de las empresas. Merece la pena que las empresas colaboren con las hermandades para que \u00e9stas puedan incidir en la creaci\u00f3n de un ecosistema m\u00e1s humano, en el aquellas &nbsp;podr\u00e1n desarrollar mejor su actividad.<\/p>\n\n\n\n<p>Se abre aqu\u00ed un interesante campo de estudio sobre las posibilidades y las consecuencias de la externalizaci\u00f3n, por parte de las empresas, de la RSC con&nbsp; las hermandades, organizaciones \u00e9ticas que llevan ya muchos a\u00f1os, en ocasiones siglos,&nbsp; dedicadas a esta tarea que forma parte de&nbsp; su misi\u00f3n.<\/p>\n\n\n\n<p>Una l\u00ednea de trabajo&nbsp; tan novedosa&nbsp; como atractiva, cuyo desarrollo y puesta en marcha&nbsp; brindo a las empresas y organizaciones empresariales.<\/p>\n","protected":false},"excerpt":{"rendered":"<p>Ignacio Valdu\u00e9rteles Tte. de Hermano MayorHermandad de la Soledad de San Lorenzo Estos d\u00edas en los que las hermandades est\u00e1n &nbsp;de&nbsp; actualidad, si es que alguna vez han dejado de estarlo a lo largo del a\u00f1o, son un buen momento &hellip; <a href=\"https:\/\/www.ignaciovalduerteles.es\/blog\/articulos\/abc\/hermandades-y-empresas-dos-agentes-sociales-complementarios\/\">Continuar<\/a><\/p>\n","protected":false},"author":3,"featured_media":0,"parent":624,"menu_order":0,"comment_status":"closed","ping_status":"closed","template":"","meta":{"kt_blocks_editor_width":""},"yoast_head":"<!-- This site is optimized with the Yoast SEO plugin v19.0 - https:\/\/yoast.com\/wordpress\/plugins\/seo\/ -->\n<title>HERMANDADES Y EMPRESAS: DOS AGENTES SOCIALES COMPLEMENTARIOS - Ignacio Valduerteles Bartos<\/title>\n<meta name=\"description\" content=\"Blog personal de Ignacio Valdu\u00e9rteles, Dr. en Administraci\u00f3n y Direcci\u00f3n de Empresas y miembro destacado en la hermandad la Soledad de San Lorenzo, en Sevilla\" \/>\n<meta name=\"robots\" content=\"index, follow, max-snippet:-1, max-image-preview:large, max-video-preview:-1\" \/>\n<link rel=\"canonical\" href=\"https:\/\/www.ignaciovalduerteles.es\/blog\/articulos\/abc\/hermandades-y-empresas-dos-agentes-sociales-complementarios\/\" \/>\n<meta property=\"og:locale\" content=\"es_ES\" \/>\n<meta property=\"og:type\" content=\"article\" \/>\n<meta property=\"og:title\" content=\"HERMANDADES Y EMPRESAS: DOS AGENTES SOCIALES COMPLEMENTARIOS - Ignacio Valduerteles Bartos\" \/>\n<meta property=\"og:description\" content=\"Blog personal de Ignacio Valdu\u00e9rteles, Dr. en Administraci\u00f3n y Direcci\u00f3n de Empresas y miembro destacado en la hermandad la Soledad de San Lorenzo, en Sevilla\" \/>\n<meta property=\"og:url\" content=\"https:\/\/www.ignaciovalduerteles.es\/blog\/articulos\/abc\/hermandades-y-empresas-dos-agentes-sociales-complementarios\/\" \/>\n<meta property=\"og:site_name\" content=\"Ignacio Valduerteles Bartos\" \/>\n<meta property=\"og:image\" content=\"https:\/\/www.ignaciovalduerteles.es\/blog\/wp-content\/uploads\/2022\/03\/IMG_0444-578x1024.jpg\" \/>\n<meta name=\"twitter:card\" content=\"summary_large_image\" \/>\n<meta name=\"twitter:label1\" content=\"Tiempo de lectura\" \/>\n\t<meta name=\"twitter:data1\" content=\"4 minutos\" \/>\n<script type=\"application\/ld+json\" class=\"yoast-schema-graph\">{\"@context\":\"https:\/\/schema.org\",\"@graph\":[{\"@type\":[\"Person\",\"Organization\"],\"@id\":\"https:\/\/www.ignaciovalduerteles.es\/blog\/#\/schema\/person\/c4ab4ed77f14e0141ba3dcd9c6f501d5\",\"name\":\"Ignacio Valduerteles Bartos\",\"image\":{\"@type\":\"ImageObject\",\"inLanguage\":\"es\",\"@id\":\"https:\/\/www.ignaciovalduerteles.es\/blog\/#\/schema\/person\/image\/\",\"url\":\"https:\/\/www.ignaciovalduerteles.es\/blog\/wp-content\/uploads\/2022\/02\/cabecera-1024x390.png\",\"contentUrl\":\"https:\/\/www.ignaciovalduerteles.es\/blog\/wp-content\/uploads\/2022\/02\/cabecera-1024x390.png\",\"width\":1024,\"height\":390,\"caption\":\"Ignacio Valduerteles Bartos\"},\"logo\":{\"@id\":\"https:\/\/www.ignaciovalduerteles.es\/blog\/#\/schema\/person\/image\/\"},\"sameAs\":[\"http:\/\/www.ivb.es\"]},{\"@type\":\"WebSite\",\"@id\":\"https:\/\/www.ignaciovalduerteles.es\/blog\/#website\",\"url\":\"https:\/\/www.ignaciovalduerteles.es\/blog\/\",\"name\":\"Ignacio Valduerteles Bartos\",\"description\":\"Reflexiones y art\u00edculos del Ignacio Valdu\u00e9rteles\",\"publisher\":{\"@id\":\"https:\/\/www.ignaciovalduerteles.es\/blog\/#\/schema\/person\/c4ab4ed77f14e0141ba3dcd9c6f501d5\"},\"potentialAction\":[{\"@type\":\"SearchAction\",\"target\":{\"@type\":\"EntryPoint\",\"urlTemplate\":\"https:\/\/www.ignaciovalduerteles.es\/blog\/?s={search_term_string}\"},\"query-input\":\"required name=search_term_string\"}],\"inLanguage\":\"es\"},{\"@type\":\"ImageObject\",\"inLanguage\":\"es\",\"@id\":\"https:\/\/www.ignaciovalduerteles.es\/blog\/articulos\/abc\/hermandades-y-empresas-dos-agentes-sociales-complementarios\/#primaryimage\",\"url\":\"https:\/\/www.ignaciovalduerteles.es\/blog\/wp-content\/uploads\/2022\/03\/IMG_0444.jpg\",\"contentUrl\":\"https:\/\/www.ignaciovalduerteles.es\/blog\/wp-content\/uploads\/2022\/03\/IMG_0444.jpg\",\"width\":1031,\"height\":1825},{\"@type\":\"WebPage\",\"@id\":\"https:\/\/www.ignaciovalduerteles.es\/blog\/articulos\/abc\/hermandades-y-empresas-dos-agentes-sociales-complementarios\/#webpage\",\"url\":\"https:\/\/www.ignaciovalduerteles.es\/blog\/articulos\/abc\/hermandades-y-empresas-dos-agentes-sociales-complementarios\/\",\"name\":\"HERMANDADES Y EMPRESAS: DOS AGENTES SOCIALES COMPLEMENTARIOS - Ignacio Valduerteles Bartos\",\"isPartOf\":{\"@id\":\"https:\/\/www.ignaciovalduerteles.es\/blog\/#website\"},\"primaryImageOfPage\":{\"@id\":\"https:\/\/www.ignaciovalduerteles.es\/blog\/articulos\/abc\/hermandades-y-empresas-dos-agentes-sociales-complementarios\/#primaryimage\"},\"datePublished\":\"2022-03-24T21:18:42+00:00\",\"dateModified\":\"2022-03-24T21:18:42+00:00\",\"description\":\"Blog personal de Ignacio Valdu\u00e9rteles, Dr. en Administraci\u00f3n y Direcci\u00f3n de Empresas y miembro destacado en la hermandad la Soledad de San Lorenzo, en Sevilla\",\"breadcrumb\":{\"@id\":\"https:\/\/www.ignaciovalduerteles.es\/blog\/articulos\/abc\/hermandades-y-empresas-dos-agentes-sociales-complementarios\/#breadcrumb\"},\"inLanguage\":\"es\",\"potentialAction\":[{\"@type\":\"ReadAction\",\"target\":[\"https:\/\/www.ignaciovalduerteles.es\/blog\/articulos\/abc\/hermandades-y-empresas-dos-agentes-sociales-complementarios\/\"]}]},{\"@type\":\"BreadcrumbList\",\"@id\":\"https:\/\/www.ignaciovalduerteles.es\/blog\/articulos\/abc\/hermandades-y-empresas-dos-agentes-sociales-complementarios\/#breadcrumb\",\"itemListElement\":[{\"@type\":\"ListItem\",\"position\":1,\"name\":\"Portada\",\"item\":\"https:\/\/www.ignaciovalduerteles.es\/blog\/\"},{\"@type\":\"ListItem\",\"position\":2,\"name\":\"Art\u00edculos\",\"item\":\"https:\/\/www.ignaciovalduerteles.es\/blog\/articulos\/\"},{\"@type\":\"ListItem\",\"position\":3,\"name\":\"Art\u00edculos ABC\",\"item\":\"https:\/\/www.ignaciovalduerteles.es\/blog\/articulos\/abc\/\"},{\"@type\":\"ListItem\",\"position\":4,\"name\":\"HERMANDADES Y EMPRESAS: DOS AGENTES SOCIALES COMPLEMENTARIOS\"}]}]}<\/script>\n<!-- \/ Yoast SEO plugin. -->","yoast_head_json":{"title":"HERMANDADES Y EMPRESAS: DOS AGENTES SOCIALES COMPLEMENTARIOS - Ignacio Valduerteles Bartos","description":"Blog personal de Ignacio Valdu\u00e9rteles, Dr. en Administraci\u00f3n y Direcci\u00f3n de Empresas y miembro destacado en la hermandad la Soledad de San Lorenzo, en Sevilla","robots":{"index":"index","follow":"follow","max-snippet":"max-snippet:-1","max-image-preview":"max-image-preview:large","max-video-preview":"max-video-preview:-1"},"canonical":"https:\/\/www.ignaciovalduerteles.es\/blog\/articulos\/abc\/hermandades-y-empresas-dos-agentes-sociales-complementarios\/","og_locale":"es_ES","og_type":"article","og_title":"HERMANDADES Y EMPRESAS: DOS AGENTES SOCIALES COMPLEMENTARIOS - Ignacio Valduerteles Bartos","og_description":"Blog personal de Ignacio Valdu\u00e9rteles, Dr. en Administraci\u00f3n y Direcci\u00f3n de Empresas y miembro destacado en la hermandad la Soledad de San Lorenzo, en Sevilla","og_url":"https:\/\/www.ignaciovalduerteles.es\/blog\/articulos\/abc\/hermandades-y-empresas-dos-agentes-sociales-complementarios\/","og_site_name":"Ignacio Valduerteles Bartos","og_image":[{"url":"https:\/\/www.ignaciovalduerteles.es\/blog\/wp-content\/uploads\/2022\/03\/IMG_0444-578x1024.jpg"}],"twitter_card":"summary_large_image","twitter_misc":{"Tiempo de lectura":"4 minutos"},"schema":{"@context":"https:\/\/schema.org","@graph":[{"@type":["Person","Organization"],"@id":"https:\/\/www.ignaciovalduerteles.es\/blog\/#\/schema\/person\/c4ab4ed77f14e0141ba3dcd9c6f501d5","name":"Ignacio Valduerteles Bartos","image":{"@type":"ImageObject","inLanguage":"es","@id":"https:\/\/www.ignaciovalduerteles.es\/blog\/#\/schema\/person\/image\/","url":"https:\/\/www.ignaciovalduerteles.es\/blog\/wp-content\/uploads\/2022\/02\/cabecera-1024x390.png","contentUrl":"https:\/\/www.ignaciovalduerteles.es\/blog\/wp-content\/uploads\/2022\/02\/cabecera-1024x390.png","width":1024,"height":390,"caption":"Ignacio Valduerteles Bartos"},"logo":{"@id":"https:\/\/www.ignaciovalduerteles.es\/blog\/#\/schema\/person\/image\/"},"sameAs":["http:\/\/www.ivb.es"]},{"@type":"WebSite","@id":"https:\/\/www.ignaciovalduerteles.es\/blog\/#website","url":"https:\/\/www.ignaciovalduerteles.es\/blog\/","name":"Ignacio Valduerteles Bartos","description":"Reflexiones y art\u00edculos del Ignacio Valdu\u00e9rteles","publisher":{"@id":"https:\/\/www.ignaciovalduerteles.es\/blog\/#\/schema\/person\/c4ab4ed77f14e0141ba3dcd9c6f501d5"},"potentialAction":[{"@type":"SearchAction","target":{"@type":"EntryPoint","urlTemplate":"https:\/\/www.ignaciovalduerteles.es\/blog\/?s={search_term_string}"},"query-input":"required name=search_term_string"}],"inLanguage":"es"},{"@type":"ImageObject","inLanguage":"es","@id":"https:\/\/www.ignaciovalduerteles.es\/blog\/articulos\/abc\/hermandades-y-empresas-dos-agentes-sociales-complementarios\/#primaryimage","url":"https:\/\/www.ignaciovalduerteles.es\/blog\/wp-content\/uploads\/2022\/03\/IMG_0444.jpg","contentUrl":"https:\/\/www.ignaciovalduerteles.es\/blog\/wp-content\/uploads\/2022\/03\/IMG_0444.jpg","width":1031,"height":1825},{"@type":"WebPage","@id":"https:\/\/www.ignaciovalduerteles.es\/blog\/articulos\/abc\/hermandades-y-empresas-dos-agentes-sociales-complementarios\/#webpage","url":"https:\/\/www.ignaciovalduerteles.es\/blog\/articulos\/abc\/hermandades-y-empresas-dos-agentes-sociales-complementarios\/","name":"HERMANDADES Y EMPRESAS: DOS AGENTES SOCIALES COMPLEMENTARIOS - Ignacio Valduerteles Bartos","isPartOf":{"@id":"https:\/\/www.ignaciovalduerteles.es\/blog\/#website"},"primaryImageOfPage":{"@id":"https:\/\/www.ignaciovalduerteles.es\/blog\/articulos\/abc\/hermandades-y-empresas-dos-agentes-sociales-complementarios\/#primaryimage"},"datePublished":"2022-03-24T21:18:42+00:00","dateModified":"2022-03-24T21:18:42+00:00","description":"Blog personal de Ignacio Valdu\u00e9rteles, Dr. en Administraci\u00f3n y Direcci\u00f3n de Empresas y miembro destacado en la hermandad la Soledad de San Lorenzo, en Sevilla","breadcrumb":{"@id":"https:\/\/www.ignaciovalduerteles.es\/blog\/articulos\/abc\/hermandades-y-empresas-dos-agentes-sociales-complementarios\/#breadcrumb"},"inLanguage":"es","potentialAction":[{"@type":"ReadAction","target":["https:\/\/www.ignaciovalduerteles.es\/blog\/articulos\/abc\/hermandades-y-empresas-dos-agentes-sociales-complementarios\/"]}]},{"@type":"BreadcrumbList","@id":"https:\/\/www.ignaciovalduerteles.es\/blog\/articulos\/abc\/hermandades-y-empresas-dos-agentes-sociales-complementarios\/#breadcrumb","itemListElement":[{"@type":"ListItem","position":1,"name":"Portada","item":"https:\/\/www.ignaciovalduerteles.es\/blog\/"},{"@type":"ListItem","position":2,"name":"Art\u00edculos","item":"https:\/\/www.ignaciovalduerteles.es\/blog\/articulos\/"},{"@type":"ListItem","position":3,"name":"Art\u00edculos ABC","item":"https:\/\/www.ignaciovalduerteles.es\/blog\/articulos\/abc\/"},{"@type":"ListItem","position":4,"name":"HERMANDADES Y EMPRESAS: DOS AGENTES SOCIALES COMPLEMENTARIOS"}]}]}},"_links":{"self":[{"href":"https:\/\/www.ignaciovalduerteles.es\/blog\/wp-json\/wp\/v2\/pages\/2880"}],"collection":[{"href":"https:\/\/www.ignaciovalduerteles.es\/blog\/wp-json\/wp\/v2\/pages"}],"about":[{"href":"https:\/\/www.ignaciovalduerteles.es\/blog\/wp-json\/wp\/v2\/types\/page"}],"author":[{"embeddable":true,"href":"https:\/\/www.ignaciovalduerteles.es\/blog\/wp-json\/wp\/v2\/users\/3"}],"replies":[{"embeddable":true,"href":"https:\/\/www.ignaciovalduerteles.es\/blog\/wp-json\/wp\/v2\/comments?post=2880"}],"version-history":[{"count":2,"href":"https:\/\/www.ignaciovalduerteles.es\/blog\/wp-json\/wp\/v2\/pages\/2880\/revisions"}],"predecessor-version":[{"id":2884,"href":"https:\/\/www.ignaciovalduerteles.es\/blog\/wp-json\/wp\/v2\/pages\/2880\/revisions\/2884"}],"up":[{"embeddable":true,"href":"https:\/\/www.ignaciovalduerteles.es\/blog\/wp-json\/wp\/v2\/pages\/624"}],"wp:attachment":[{"href":"https:\/\/www.ignaciovalduerteles.es\/blog\/wp-json\/wp\/v2\/media?parent=2880"}],"curies":[{"name":"wp","href":"https:\/\/api.w.org\/{rel}","templated":true}]}}