{"id":311,"date":"2008-03-11T16:28:33","date_gmt":"2008-03-11T16:28:33","guid":{"rendered":"http:\/\/www.guadaoliva.comlu.com\/blog\/?page_id=311"},"modified":"2011-07-31T22:56:25","modified_gmt":"2011-07-31T20:56:25","slug":"volver-e-empezar","status":"publish","type":"page","link":"https:\/\/www.ignaciovalduerteles.es\/blog\/articulos\/expansion\/volver-e-empezar\/","title":{"rendered":"Volver e empezar"},"content":{"rendered":"<div style=\"text-align: justify;\">\u00a0 \u00a0 \u00a0 \u00a0 \u00a0 \u00a0<span style=\"color: #000080;\">\u00a0En un d\u00eda como hoy, a menos de\u00a0\u00a0cuarenta y ocho horas de las elecciones, con todos los medios comentando el resultado y haciendo pron\u00f3sticos sobre alianzas de gobierno, podr\u00eda parecer que no tiene mucho sentido hablar de empresa, sin hacer referencia a las elecciones; pero el empresario de a pie \u2013el que empuja realmente el PIB- no tiene mucho tiempo para an\u00e1lisis pol\u00edticos. Hoy tiene que enfrentarse a los mismos problemas que ayer, que ser\u00e1n casi id\u00e9nticos a los de ma\u00f1ana: vencimientos, pedidos, gestiones con bancos, control de almac\u00e9n, clientes, relaciones con el personal y unos cuantos asuntos m\u00e1s, que conforman la mal llamada rutina empresarial, porque el d\u00eda a d\u00eda de un empresario puede ser todo menos rutinario.<\/span><\/div>\n<div style=\"text-align: justify;\"><span style=\"color: #000080;\">\u00a0\u00a0\u00a0\u00a0\u00a0\u00a0\u00a0\u00a0\u00a0\u00a0\u00a0\u00a0De todas formas hay una cierta expectaci\u00f3n, como cuando comienza un a\u00f1o: no pasa nada especial,\u00a0\u00a0un d\u00eda m\u00e1s que sucede a otro; pero se renuevan prop\u00f3sitos y cada uno se hace la ilusi\u00f3n de que \u2013este a\u00f1o s\u00ed- las cosas van a ir mejor: voy a dejar de fumar,\u00a0\u00a0aprender ingl\u00e9s\u00a0\u00a0o\u00a0\u00a0ir al gimnasio. Aqu\u00ed lo mismo: comienza un periodo de cuatro a\u00f1os en los que se van a arreglar todos los problemas, tambi\u00e9n los econ\u00f3micos, que se ven\u00edan arrastrando. Ilusionante, pero falso. El futuro, tambi\u00e9n el futuro econ\u00f3mico y empresarial, no depende de decisiones pol\u00edticas, sino de un acuerdo general m\u00e1s profundo, basado en el reconocimiento de principios generales.\u00a0\u00a0Cuando un ni\u00f1o tiene fiebre cualquier madre sabe darle un antipir\u00e9tico para que todo vuelva a la normalidad; pero cuando la fiebre reaparece, una y otra vez,\u00a0\u00a0ya hay que ir a las causas: hacer an\u00e1lisis, establecer un diagn\u00f3stico y proponer un tratamiento.<\/span><\/div>\n<div style=\"text-align: justify;\"><span style=\"color: #000080;\">\u00a0\u00a0\u00a0\u00a0\u00a0\u00a0\u00a0\u00a0\u00a0\u00a0\u00a0\u00a0La econom\u00eda no se resuelve s\u00f3lo con medidas pol\u00edticas, ese puede ser el antipir\u00e9tico para intentar volver a una normalidad\u00a0\u00a0aparente.\u00a0\u00a0Se precisa un an\u00e1lisis\u00a0\u00a0que\u00a0\u00a0fundamente las decisiones. Ya s\u00e9 que hoy no es el d\u00eda m\u00e1s oportuno para decirlo; pero es necesario alejarse del doctrinarismo de los partidos, para\u00a0\u00a0establecer las bases de la actividad empresarial y econ\u00f3mica. La batalla no se plantea entre socialismo y liberalismo (mucho menos entre izquierdas y derechas, un anacronismo\u00a0\u00a0vac\u00edo). Las\u00a0\u00a0doctrinas econ\u00f3micas\u00a0\u00a0son la consecuencia\u00a0\u00a0de una determinada concepci\u00f3n del hombre y de la sociedad y es ah\u00ed\u00a0\u00a0donde hay que definirse.<\/span><\/div>\n<div style=\"text-align: justify;\"><span style=\"color: #000080;\">\u00a0\u00a0\u00a0\u00a0\u00a0\u00a0\u00a0\u00a0\u00a0\u00a0\u00a0\u00a0Una organizaci\u00f3n, del \u00e1mbito que sea \u2013una empresa o la sociedad-, es eficaz cuando comparte una serie de valores y objetivos comunes. Eso es lo que va conformando una cultura y, a partir de ah\u00ed, podemos hablar de eficacia, de resultados. Por el contrario, si no hay un acuerdo de m\u00ednimos\u00a0sobre el modelo cultural, dif\u00edcilmente puede salir adelante una organizaci\u00f3n, por muchos planes empresariales, o modelos econ\u00f3micos, que se quieran imponer.<\/span><\/div>\n<div style=\"text-align: justify;\"><span style=\"color: #000080;\">\u00a0\u00a0\u00a0\u00a0\u00a0\u00a0\u00a0\u00a0\u00a0\u00a0\u00a0\u00a0La econom\u00eda no se desarrolla en el vac\u00edo,\u00a0\u00a0act\u00faa en un entorno cultural determinado y en un sistema pol\u00edtico definido; por eso, m\u00e1s que aplicarse en la imposici\u00f3n de\u00a0\u00a0doctrinas econ\u00f3micas, hay que emplearse en el reforzamiento, mejor en el saneamiento, de los valores sociales y del entramado pol\u00edtico. Desde la perspectiva empresarial, no se trata de apoyar tal o cual sistema econ\u00f3mico, sino de redefinir el concepto de persona, empresa y econom\u00eda, de forma coherente con los valores y la cultura europea. A partir de ah\u00ed cada uno se ir\u00e1 adhiriendo, o construyendo, su modelo econ\u00f3mico. Este esfuerzo no es un ejercicio te\u00f3rico, especulativo. Distintos esquemas de valores generar\u00e1n\u00a0\u00a0distintos modelos de organizaci\u00f3n pol\u00edtica y jur\u00eddica y, como consecuencia,\u00a0\u00a0producir\u00e1n resultados econ\u00f3micos y sociales distintos, por la simple actuaci\u00f3n de las leyes econ\u00f3micas generales.<\/span><\/div>\n<div style=\"text-align: justify;\"><span style=\"color: #000080;\">\u00a0\u00a0\u00a0\u00a0\u00a0\u00a0\u00a0\u00a0\u00a0\u00a0\u00a0\u00a0Volviendo al ejemplo anterior. La situaci\u00f3n de postraci\u00f3n econ\u00f3mica y cultural que vive nuestro pa\u00eds no se soluciona con el antipir\u00e9tico de unas recetas econ\u00f3micas sacadas de una manual de econom\u00eda pol\u00edtica, de uno u otro signo; sino con la reconstrucci\u00f3n de un modelo conceptual basado en el hombre como sujeto de la historia y de la econom\u00eda.<\/span><\/div>\n<div style=\"text-align: justify;\"><span style=\"color: #000080;\">\u00a0\u00a0\u00a0\u00a0\u00a0\u00a0\u00a0\u00a0\u00a0\u00a0\u00a0\u00a0La verdad es que esto se acerca m\u00e1s al modelo liberal que al socialista; pero \u00e9se ya es otro tema,\u00a0\u00a0que merece tratamiento aparte.<\/span><\/div>\n<div style=\"text-align: right;\"><span style=\"color: #000080;\">11.03.08<\/span><\/div>\n","protected":false},"excerpt":{"rendered":"<p>\u00a0 \u00a0 \u00a0 \u00a0 \u00a0 \u00a0\u00a0En un d\u00eda como hoy, a menos de\u00a0\u00a0cuarenta y ocho horas de las elecciones, con todos los medios comentando el resultado y haciendo pron\u00f3sticos sobre alianzas de gobierno, podr\u00eda parecer que no tiene mucho sentido &hellip; <a href=\"https:\/\/www.ignaciovalduerteles.es\/blog\/articulos\/expansion\/volver-e-empezar\/\">Continuar<\/a><\/p>\n","protected":false},"author":1,"featured_media":0,"parent":21,"menu_order":2,"comment_status":"open","ping_status":"open","template":"sidebar-page.php","meta":{"kt_blocks_editor_width":""},"yoast_head":"<!-- This site is optimized with the Yoast SEO plugin v19.0 - https:\/\/yoast.com\/wordpress\/plugins\/seo\/ -->\n<title>Volver e empezar - Ignacio Valduerteles Bartos<\/title>\n<meta name=\"description\" content=\"Blog personal de Ignacio Valdu\u00e9rteles, Dr. en Administraci\u00f3n y Direcci\u00f3n de Empresas y miembro destacado en la hermandad la Soledad de San Lorenzo, en Sevilla\" \/>\n<meta name=\"robots\" content=\"index, follow, max-snippet:-1, max-image-preview:large, max-video-preview:-1\" \/>\n<link rel=\"canonical\" href=\"https:\/\/www.ignaciovalduerteles.es\/blog\/articulos\/expansion\/volver-e-empezar\/\" \/>\n<meta property=\"og:locale\" content=\"es_ES\" \/>\n<meta property=\"og:type\" content=\"article\" \/>\n<meta property=\"og:title\" content=\"Volver e empezar - Ignacio Valduerteles Bartos\" \/>\n<meta property=\"og:description\" content=\"Blog personal de Ignacio Valdu\u00e9rteles, Dr. en Administraci\u00f3n y Direcci\u00f3n de Empresas y miembro destacado en la hermandad la Soledad de San Lorenzo, en Sevilla\" \/>\n<meta property=\"og:url\" content=\"https:\/\/www.ignaciovalduerteles.es\/blog\/articulos\/expansion\/volver-e-empezar\/\" \/>\n<meta property=\"og:site_name\" content=\"Ignacio Valduerteles Bartos\" \/>\n<meta property=\"article:modified_time\" content=\"2011-07-31T20:56:25+00:00\" \/>\n<meta property=\"og:image\" content=\"https:\/\/www.ignaciovalduerteles.es\/blog\/wp-content\/uploads\/2022\/02\/banner1-1024x292.png\" \/>\n\t<meta property=\"og:image:width\" content=\"1024\" \/>\n\t<meta property=\"og:image:height\" content=\"292\" \/>\n\t<meta property=\"og:image:type\" content=\"image\/png\" \/>\n<meta name=\"twitter:card\" content=\"summary_large_image\" \/>\n<meta name=\"twitter:label1\" content=\"Tiempo de lectura\" \/>\n\t<meta name=\"twitter:data1\" content=\"4 minutos\" \/>\n<script type=\"application\/ld+json\" class=\"yoast-schema-graph\">{\"@context\":\"https:\/\/schema.org\",\"@graph\":[{\"@type\":[\"Person\",\"Organization\"],\"@id\":\"https:\/\/www.ignaciovalduerteles.es\/blog\/#\/schema\/person\/c4ab4ed77f14e0141ba3dcd9c6f501d5\",\"name\":\"Ignacio Valduerteles Bartos\",\"image\":{\"@type\":\"ImageObject\",\"inLanguage\":\"es\",\"@id\":\"https:\/\/www.ignaciovalduerteles.es\/blog\/#\/schema\/person\/image\/\",\"url\":\"https:\/\/www.ignaciovalduerteles.es\/blog\/wp-content\/uploads\/2022\/02\/cabecera-1024x390.png\",\"contentUrl\":\"https:\/\/www.ignaciovalduerteles.es\/blog\/wp-content\/uploads\/2022\/02\/cabecera-1024x390.png\",\"width\":1024,\"height\":390,\"caption\":\"Ignacio Valduerteles Bartos\"},\"logo\":{\"@id\":\"https:\/\/www.ignaciovalduerteles.es\/blog\/#\/schema\/person\/image\/\"},\"sameAs\":[\"http:\/\/www.ivb.es\"]},{\"@type\":\"WebSite\",\"@id\":\"https:\/\/www.ignaciovalduerteles.es\/blog\/#website\",\"url\":\"https:\/\/www.ignaciovalduerteles.es\/blog\/\",\"name\":\"Ignacio Valduerteles Bartos\",\"description\":\"Reflexiones y art\u00edculos del Ignacio Valdu\u00e9rteles\",\"publisher\":{\"@id\":\"https:\/\/www.ignaciovalduerteles.es\/blog\/#\/schema\/person\/c4ab4ed77f14e0141ba3dcd9c6f501d5\"},\"potentialAction\":[{\"@type\":\"SearchAction\",\"target\":{\"@type\":\"EntryPoint\",\"urlTemplate\":\"https:\/\/www.ignaciovalduerteles.es\/blog\/?s={search_term_string}\"},\"query-input\":\"required name=search_term_string\"}],\"inLanguage\":\"es\"},{\"@type\":\"WebPage\",\"@id\":\"https:\/\/www.ignaciovalduerteles.es\/blog\/articulos\/expansion\/volver-e-empezar\/#webpage\",\"url\":\"https:\/\/www.ignaciovalduerteles.es\/blog\/articulos\/expansion\/volver-e-empezar\/\",\"name\":\"Volver e empezar - Ignacio Valduerteles Bartos\",\"isPartOf\":{\"@id\":\"https:\/\/www.ignaciovalduerteles.es\/blog\/#website\"},\"datePublished\":\"2008-03-11T16:28:33+00:00\",\"dateModified\":\"2011-07-31T20:56:25+00:00\",\"description\":\"Blog personal de Ignacio Valdu\u00e9rteles, Dr. en Administraci\u00f3n y Direcci\u00f3n de Empresas y miembro destacado en la hermandad la Soledad de San Lorenzo, en Sevilla\",\"breadcrumb\":{\"@id\":\"https:\/\/www.ignaciovalduerteles.es\/blog\/articulos\/expansion\/volver-e-empezar\/#breadcrumb\"},\"inLanguage\":\"es\",\"potentialAction\":[{\"@type\":\"ReadAction\",\"target\":[\"https:\/\/www.ignaciovalduerteles.es\/blog\/articulos\/expansion\/volver-e-empezar\/\"]}]},{\"@type\":\"BreadcrumbList\",\"@id\":\"https:\/\/www.ignaciovalduerteles.es\/blog\/articulos\/expansion\/volver-e-empezar\/#breadcrumb\",\"itemListElement\":[{\"@type\":\"ListItem\",\"position\":1,\"name\":\"Portada\",\"item\":\"https:\/\/www.ignaciovalduerteles.es\/blog\/\"},{\"@type\":\"ListItem\",\"position\":2,\"name\":\"Art\u00edculos\",\"item\":\"https:\/\/www.ignaciovalduerteles.es\/blog\/articulos\/\"},{\"@type\":\"ListItem\",\"position\":3,\"name\":\"Expansi\u00f3n\",\"item\":\"https:\/\/www.ignaciovalduerteles.es\/blog\/articulos\/expansion\/\"},{\"@type\":\"ListItem\",\"position\":4,\"name\":\"Volver e empezar\"}]}]}<\/script>\n<!-- \/ Yoast SEO plugin. -->","yoast_head_json":{"title":"Volver e empezar - Ignacio Valduerteles Bartos","description":"Blog personal de Ignacio Valdu\u00e9rteles, Dr. en Administraci\u00f3n y Direcci\u00f3n de Empresas y miembro destacado en la hermandad la Soledad de San Lorenzo, en Sevilla","robots":{"index":"index","follow":"follow","max-snippet":"max-snippet:-1","max-image-preview":"max-image-preview:large","max-video-preview":"max-video-preview:-1"},"canonical":"https:\/\/www.ignaciovalduerteles.es\/blog\/articulos\/expansion\/volver-e-empezar\/","og_locale":"es_ES","og_type":"article","og_title":"Volver e empezar - Ignacio Valduerteles Bartos","og_description":"Blog personal de Ignacio Valdu\u00e9rteles, Dr. en Administraci\u00f3n y Direcci\u00f3n de Empresas y miembro destacado en la hermandad la Soledad de San Lorenzo, en Sevilla","og_url":"https:\/\/www.ignaciovalduerteles.es\/blog\/articulos\/expansion\/volver-e-empezar\/","og_site_name":"Ignacio Valduerteles Bartos","article_modified_time":"2011-07-31T20:56:25+00:00","og_image":[{"width":1024,"height":292,"url":"https:\/\/www.ignaciovalduerteles.es\/blog\/wp-content\/uploads\/2022\/02\/banner1-1024x292.png","type":"image\/png"}],"twitter_card":"summary_large_image","twitter_misc":{"Tiempo de lectura":"4 minutos"},"schema":{"@context":"https:\/\/schema.org","@graph":[{"@type":["Person","Organization"],"@id":"https:\/\/www.ignaciovalduerteles.es\/blog\/#\/schema\/person\/c4ab4ed77f14e0141ba3dcd9c6f501d5","name":"Ignacio Valduerteles Bartos","image":{"@type":"ImageObject","inLanguage":"es","@id":"https:\/\/www.ignaciovalduerteles.es\/blog\/#\/schema\/person\/image\/","url":"https:\/\/www.ignaciovalduerteles.es\/blog\/wp-content\/uploads\/2022\/02\/cabecera-1024x390.png","contentUrl":"https:\/\/www.ignaciovalduerteles.es\/blog\/wp-content\/uploads\/2022\/02\/cabecera-1024x390.png","width":1024,"height":390,"caption":"Ignacio Valduerteles Bartos"},"logo":{"@id":"https:\/\/www.ignaciovalduerteles.es\/blog\/#\/schema\/person\/image\/"},"sameAs":["http:\/\/www.ivb.es"]},{"@type":"WebSite","@id":"https:\/\/www.ignaciovalduerteles.es\/blog\/#website","url":"https:\/\/www.ignaciovalduerteles.es\/blog\/","name":"Ignacio Valduerteles Bartos","description":"Reflexiones y art\u00edculos del Ignacio Valdu\u00e9rteles","publisher":{"@id":"https:\/\/www.ignaciovalduerteles.es\/blog\/#\/schema\/person\/c4ab4ed77f14e0141ba3dcd9c6f501d5"},"potentialAction":[{"@type":"SearchAction","target":{"@type":"EntryPoint","urlTemplate":"https:\/\/www.ignaciovalduerteles.es\/blog\/?s={search_term_string}"},"query-input":"required name=search_term_string"}],"inLanguage":"es"},{"@type":"WebPage","@id":"https:\/\/www.ignaciovalduerteles.es\/blog\/articulos\/expansion\/volver-e-empezar\/#webpage","url":"https:\/\/www.ignaciovalduerteles.es\/blog\/articulos\/expansion\/volver-e-empezar\/","name":"Volver e empezar - Ignacio Valduerteles Bartos","isPartOf":{"@id":"https:\/\/www.ignaciovalduerteles.es\/blog\/#website"},"datePublished":"2008-03-11T16:28:33+00:00","dateModified":"2011-07-31T20:56:25+00:00","description":"Blog personal de Ignacio Valdu\u00e9rteles, Dr. en Administraci\u00f3n y Direcci\u00f3n de Empresas y miembro destacado en la hermandad la Soledad de San Lorenzo, en Sevilla","breadcrumb":{"@id":"https:\/\/www.ignaciovalduerteles.es\/blog\/articulos\/expansion\/volver-e-empezar\/#breadcrumb"},"inLanguage":"es","potentialAction":[{"@type":"ReadAction","target":["https:\/\/www.ignaciovalduerteles.es\/blog\/articulos\/expansion\/volver-e-empezar\/"]}]},{"@type":"BreadcrumbList","@id":"https:\/\/www.ignaciovalduerteles.es\/blog\/articulos\/expansion\/volver-e-empezar\/#breadcrumb","itemListElement":[{"@type":"ListItem","position":1,"name":"Portada","item":"https:\/\/www.ignaciovalduerteles.es\/blog\/"},{"@type":"ListItem","position":2,"name":"Art\u00edculos","item":"https:\/\/www.ignaciovalduerteles.es\/blog\/articulos\/"},{"@type":"ListItem","position":3,"name":"Expansi\u00f3n","item":"https:\/\/www.ignaciovalduerteles.es\/blog\/articulos\/expansion\/"},{"@type":"ListItem","position":4,"name":"Volver e empezar"}]}]}},"_links":{"self":[{"href":"https:\/\/www.ignaciovalduerteles.es\/blog\/wp-json\/wp\/v2\/pages\/311"}],"collection":[{"href":"https:\/\/www.ignaciovalduerteles.es\/blog\/wp-json\/wp\/v2\/pages"}],"about":[{"href":"https:\/\/www.ignaciovalduerteles.es\/blog\/wp-json\/wp\/v2\/types\/page"}],"author":[{"embeddable":true,"href":"https:\/\/www.ignaciovalduerteles.es\/blog\/wp-json\/wp\/v2\/users\/1"}],"replies":[{"embeddable":true,"href":"https:\/\/www.ignaciovalduerteles.es\/blog\/wp-json\/wp\/v2\/comments?post=311"}],"version-history":[{"count":3,"href":"https:\/\/www.ignaciovalduerteles.es\/blog\/wp-json\/wp\/v2\/pages\/311\/revisions"}],"predecessor-version":[{"id":728,"href":"https:\/\/www.ignaciovalduerteles.es\/blog\/wp-json\/wp\/v2\/pages\/311\/revisions\/728"}],"up":[{"embeddable":true,"href":"https:\/\/www.ignaciovalduerteles.es\/blog\/wp-json\/wp\/v2\/pages\/21"}],"wp:attachment":[{"href":"https:\/\/www.ignaciovalduerteles.es\/blog\/wp-json\/wp\/v2\/media?parent=311"}],"curies":[{"name":"wp","href":"https:\/\/api.w.org\/{rel}","templated":true}]}}