{"id":418,"date":"2011-07-20T18:09:34","date_gmt":"2011-07-20T18:09:34","guid":{"rendered":"http:\/\/www.guadaoliva.comlu.com\/blog\/?page_id=418"},"modified":"2011-07-20T18:09:34","modified_gmt":"2011-07-20T18:09:34","slug":"%c2%bfsolo-arriesgan-los-empresarios","status":"publish","type":"page","link":"https:\/\/www.ignaciovalduerteles.es\/blog\/articulos\/otros-articulos\/revista-empresarios-autonomos\/%c2%bfsolo-arriesgan-los-empresarios\/","title":{"rendered":"\u00bfSolo arriesgan los empresarios?"},"content":{"rendered":"<p style=\"text-align: justify;\"><span style=\"color: #000080;\">Cuando se habla de empresarios hay que hablar de personas que asumen riesgos. Ya se sabe: empresario es quien arriesga su dinero, su trabajo y su tiempo, para ofrecer bienes o servicios, con la esperanza de que el mercado acepte esa oferta y le compense su esfuerzo. Si eso no ocurre as\u00ed, si su oferta no es admitida por el mercado, pues fracasar\u00e1 y se tendr\u00e1 que retirar o volver a intentarlo -si le quedan ganas y recursos econ\u00f3micos- despu\u00e9s de introducir en su oferta las modificaciones que considere necesarias.<\/span><\/p>\n<p style=\"text-align: justify;\"><span style=\"color: #000080;\">Este razonamiento, tan simple y claro, es admitido por casi toda la sociedad \u2013aunque siempre hay algunos, autodenominados empresarios, que consideran que la Administraci\u00f3n debe estar permanentemente a su lado: para subvencionarlos o para asumir y compensarle sus fracasos-. Empresario y riesgo se identifican. El problema surge cuando esa idea de asumir riesgos se limita a la clase empresarial. Para el resto se exige total seguridad, sin admitir que cada uno \u2013empresario o no- debe ir construyendo su propia vida mediante decisiones libres y que cada una de esas decisiones comporta unos riesgos e implica unas responsabilidades que hay que asumir. Todos somos, por decirlo de forma gr\u00e1fica, empresarios o gestores de nuestra propia vida.<\/span><\/p>\n<p style=\"text-align: justify;\"><span style=\"color: #000080;\">La vida normal de cada uno es una continua toma de decisiones, para preparar \u201cmi mejor oferta\u201d, la que me permita instalarme y vivir en sociedad de la mejor manera posible.<\/span><\/p>\n<p style=\"text-align: justify;\"><span style=\"color: #000080;\">Cada uno elije el nivel de formaci\u00f3n acad\u00e9mica que quiere tener y en qu\u00e9 \u00e1rea se quiere formar; elije a la persona con la que se va a casar; qu\u00e9 pol\u00edtica de gasto y ahorro va a tener; qu\u00e9 pautas de comportamiento social quiere ejercitar; decide si, una vez que empieza a trabajar, quiere seguir form\u00e1ndose o da por conclu\u00edda su formaci\u00f3n profesional; el n\u00famero de hijos que va a tener. As\u00ed podemos seguir poniendo ejemplos. La conclusi\u00f3n siempre es la misma: la vida, la de cada uno, se construye mediante las decisiones, unas importantes otras nimias, que continuamente vamos tomando.<\/span><\/p>\n<p style=\"text-align: justify;\"><span style=\"color: #000080;\">La clave est\u00e1 en que cada una de esas decisiones implica unas consecuencias y, por consiguiente, unas responsabilidades. Como en el caso de los empresarios, todos hemos de asumir la responsabilidad de las decisiones que vamos tomando; pero asumirlas personalmente, sin paraca\u00eddas. Son las reglas del juego: vivir es arriesgar, tomar una opci\u00f3n y asumirla. Desde lo m\u00e1s importante a lo m\u00e1s cotidiano. Si me equivoco, como el empresario a veces se equivoca, la soluci\u00f3n no es que la Administraci\u00f3n, o los dem\u00e1s, carguen con las consecuencias, sino afrontar la situaci\u00f3n, tratar de resolverla lo mejor posible y prepararse para que la pr\u00f3xima e inmediata decisi\u00f3n a tomar sea m\u00e1s acertada.<\/span><\/p>\n<p style=\"text-align: justify;\"><span style=\"color: #000080;\">En otras palabras: arriesgarse a vivir como personas libres y responsables, la aventura m\u00e1s apasionante reservada a la humanidad. Esta no es una caracter\u00edstica exclusiva de la clase empresarial. En ella se acent\u00faan, si cabe, alguno de estos rasgos, especialmente los referidos a cuestiones profesionales; pero poco m\u00e1s. S\u00ed, ya s\u00e9, existe otra forma de encarar la vida: dejando que sean otros, normalmente el Estado, quien piense y decida por nosotros y quien atienda nuestras necesidades, quien me eduque a los hijos, quien me garantice el trabajo, o la vivienda, o me proponga los modelos sociales y los valores y los modelos sociales que debo adoptar. Es m\u00e1s c\u00f3modo, pero el precio es muy alto: mi libertad.<\/span><\/p>\n<p>&nbsp;<\/p>\n","protected":false},"excerpt":{"rendered":"<p>Cuando se habla de empresarios hay que hablar de personas que asumen riesgos. Ya se sabe: empresario es quien arriesga su dinero, su trabajo y su tiempo, para ofrecer bienes o servicios, con la esperanza de que el mercado acepte &hellip; <a href=\"https:\/\/www.ignaciovalduerteles.es\/blog\/articulos\/otros-articulos\/revista-empresarios-autonomos\/%c2%bfsolo-arriesgan-los-empresarios\/\">Continuar<\/a><\/p>\n","protected":false},"author":1,"featured_media":0,"parent":72,"menu_order":0,"comment_status":"open","ping_status":"open","template":"sidebar-page.php","meta":{"kt_blocks_editor_width":""},"yoast_head":"<!-- This site is optimized with the Yoast SEO plugin v19.0 - https:\/\/yoast.com\/wordpress\/plugins\/seo\/ -->\n<title>\u00bfSolo arriesgan los empresarios?  - Ignacio Valduerteles Bartos<\/title>\n<meta name=\"description\" content=\"Blog personal de Ignacio Valdu\u00e9rteles, Dr. en Administraci\u00f3n y Direcci\u00f3n de Empresas y miembro destacado en la hermandad la Soledad de San Lorenzo, en Sevilla\" \/>\n<meta name=\"robots\" content=\"index, follow, max-snippet:-1, max-image-preview:large, max-video-preview:-1\" \/>\n<link rel=\"canonical\" href=\"https:\/\/www.ignaciovalduerteles.es\/blog\/articulos\/otros-articulos\/revista-empresarios-autonomos\/\u00bfsolo-arriesgan-los-empresarios\/\" \/>\n<meta property=\"og:locale\" content=\"es_ES\" \/>\n<meta property=\"og:type\" content=\"article\" \/>\n<meta property=\"og:title\" content=\"\u00bfSolo arriesgan los empresarios?  - Ignacio Valduerteles Bartos\" \/>\n<meta property=\"og:description\" content=\"Blog personal de Ignacio Valdu\u00e9rteles, Dr. en Administraci\u00f3n y Direcci\u00f3n de Empresas y miembro destacado en la hermandad la Soledad de San Lorenzo, en Sevilla\" \/>\n<meta property=\"og:url\" content=\"https:\/\/www.ignaciovalduerteles.es\/blog\/articulos\/otros-articulos\/revista-empresarios-autonomos\/\u00bfsolo-arriesgan-los-empresarios\/\" \/>\n<meta property=\"og:site_name\" content=\"Ignacio Valduerteles Bartos\" \/>\n<meta property=\"og:image\" content=\"https:\/\/www.ignaciovalduerteles.es\/blog\/wp-content\/uploads\/2022\/02\/banner1-1024x292.png\" \/>\n\t<meta property=\"og:image:width\" content=\"1024\" \/>\n\t<meta property=\"og:image:height\" content=\"292\" \/>\n\t<meta property=\"og:image:type\" content=\"image\/png\" \/>\n<meta name=\"twitter:card\" content=\"summary_large_image\" \/>\n<meta name=\"twitter:label1\" content=\"Tiempo de lectura\" \/>\n\t<meta name=\"twitter:data1\" content=\"3 minutos\" \/>\n<script type=\"application\/ld+json\" class=\"yoast-schema-graph\">{\"@context\":\"https:\/\/schema.org\",\"@graph\":[{\"@type\":[\"Person\",\"Organization\"],\"@id\":\"https:\/\/www.ignaciovalduerteles.es\/blog\/#\/schema\/person\/c4ab4ed77f14e0141ba3dcd9c6f501d5\",\"name\":\"Ignacio Valduerteles Bartos\",\"image\":{\"@type\":\"ImageObject\",\"inLanguage\":\"es\",\"@id\":\"https:\/\/www.ignaciovalduerteles.es\/blog\/#\/schema\/person\/image\/\",\"url\":\"https:\/\/www.ignaciovalduerteles.es\/blog\/wp-content\/uploads\/2022\/02\/cabecera-1024x390.png\",\"contentUrl\":\"https:\/\/www.ignaciovalduerteles.es\/blog\/wp-content\/uploads\/2022\/02\/cabecera-1024x390.png\",\"width\":1024,\"height\":390,\"caption\":\"Ignacio Valduerteles Bartos\"},\"logo\":{\"@id\":\"https:\/\/www.ignaciovalduerteles.es\/blog\/#\/schema\/person\/image\/\"},\"sameAs\":[\"http:\/\/www.ivb.es\"]},{\"@type\":\"WebSite\",\"@id\":\"https:\/\/www.ignaciovalduerteles.es\/blog\/#website\",\"url\":\"https:\/\/www.ignaciovalduerteles.es\/blog\/\",\"name\":\"Ignacio Valduerteles Bartos\",\"description\":\"Reflexiones y art\u00edculos del Ignacio Valdu\u00e9rteles\",\"publisher\":{\"@id\":\"https:\/\/www.ignaciovalduerteles.es\/blog\/#\/schema\/person\/c4ab4ed77f14e0141ba3dcd9c6f501d5\"},\"potentialAction\":[{\"@type\":\"SearchAction\",\"target\":{\"@type\":\"EntryPoint\",\"urlTemplate\":\"https:\/\/www.ignaciovalduerteles.es\/blog\/?s={search_term_string}\"},\"query-input\":\"required name=search_term_string\"}],\"inLanguage\":\"es\"},{\"@type\":\"WebPage\",\"@id\":\"https:\/\/www.ignaciovalduerteles.es\/blog\/articulos\/otros-articulos\/revista-empresarios-autonomos\/%c2%bfsolo-arriesgan-los-empresarios\/#webpage\",\"url\":\"https:\/\/www.ignaciovalduerteles.es\/blog\/articulos\/otros-articulos\/revista-empresarios-autonomos\/%c2%bfsolo-arriesgan-los-empresarios\/\",\"name\":\"\u00bfSolo arriesgan los empresarios? - Ignacio Valduerteles Bartos\",\"isPartOf\":{\"@id\":\"https:\/\/www.ignaciovalduerteles.es\/blog\/#website\"},\"datePublished\":\"2011-07-20T18:09:34+00:00\",\"dateModified\":\"2011-07-20T18:09:34+00:00\",\"description\":\"Blog personal de Ignacio Valdu\u00e9rteles, Dr. en Administraci\u00f3n y Direcci\u00f3n de Empresas y miembro destacado en la hermandad la Soledad de San Lorenzo, en Sevilla\",\"breadcrumb\":{\"@id\":\"https:\/\/www.ignaciovalduerteles.es\/blog\/articulos\/otros-articulos\/revista-empresarios-autonomos\/%c2%bfsolo-arriesgan-los-empresarios\/#breadcrumb\"},\"inLanguage\":\"es\",\"potentialAction\":[{\"@type\":\"ReadAction\",\"target\":[\"https:\/\/www.ignaciovalduerteles.es\/blog\/articulos\/otros-articulos\/revista-empresarios-autonomos\/%c2%bfsolo-arriesgan-los-empresarios\/\"]}]},{\"@type\":\"BreadcrumbList\",\"@id\":\"https:\/\/www.ignaciovalduerteles.es\/blog\/articulos\/otros-articulos\/revista-empresarios-autonomos\/%c2%bfsolo-arriesgan-los-empresarios\/#breadcrumb\",\"itemListElement\":[{\"@type\":\"ListItem\",\"position\":1,\"name\":\"Portada\",\"item\":\"https:\/\/www.ignaciovalduerteles.es\/blog\/\"},{\"@type\":\"ListItem\",\"position\":2,\"name\":\"Art\u00edculos\",\"item\":\"https:\/\/www.ignaciovalduerteles.es\/blog\/articulos\/\"},{\"@type\":\"ListItem\",\"position\":3,\"name\":\"Otros Art\u00edculos\",\"item\":\"https:\/\/www.ignaciovalduerteles.es\/blog\/articulos\/otros-articulos\/\"},{\"@type\":\"ListItem\",\"position\":4,\"name\":\"Revista Empresarios Aut\u00f3nomos\",\"item\":\"https:\/\/www.ignaciovalduerteles.es\/blog\/articulos\/otros-articulos\/revista-empresarios-autonomos\/\"},{\"@type\":\"ListItem\",\"position\":5,\"name\":\"\u00bfSolo arriesgan los empresarios?\"}]}]}<\/script>\n<!-- \/ Yoast SEO plugin. -->","yoast_head_json":{"title":"\u00bfSolo arriesgan los empresarios?  - Ignacio Valduerteles Bartos","description":"Blog personal de Ignacio Valdu\u00e9rteles, Dr. en Administraci\u00f3n y Direcci\u00f3n de Empresas y miembro destacado en la hermandad la Soledad de San Lorenzo, en Sevilla","robots":{"index":"index","follow":"follow","max-snippet":"max-snippet:-1","max-image-preview":"max-image-preview:large","max-video-preview":"max-video-preview:-1"},"canonical":"https:\/\/www.ignaciovalduerteles.es\/blog\/articulos\/otros-articulos\/revista-empresarios-autonomos\/\u00bfsolo-arriesgan-los-empresarios\/","og_locale":"es_ES","og_type":"article","og_title":"\u00bfSolo arriesgan los empresarios?  - Ignacio Valduerteles Bartos","og_description":"Blog personal de Ignacio Valdu\u00e9rteles, Dr. en Administraci\u00f3n y Direcci\u00f3n de Empresas y miembro destacado en la hermandad la Soledad de San Lorenzo, en Sevilla","og_url":"https:\/\/www.ignaciovalduerteles.es\/blog\/articulos\/otros-articulos\/revista-empresarios-autonomos\/\u00bfsolo-arriesgan-los-empresarios\/","og_site_name":"Ignacio Valduerteles Bartos","og_image":[{"width":1024,"height":292,"url":"https:\/\/www.ignaciovalduerteles.es\/blog\/wp-content\/uploads\/2022\/02\/banner1-1024x292.png","type":"image\/png"}],"twitter_card":"summary_large_image","twitter_misc":{"Tiempo de lectura":"3 minutos"},"schema":{"@context":"https:\/\/schema.org","@graph":[{"@type":["Person","Organization"],"@id":"https:\/\/www.ignaciovalduerteles.es\/blog\/#\/schema\/person\/c4ab4ed77f14e0141ba3dcd9c6f501d5","name":"Ignacio Valduerteles Bartos","image":{"@type":"ImageObject","inLanguage":"es","@id":"https:\/\/www.ignaciovalduerteles.es\/blog\/#\/schema\/person\/image\/","url":"https:\/\/www.ignaciovalduerteles.es\/blog\/wp-content\/uploads\/2022\/02\/cabecera-1024x390.png","contentUrl":"https:\/\/www.ignaciovalduerteles.es\/blog\/wp-content\/uploads\/2022\/02\/cabecera-1024x390.png","width":1024,"height":390,"caption":"Ignacio Valduerteles Bartos"},"logo":{"@id":"https:\/\/www.ignaciovalduerteles.es\/blog\/#\/schema\/person\/image\/"},"sameAs":["http:\/\/www.ivb.es"]},{"@type":"WebSite","@id":"https:\/\/www.ignaciovalduerteles.es\/blog\/#website","url":"https:\/\/www.ignaciovalduerteles.es\/blog\/","name":"Ignacio Valduerteles Bartos","description":"Reflexiones y art\u00edculos del Ignacio Valdu\u00e9rteles","publisher":{"@id":"https:\/\/www.ignaciovalduerteles.es\/blog\/#\/schema\/person\/c4ab4ed77f14e0141ba3dcd9c6f501d5"},"potentialAction":[{"@type":"SearchAction","target":{"@type":"EntryPoint","urlTemplate":"https:\/\/www.ignaciovalduerteles.es\/blog\/?s={search_term_string}"},"query-input":"required name=search_term_string"}],"inLanguage":"es"},{"@type":"WebPage","@id":"https:\/\/www.ignaciovalduerteles.es\/blog\/articulos\/otros-articulos\/revista-empresarios-autonomos\/%c2%bfsolo-arriesgan-los-empresarios\/#webpage","url":"https:\/\/www.ignaciovalduerteles.es\/blog\/articulos\/otros-articulos\/revista-empresarios-autonomos\/%c2%bfsolo-arriesgan-los-empresarios\/","name":"\u00bfSolo arriesgan los empresarios? - Ignacio Valduerteles Bartos","isPartOf":{"@id":"https:\/\/www.ignaciovalduerteles.es\/blog\/#website"},"datePublished":"2011-07-20T18:09:34+00:00","dateModified":"2011-07-20T18:09:34+00:00","description":"Blog personal de Ignacio Valdu\u00e9rteles, Dr. en Administraci\u00f3n y Direcci\u00f3n de Empresas y miembro destacado en la hermandad la Soledad de San Lorenzo, en Sevilla","breadcrumb":{"@id":"https:\/\/www.ignaciovalduerteles.es\/blog\/articulos\/otros-articulos\/revista-empresarios-autonomos\/%c2%bfsolo-arriesgan-los-empresarios\/#breadcrumb"},"inLanguage":"es","potentialAction":[{"@type":"ReadAction","target":["https:\/\/www.ignaciovalduerteles.es\/blog\/articulos\/otros-articulos\/revista-empresarios-autonomos\/%c2%bfsolo-arriesgan-los-empresarios\/"]}]},{"@type":"BreadcrumbList","@id":"https:\/\/www.ignaciovalduerteles.es\/blog\/articulos\/otros-articulos\/revista-empresarios-autonomos\/%c2%bfsolo-arriesgan-los-empresarios\/#breadcrumb","itemListElement":[{"@type":"ListItem","position":1,"name":"Portada","item":"https:\/\/www.ignaciovalduerteles.es\/blog\/"},{"@type":"ListItem","position":2,"name":"Art\u00edculos","item":"https:\/\/www.ignaciovalduerteles.es\/blog\/articulos\/"},{"@type":"ListItem","position":3,"name":"Otros Art\u00edculos","item":"https:\/\/www.ignaciovalduerteles.es\/blog\/articulos\/otros-articulos\/"},{"@type":"ListItem","position":4,"name":"Revista Empresarios Aut\u00f3nomos","item":"https:\/\/www.ignaciovalduerteles.es\/blog\/articulos\/otros-articulos\/revista-empresarios-autonomos\/"},{"@type":"ListItem","position":5,"name":"\u00bfSolo arriesgan los empresarios?"}]}]}},"_links":{"self":[{"href":"https:\/\/www.ignaciovalduerteles.es\/blog\/wp-json\/wp\/v2\/pages\/418"}],"collection":[{"href":"https:\/\/www.ignaciovalduerteles.es\/blog\/wp-json\/wp\/v2\/pages"}],"about":[{"href":"https:\/\/www.ignaciovalduerteles.es\/blog\/wp-json\/wp\/v2\/types\/page"}],"author":[{"embeddable":true,"href":"https:\/\/www.ignaciovalduerteles.es\/blog\/wp-json\/wp\/v2\/users\/1"}],"replies":[{"embeddable":true,"href":"https:\/\/www.ignaciovalduerteles.es\/blog\/wp-json\/wp\/v2\/comments?post=418"}],"version-history":[{"count":1,"href":"https:\/\/www.ignaciovalduerteles.es\/blog\/wp-json\/wp\/v2\/pages\/418\/revisions"}],"predecessor-version":[{"id":419,"href":"https:\/\/www.ignaciovalduerteles.es\/blog\/wp-json\/wp\/v2\/pages\/418\/revisions\/419"}],"up":[{"embeddable":true,"href":"https:\/\/www.ignaciovalduerteles.es\/blog\/wp-json\/wp\/v2\/pages\/72"}],"wp:attachment":[{"href":"https:\/\/www.ignaciovalduerteles.es\/blog\/wp-json\/wp\/v2\/media?parent=418"}],"curies":[{"name":"wp","href":"https:\/\/api.w.org\/{rel}","templated":true}]}}