{"id":425,"date":"2011-07-20T18:13:42","date_gmt":"2011-07-20T18:13:42","guid":{"rendered":"http:\/\/www.guadaoliva.comlu.com\/blog\/?page_id=425"},"modified":"2011-07-20T18:13:42","modified_gmt":"2011-07-20T18:13:42","slug":"humildad-empresarial","status":"publish","type":"page","link":"https:\/\/www.ignaciovalduerteles.es\/blog\/articulos\/otros-articulos\/revista-empresarios-autonomos\/humildad-empresarial\/","title":{"rendered":"Humildad Empresarial"},"content":{"rendered":"<p style=\"text-align: justify;\"><span style=\"color: #000080;\">Reconozco que el t\u00edtulo puede resultar poco atractivo; pero es el que hay, porque de eso tratan estas l\u00edneas. Siempre se identifica al empresario como un personaje agresivo, seguro de s\u00ed mismo, con capacidad de liderazgo, venciendo en los desaf\u00edos que se le presentan cada d\u00eda, y muchas m\u00e1s cualidades de este tipo. Parece que ese imagen casa mal con lo de la humildad, que se asocia con apocamiento, conformismo, falta de iniciativa y, si me apuran, hasta con un aspecto f\u00edsico poco atractivo y triste.<\/span><\/p>\n<p style=\"text-align: justify;\"><span style=\"color: #000080;\">Bueno, pues los dos estereotipos son falsos. La vida del empresario, como la de cualquier persona, est\u00e1 hecha de luces y sombras, de \u00e9xitos y fracasos, de momentos de lucimiento y horas de trabajo escondido y mon\u00f3tono. Pasa como con los atletas, ahora que tenemos recientes las olimpiadas. Detr\u00e1s de la gloria de cada medalla hay muchas horas de entrenamiento y una vida muy sacrificada. A\u00fan m\u00e1s, s\u00f3lo tres, de cada grupo de aspirantes, consegu\u00edan medalla. \u00bfY los otros?, pues a seguir entrenando e intentarlo de nuevo.<\/span><\/p>\n<p style=\"text-align: justify;\"><span style=\"color: #000080;\">Empecemos por ponernos de acuerdo sobre los t\u00e9rminos que estamos manejando. La persona humilde no es la apocada y sin empuje, sino la que reconoce cu\u00e1les son sus defectos o carencias y cu\u00e1les sus capacidades y cualidades y, a partir de ese conocimiento, trata de hacer las cosas cada d\u00eda un poco mejor.<\/span><\/p>\n<p style=\"text-align: justify;\"><span style=\"color: #000080;\">A partir de los treinta a\u00f1os una persona que no sea consciente de sus cualidades y de sus carencias y procure apoyarse en aquellas para tratar de minimizar \u00e9stas, es un insensato. El d\u00eda a d\u00eda de un empresario no se mide por sus \u00e9xitos, sino por su capacidad de ponderaci\u00f3n, esto es: por su capacidad de reflexionar sobre los acontecimientos de cada d\u00eda.<\/span><\/p>\n<p style=\"text-align: justify;\"><span style=\"color: #000080;\">\u00a0Cuando alguno dice. \u201cYo tengo mucha experiencia\u201d, habr\u00eda que comentarle: \u201cNo, t\u00fa no tienes experiencia. A ti te han pasado muchas cosas, que es distinto; pero no has aprendido nada de ellas porque has sido incapaz de reflexionar sobre las mismas\u201d. Es precisamente esa actitud de estar dispuesto cada d\u00eda a analizar para mejorar en lo que sea preciso; de saber pedir ayuda cuando sea necesario; de aceptar los fracasos personales, sin tratar de transferir a otros las causas de nuestros errores; de volver a intentarlo, una vez aprendida la peque\u00f1a o gran lecci\u00f3n. Es esa actitud, repito, la que lleva a un empresario \u2013en realidad a cualquiera- a ir avanzando sobre sus \u00e9xitos y fracasos. A ir construyendo cada d\u00eda su vida.<\/span><\/p>\n<p style=\"text-align: justify;\"><span style=\"color: #000080;\">Hay dos clases de personas: aquellas a las que el fracaso les paraliza y las que, por el contrario, aprenden en la adversidad. En otras palabras: aquellas a las que el dolor les quita la libertad y quienes, precisamente en la adversidad, desarrollan su libertad, su capacidad de elegir y de asumir las consecuencias de su decisi\u00f3n. No es problema de genes, se trata de reconocer que no somos infalibles, sino limitados y que los peque\u00f1os o grandes errores que cometamos son consustanciales con la naturaleza humana. Frente a esta evidencia hay quien se rebela y va de v\u00edctima y hay quien los asume con serena eficacia, sin buscar culpables sino la mejora personal y, consecuentemente, la de su empresa.<\/span><\/p>\n<p style=\"text-align: justify;\"><span style=\"color: #000080;\">La figura del \u201cempresario brillante\u201d que, a veces, dibujan los medios de comunicaci\u00f3n, no es m\u00e1s que una caricatura de los aut\u00e9nticos empresarios. Los que se esfuerzan en ser cada d\u00eda m\u00e1s eficientes, m\u00e1s libres, mejores personas. A partir de aqu\u00ed es cuando hay que empezar a preocuparse de la productividad, los vencimientos, la cartera de clientes y los impagados. Pero de eso hablaremos otro d\u00eda.<\/span><\/p>\n<p>&nbsp;<\/p>\n","protected":false},"excerpt":{"rendered":"<p>Reconozco que el t\u00edtulo puede resultar poco atractivo; pero es el que hay, porque de eso tratan estas l\u00edneas. Siempre se identifica al empresario como un personaje agresivo, seguro de s\u00ed mismo, con capacidad de liderazgo, venciendo en los desaf\u00edos &hellip; <a href=\"https:\/\/www.ignaciovalduerteles.es\/blog\/articulos\/otros-articulos\/revista-empresarios-autonomos\/humildad-empresarial\/\">Continuar<\/a><\/p>\n","protected":false},"author":1,"featured_media":0,"parent":72,"menu_order":0,"comment_status":"open","ping_status":"open","template":"sidebar-page.php","meta":{"kt_blocks_editor_width":""},"yoast_head":"<!-- This site is optimized with the Yoast SEO plugin v19.0 - https:\/\/yoast.com\/wordpress\/plugins\/seo\/ -->\n<title>Humildad Empresarial  - Ignacio Valduerteles Bartos<\/title>\n<meta name=\"description\" content=\"Blog personal de Ignacio Valdu\u00e9rteles, Dr. en Administraci\u00f3n y Direcci\u00f3n de Empresas y miembro destacado en la hermandad la Soledad de San Lorenzo, en Sevilla\" \/>\n<meta name=\"robots\" content=\"index, follow, max-snippet:-1, max-image-preview:large, max-video-preview:-1\" \/>\n<link rel=\"canonical\" href=\"https:\/\/www.ignaciovalduerteles.es\/blog\/articulos\/otros-articulos\/revista-empresarios-autonomos\/humildad-empresarial\/\" \/>\n<meta property=\"og:locale\" content=\"es_ES\" \/>\n<meta property=\"og:type\" content=\"article\" \/>\n<meta property=\"og:title\" content=\"Humildad Empresarial  - Ignacio Valduerteles Bartos\" \/>\n<meta property=\"og:description\" content=\"Blog personal de Ignacio Valdu\u00e9rteles, Dr. en Administraci\u00f3n y Direcci\u00f3n de Empresas y miembro destacado en la hermandad la Soledad de San Lorenzo, en Sevilla\" \/>\n<meta property=\"og:url\" content=\"https:\/\/www.ignaciovalduerteles.es\/blog\/articulos\/otros-articulos\/revista-empresarios-autonomos\/humildad-empresarial\/\" \/>\n<meta property=\"og:site_name\" content=\"Ignacio Valduerteles Bartos\" \/>\n<meta property=\"og:image\" content=\"https:\/\/www.ignaciovalduerteles.es\/blog\/wp-content\/uploads\/2022\/02\/banner1-1024x292.png\" \/>\n\t<meta property=\"og:image:width\" content=\"1024\" \/>\n\t<meta property=\"og:image:height\" content=\"292\" \/>\n\t<meta property=\"og:image:type\" content=\"image\/png\" \/>\n<meta name=\"twitter:card\" content=\"summary_large_image\" \/>\n<meta name=\"twitter:label1\" content=\"Tiempo de lectura\" \/>\n\t<meta name=\"twitter:data1\" content=\"3 minutos\" \/>\n<script type=\"application\/ld+json\" class=\"yoast-schema-graph\">{\"@context\":\"https:\/\/schema.org\",\"@graph\":[{\"@type\":[\"Person\",\"Organization\"],\"@id\":\"https:\/\/www.ignaciovalduerteles.es\/blog\/#\/schema\/person\/c4ab4ed77f14e0141ba3dcd9c6f501d5\",\"name\":\"Ignacio Valduerteles Bartos\",\"image\":{\"@type\":\"ImageObject\",\"inLanguage\":\"es\",\"@id\":\"https:\/\/www.ignaciovalduerteles.es\/blog\/#\/schema\/person\/image\/\",\"url\":\"https:\/\/www.ignaciovalduerteles.es\/blog\/wp-content\/uploads\/2022\/02\/cabecera-1024x390.png\",\"contentUrl\":\"https:\/\/www.ignaciovalduerteles.es\/blog\/wp-content\/uploads\/2022\/02\/cabecera-1024x390.png\",\"width\":1024,\"height\":390,\"caption\":\"Ignacio Valduerteles Bartos\"},\"logo\":{\"@id\":\"https:\/\/www.ignaciovalduerteles.es\/blog\/#\/schema\/person\/image\/\"},\"sameAs\":[\"http:\/\/www.ivb.es\"]},{\"@type\":\"WebSite\",\"@id\":\"https:\/\/www.ignaciovalduerteles.es\/blog\/#website\",\"url\":\"https:\/\/www.ignaciovalduerteles.es\/blog\/\",\"name\":\"Ignacio Valduerteles Bartos\",\"description\":\"Reflexiones y art\u00edculos del Ignacio Valdu\u00e9rteles\",\"publisher\":{\"@id\":\"https:\/\/www.ignaciovalduerteles.es\/blog\/#\/schema\/person\/c4ab4ed77f14e0141ba3dcd9c6f501d5\"},\"potentialAction\":[{\"@type\":\"SearchAction\",\"target\":{\"@type\":\"EntryPoint\",\"urlTemplate\":\"https:\/\/www.ignaciovalduerteles.es\/blog\/?s={search_term_string}\"},\"query-input\":\"required name=search_term_string\"}],\"inLanguage\":\"es\"},{\"@type\":\"WebPage\",\"@id\":\"https:\/\/www.ignaciovalduerteles.es\/blog\/articulos\/otros-articulos\/revista-empresarios-autonomos\/humildad-empresarial\/#webpage\",\"url\":\"https:\/\/www.ignaciovalduerteles.es\/blog\/articulos\/otros-articulos\/revista-empresarios-autonomos\/humildad-empresarial\/\",\"name\":\"Humildad Empresarial - Ignacio Valduerteles Bartos\",\"isPartOf\":{\"@id\":\"https:\/\/www.ignaciovalduerteles.es\/blog\/#website\"},\"datePublished\":\"2011-07-20T18:13:42+00:00\",\"dateModified\":\"2011-07-20T18:13:42+00:00\",\"description\":\"Blog personal de Ignacio Valdu\u00e9rteles, Dr. en Administraci\u00f3n y Direcci\u00f3n de Empresas y miembro destacado en la hermandad la Soledad de San Lorenzo, en Sevilla\",\"breadcrumb\":{\"@id\":\"https:\/\/www.ignaciovalduerteles.es\/blog\/articulos\/otros-articulos\/revista-empresarios-autonomos\/humildad-empresarial\/#breadcrumb\"},\"inLanguage\":\"es\",\"potentialAction\":[{\"@type\":\"ReadAction\",\"target\":[\"https:\/\/www.ignaciovalduerteles.es\/blog\/articulos\/otros-articulos\/revista-empresarios-autonomos\/humildad-empresarial\/\"]}]},{\"@type\":\"BreadcrumbList\",\"@id\":\"https:\/\/www.ignaciovalduerteles.es\/blog\/articulos\/otros-articulos\/revista-empresarios-autonomos\/humildad-empresarial\/#breadcrumb\",\"itemListElement\":[{\"@type\":\"ListItem\",\"position\":1,\"name\":\"Portada\",\"item\":\"https:\/\/www.ignaciovalduerteles.es\/blog\/\"},{\"@type\":\"ListItem\",\"position\":2,\"name\":\"Art\u00edculos\",\"item\":\"https:\/\/www.ignaciovalduerteles.es\/blog\/articulos\/\"},{\"@type\":\"ListItem\",\"position\":3,\"name\":\"Otros Art\u00edculos\",\"item\":\"https:\/\/www.ignaciovalduerteles.es\/blog\/articulos\/otros-articulos\/\"},{\"@type\":\"ListItem\",\"position\":4,\"name\":\"Revista Empresarios Aut\u00f3nomos\",\"item\":\"https:\/\/www.ignaciovalduerteles.es\/blog\/articulos\/otros-articulos\/revista-empresarios-autonomos\/\"},{\"@type\":\"ListItem\",\"position\":5,\"name\":\"Humildad Empresarial\"}]}]}<\/script>\n<!-- \/ Yoast SEO plugin. -->","yoast_head_json":{"title":"Humildad Empresarial  - Ignacio Valduerteles Bartos","description":"Blog personal de Ignacio Valdu\u00e9rteles, Dr. en Administraci\u00f3n y Direcci\u00f3n de Empresas y miembro destacado en la hermandad la Soledad de San Lorenzo, en Sevilla","robots":{"index":"index","follow":"follow","max-snippet":"max-snippet:-1","max-image-preview":"max-image-preview:large","max-video-preview":"max-video-preview:-1"},"canonical":"https:\/\/www.ignaciovalduerteles.es\/blog\/articulos\/otros-articulos\/revista-empresarios-autonomos\/humildad-empresarial\/","og_locale":"es_ES","og_type":"article","og_title":"Humildad Empresarial  - Ignacio Valduerteles Bartos","og_description":"Blog personal de Ignacio Valdu\u00e9rteles, Dr. en Administraci\u00f3n y Direcci\u00f3n de Empresas y miembro destacado en la hermandad la Soledad de San Lorenzo, en Sevilla","og_url":"https:\/\/www.ignaciovalduerteles.es\/blog\/articulos\/otros-articulos\/revista-empresarios-autonomos\/humildad-empresarial\/","og_site_name":"Ignacio Valduerteles Bartos","og_image":[{"width":1024,"height":292,"url":"https:\/\/www.ignaciovalduerteles.es\/blog\/wp-content\/uploads\/2022\/02\/banner1-1024x292.png","type":"image\/png"}],"twitter_card":"summary_large_image","twitter_misc":{"Tiempo de lectura":"3 minutos"},"schema":{"@context":"https:\/\/schema.org","@graph":[{"@type":["Person","Organization"],"@id":"https:\/\/www.ignaciovalduerteles.es\/blog\/#\/schema\/person\/c4ab4ed77f14e0141ba3dcd9c6f501d5","name":"Ignacio Valduerteles Bartos","image":{"@type":"ImageObject","inLanguage":"es","@id":"https:\/\/www.ignaciovalduerteles.es\/blog\/#\/schema\/person\/image\/","url":"https:\/\/www.ignaciovalduerteles.es\/blog\/wp-content\/uploads\/2022\/02\/cabecera-1024x390.png","contentUrl":"https:\/\/www.ignaciovalduerteles.es\/blog\/wp-content\/uploads\/2022\/02\/cabecera-1024x390.png","width":1024,"height":390,"caption":"Ignacio Valduerteles Bartos"},"logo":{"@id":"https:\/\/www.ignaciovalduerteles.es\/blog\/#\/schema\/person\/image\/"},"sameAs":["http:\/\/www.ivb.es"]},{"@type":"WebSite","@id":"https:\/\/www.ignaciovalduerteles.es\/blog\/#website","url":"https:\/\/www.ignaciovalduerteles.es\/blog\/","name":"Ignacio Valduerteles Bartos","description":"Reflexiones y art\u00edculos del Ignacio Valdu\u00e9rteles","publisher":{"@id":"https:\/\/www.ignaciovalduerteles.es\/blog\/#\/schema\/person\/c4ab4ed77f14e0141ba3dcd9c6f501d5"},"potentialAction":[{"@type":"SearchAction","target":{"@type":"EntryPoint","urlTemplate":"https:\/\/www.ignaciovalduerteles.es\/blog\/?s={search_term_string}"},"query-input":"required name=search_term_string"}],"inLanguage":"es"},{"@type":"WebPage","@id":"https:\/\/www.ignaciovalduerteles.es\/blog\/articulos\/otros-articulos\/revista-empresarios-autonomos\/humildad-empresarial\/#webpage","url":"https:\/\/www.ignaciovalduerteles.es\/blog\/articulos\/otros-articulos\/revista-empresarios-autonomos\/humildad-empresarial\/","name":"Humildad Empresarial - Ignacio Valduerteles Bartos","isPartOf":{"@id":"https:\/\/www.ignaciovalduerteles.es\/blog\/#website"},"datePublished":"2011-07-20T18:13:42+00:00","dateModified":"2011-07-20T18:13:42+00:00","description":"Blog personal de Ignacio Valdu\u00e9rteles, Dr. en Administraci\u00f3n y Direcci\u00f3n de Empresas y miembro destacado en la hermandad la Soledad de San Lorenzo, en Sevilla","breadcrumb":{"@id":"https:\/\/www.ignaciovalduerteles.es\/blog\/articulos\/otros-articulos\/revista-empresarios-autonomos\/humildad-empresarial\/#breadcrumb"},"inLanguage":"es","potentialAction":[{"@type":"ReadAction","target":["https:\/\/www.ignaciovalduerteles.es\/blog\/articulos\/otros-articulos\/revista-empresarios-autonomos\/humildad-empresarial\/"]}]},{"@type":"BreadcrumbList","@id":"https:\/\/www.ignaciovalduerteles.es\/blog\/articulos\/otros-articulos\/revista-empresarios-autonomos\/humildad-empresarial\/#breadcrumb","itemListElement":[{"@type":"ListItem","position":1,"name":"Portada","item":"https:\/\/www.ignaciovalduerteles.es\/blog\/"},{"@type":"ListItem","position":2,"name":"Art\u00edculos","item":"https:\/\/www.ignaciovalduerteles.es\/blog\/articulos\/"},{"@type":"ListItem","position":3,"name":"Otros Art\u00edculos","item":"https:\/\/www.ignaciovalduerteles.es\/blog\/articulos\/otros-articulos\/"},{"@type":"ListItem","position":4,"name":"Revista Empresarios Aut\u00f3nomos","item":"https:\/\/www.ignaciovalduerteles.es\/blog\/articulos\/otros-articulos\/revista-empresarios-autonomos\/"},{"@type":"ListItem","position":5,"name":"Humildad Empresarial"}]}]}},"_links":{"self":[{"href":"https:\/\/www.ignaciovalduerteles.es\/blog\/wp-json\/wp\/v2\/pages\/425"}],"collection":[{"href":"https:\/\/www.ignaciovalduerteles.es\/blog\/wp-json\/wp\/v2\/pages"}],"about":[{"href":"https:\/\/www.ignaciovalduerteles.es\/blog\/wp-json\/wp\/v2\/types\/page"}],"author":[{"embeddable":true,"href":"https:\/\/www.ignaciovalduerteles.es\/blog\/wp-json\/wp\/v2\/users\/1"}],"replies":[{"embeddable":true,"href":"https:\/\/www.ignaciovalduerteles.es\/blog\/wp-json\/wp\/v2\/comments?post=425"}],"version-history":[{"count":1,"href":"https:\/\/www.ignaciovalduerteles.es\/blog\/wp-json\/wp\/v2\/pages\/425\/revisions"}],"predecessor-version":[{"id":426,"href":"https:\/\/www.ignaciovalduerteles.es\/blog\/wp-json\/wp\/v2\/pages\/425\/revisions\/426"}],"up":[{"embeddable":true,"href":"https:\/\/www.ignaciovalduerteles.es\/blog\/wp-json\/wp\/v2\/pages\/72"}],"wp:attachment":[{"href":"https:\/\/www.ignaciovalduerteles.es\/blog\/wp-json\/wp\/v2\/media?parent=425"}],"curies":[{"name":"wp","href":"https:\/\/api.w.org\/{rel}","templated":true}]}}